{"id":1340,"date":"2023-01-03T15:52:35","date_gmt":"2023-01-03T14:52:35","guid":{"rendered":"https:\/\/www.ewigerbund.org\/verfassungsrecht\/?page_id=1340"},"modified":"2024-07-11T18:11:27","modified_gmt":"2024-07-11T16:11:27","slug":"literatur","status":"publish","type":"page","link":"https:\/\/www.ewigerbund.org\/verfassungsrecht\/kriegszustand\/literatur\/","title":{"rendered":"Literatur."},"content":{"rendered":"\n<p><strong>Literatur \u00fcber den Kriegs- und Belagerungszustand<\/strong> ist schwer zu beschaffen und das sicher nicht ohne Grund &#8211; schlie\u00dflich wird hierin der gegenw\u00e4rtige Rechtszustand des ewigen Bundes geschildert.<\/p>\n\n\n\n<div style=\"height:40px\" aria-hidden=\"true\" class=\"wp-block-spacer\"><\/div>\n\n\n\n<div class=\"wp-block-columns is-layout-flex wp-container-core-columns-is-layout-1 wp-block-columns-is-layout-flex\">\n<div class=\"wp-block-column is-vertically-aligned-center cat-box-border-waldgruen is-layout-flow wp-block-column-is-layout-flow\" style=\"flex-basis:33.33%\"><div class=\"wp-block-image\">\n<figure class=\"aligncenter is-resized\"><a href=\"https:\/\/bibliothek.ewigerbund.org\/?rcno_review=laband-paul-das-staatsrecht-des-deutschen-reiches-band-4-1914-5te-auflage\" rel=\"Laband - Staatsrecht des Deutschen Reiches\"><img loading=\"lazy\" decoding=\"async\" width=\"348\" height=\"500\" src=\"https:\/\/www.ewigerbund.org\/verfassungsrecht\/wp-content\/uploads\/sites\/10\/2023\/02\/Laband-Band4-1914.jpg\" alt=\"\" class=\"wp-image-2137\" style=\"width:174px;height:250px\" srcset=\"https:\/\/www.ewigerbund.org\/verfassungsrecht\/wp-content\/uploads\/sites\/10\/2023\/02\/Laband-Band4-1914.jpg 348w, https:\/\/www.ewigerbund.org\/verfassungsrecht\/wp-content\/uploads\/sites\/10\/2023\/02\/Laband-Band4-1914-209x300.jpg 209w\" sizes=\"auto, (max-width: 348px) 100vw, 348px\" \/><\/a><\/figure><\/div><\/div>\n\n\n\n<div class=\"wp-block-column is-vertically-aligned-top is-layout-flow wp-block-column-is-layout-flow\" style=\"flex-basis:66.66%\">\n<h2 class=\"gb-headline gb-headline-5eec31da gb-headline-text\">Auszug &#8222;Kriegs- und Belagerungszustand&#8220;<\/h2>\n\n\n\n<p>aus Paul Laband &#8211; <a href=\"https:\/\/staatsbibliothek.ewigerbund.org\/viewer\/image\/laband_staatsrecht_4\/1\/LOG_0003\/\" target=\"_blank\" rel=\"noreferrer noopener\">Das Staatsrecht des Deutschen Reiches<\/a>, Band 4, f\u00fcnfte Auflage aus dem Jahr 1914.<br><a href=\"https:\/\/staatsbibliothek.ewigerbund.org\/viewer\/image\/laband_staatsrecht_4\/1\/LOG_0003\/\" target=\"_blank\" rel=\"noreferrer noopener\">Belagerungszustand (Auszug aus Laband &#8211; Das Staatsrecht des Deutschen Reiches Bd4 5teAufl)<\/a><\/p>\n<\/div>\n<\/div>\n\n\n\n<hr class=\"wp-block-separator has-text-color has-cyan-bluish-gray-color has-alpha-channel-opacity has-cyan-bluish-gray-background-color has-background is-style-dots\"\/>\n\n\n\n<div class=\"wp-block-columns is-layout-flex wp-container-core-columns-is-layout-2 wp-block-columns-is-layout-flex\">\n<div class=\"wp-block-column is-vertically-aligned-center cat-box-border-waldgruen is-layout-flow wp-block-column-is-layout-flow\" style=\"flex-basis:33.33%\"><div class=\"wp-block-image\">\n<figure class=\"aligncenter size-full is-resized\"><a href=\"https:\/\/bibliothek.ewigerbund.org\/?rcno_review=der-belagerungszustand-im-deutschen-reiche-und-dessen-gliedstaaten\" target=\"_blank\" rel=\"Buecher - Der Belagerungszustand im Deutschen Reich noopener\"><img loading=\"lazy\" decoding=\"async\" width=\"348\" height=\"500\" src=\"https:\/\/www.ewigerbund.org\/verfassungsrecht\/wp-content\/uploads\/sites\/10\/2023\/02\/Belagerungszustand-Buecher-1909.jpg\" alt=\"\" class=\"wp-image-2134\" style=\"width:174px;height:250px\" srcset=\"https:\/\/www.ewigerbund.org\/verfassungsrecht\/wp-content\/uploads\/sites\/10\/2023\/02\/Belagerungszustand-Buecher-1909.jpg 348w, https:\/\/www.ewigerbund.org\/verfassungsrecht\/wp-content\/uploads\/sites\/10\/2023\/02\/Belagerungszustand-Buecher-1909-209x300.jpg 209w\" sizes=\"auto, (max-width: 348px) 100vw, 348px\" \/><\/a><\/figure><\/div><\/div>\n\n\n\n<div class=\"wp-block-column is-vertically-aligned-top is-layout-flow wp-block-column-is-layout-flow\" style=\"flex-basis:66.66%\">\n<h2 class=\"gb-headline gb-headline-ebe05e35 gb-headline-text\">Der Belagerungszustand im Deutschen Reich und dessen Gliedstaaten, <\/h2>\n\n\n\n<p>insbes. die Zust\u00e4ndigkeit zu seiner Verh\u00e4ngung.<br>Friedrich B\u00fccher. Inaugural Dissertation. Leipzig 1909.<br><a href=\"https:\/\/staatsbibliothek.ewigerbund.org\/viewer\/image\/buecher_belagerungszustand_1909\/1\/LOG_0000\/\" target=\"_blank\" rel=\"noreferrer noopener\">Buecher &#8211; Der Belagerungszustand im Deutschen Reich<\/a><\/p>\n<\/div>\n<\/div>\n\n\n\n<hr class=\"wp-block-separator has-text-color has-cyan-bluish-gray-color has-alpha-channel-opacity has-cyan-bluish-gray-background-color has-background is-style-dots\"\/>\n\n\n\n<div class=\"wp-block-columns is-layout-flex wp-container-core-columns-is-layout-3 wp-block-columns-is-layout-flex\">\n<div class=\"wp-block-column is-vertically-aligned-center cat-box-border-waldgruen is-layout-flow wp-block-column-is-layout-flow\" style=\"flex-basis:33.33%\"><div class=\"wp-block-image\">\n<figure class=\"aligncenter size-full is-resized\"><img loading=\"lazy\" decoding=\"async\" width=\"348\" height=\"501\" src=\"https:\/\/www.ewigerbund.org\/verfassungsrecht\/wp-content\/uploads\/sites\/10\/2023\/02\/Belagerungszustand-Rieger-1916.jpg\" alt=\"\" class=\"wp-image-2136\" style=\"width:174px;height:251px\" srcset=\"https:\/\/www.ewigerbund.org\/verfassungsrecht\/wp-content\/uploads\/sites\/10\/2023\/02\/Belagerungszustand-Rieger-1916.jpg 348w, https:\/\/www.ewigerbund.org\/verfassungsrecht\/wp-content\/uploads\/sites\/10\/2023\/02\/Belagerungszustand-Rieger-1916-208x300.jpg 208w\" sizes=\"auto, (max-width: 348px) 100vw, 348px\" \/><\/figure><\/div><\/div>\n\n\n\n<div class=\"wp-block-column is-vertically-aligned-top is-layout-flow wp-block-column-is-layout-flow\" style=\"flex-basis:66.66%\">\n<h2 class=\"gb-headline gb-headline-5c343768 gb-headline-text\">Der Belagerungszustand insbesondere in seiner Bedeutung f\u00fcr Strafrecht und Strafprozess.<\/h2>\n\n\n\n<p>Walter Rieger. Inaugural Dissertation. G\u00f6ttingen 1916.<br><a href=\"https:\/\/staatsbibliothek.ewigerbund.org\/viewer\/image\/rieger_belagerungszustand_1916\/1\/LOG_0000\/\" target=\"_blank\" rel=\"noreferrer noopener\">Rieger &#8211; Belagerungszustand &#8211; Strafrecht &#8211; Strafprozess<\/a><\/p>\n<\/div>\n<\/div>\n\n\n\n<hr class=\"wp-block-separator has-text-color has-cyan-bluish-gray-color has-alpha-channel-opacity has-cyan-bluish-gray-background-color has-background is-style-dots\"\/>\n\n\n\n<div class=\"wp-block-columns is-layout-flex wp-container-core-columns-is-layout-4 wp-block-columns-is-layout-flex\">\n<div class=\"wp-block-column is-vertically-aligned-center cat-box-border-waldgruen is-layout-flow wp-block-column-is-layout-flow\" style=\"flex-basis:33.33%\"><div class=\"wp-block-image\">\n<figure class=\"aligncenter size-full is-resized\"><a href=\"https:\/\/bibliothek.ewigerbund.org\/?rcno_review=das-verordnungsrecht-der-kommandierenden-generale-und-festungskommandanten\" target=\"_blank\" rel=\"Verordnungsrecht 1917 noopener\"><img loading=\"lazy\" decoding=\"async\" width=\"348\" height=\"500\" src=\"https:\/\/www.ewigerbund.org\/verfassungsrecht\/wp-content\/uploads\/sites\/10\/2023\/02\/Verordnungsrecht-1851.jpg\" alt=\"\" class=\"wp-image-2138\" style=\"width:174px;height:250px\" srcset=\"https:\/\/www.ewigerbund.org\/verfassungsrecht\/wp-content\/uploads\/sites\/10\/2023\/02\/Verordnungsrecht-1851.jpg 348w, https:\/\/www.ewigerbund.org\/verfassungsrecht\/wp-content\/uploads\/sites\/10\/2023\/02\/Verordnungsrecht-1851-209x300.jpg 209w\" sizes=\"auto, (max-width: 348px) 100vw, 348px\" \/><\/a><\/figure><\/div><\/div>\n\n\n\n<div class=\"wp-block-column is-vertically-aligned-top is-layout-flow wp-block-column-is-layout-flow\" style=\"flex-basis:66.66%\">\n<h2 class=\"gb-headline gb-headline-d45b50fc gb-headline-text\">Das Verordnungsrecht der Kommandierenden Generale und Festungskommandanten.<\/h2>\n\n\n\n<p>M\u00fcnster Wilhelm Dr. jur. R. v. Decker &#8211; Berlin. 1917.<br><a href=\"https:\/\/staatsbibliothek.ewigerbund.org\/viewer\/image\/muenster_verordnungsrecht_1917\/1\/LOG_0000\/\" target=\"_blank\" rel=\"noreferrer noopener\">Das Verordnungsrecht<\/a><\/p>\n<\/div>\n<\/div>\n","protected":false},"excerpt":{"rendered":"<p>Literatur \u00fcber den Kriegs- und Belagerungszustand ist schwer zu beschaffen und das sicher nicht ohne Grund &#8211; schlie\u00dflich wird hierin der gegenw\u00e4rtige Rechtszustand des ewigen Bundes geschildert. Auszug &#8222;Kriegs- und Belagerungszustand&#8220; aus Paul Laband &#8211; Das Staatsrecht des Deutschen Reiches, Band 4, f\u00fcnfte Auflage aus dem Jahr 1914.Belagerungszustand (Auszug aus Laband &#8211; Das Staatsrecht des &#8230; <a title=\"Literatur.\" class=\"read-more\" href=\"https:\/\/www.ewigerbund.org\/verfassungsrecht\/kriegszustand\/literatur\/\" aria-label=\"Mehr zu Literatur.\">Weiterlesen &#8230;<\/a><\/p>\n","protected":false},"author":8,"featured_media":1792,"parent":1330,"menu_order":0,"comment_status":"closed","ping_status":"closed","template":"template-6-beide-seitenleiste.php","meta":{"footnotes":""},"categories":[78],"tags":[],"class_list":["post-1340","page","type-page","status-publish","has-post-thumbnail","hentry","category-belagerungszustand"],"yoast_head":"<!-- This site is optimized with the Yoast SEO plugin v23.1 - https:\/\/yoast.com\/wordpress\/plugins\/seo\/ -->\n<title>Verfassungsrecht im ewigen Bund. - Literatur.<\/title>\n<meta name=\"robots\" content=\"index, follow, max-snippet:-1, max-image-preview:large, max-video-preview:-1\" \/>\n<link rel=\"canonical\" href=\"https:\/\/www.ewigerbund.org\/verfassungsrecht\/kriegszustand\/literatur\/\" \/>\n<meta property=\"og:locale\" content=\"de_DE\" \/>\n<meta property=\"og:type\" content=\"article\" \/>\n<meta property=\"og:title\" content=\"Verfassungsrecht im ewigen Bund. - Literatur.\" \/>\n<meta property=\"og:description\" content=\"Literatur \u00fcber den Kriegs- und Belagerungszustand ist schwer zu beschaffen und das sicher nicht ohne Grund &#8211; schlie\u00dflich wird hierin der gegenw\u00e4rtige Rechtszustand des ewigen Bundes geschildert. Auszug &#8222;Kriegs- und Belagerungszustand&#8220; aus Paul Laband &#8211; Das Staatsrecht des Deutschen Reiches, Band 4, f\u00fcnfte Auflage aus dem Jahr 1914.Belagerungszustand (Auszug aus Laband &#8211; Das Staatsrecht des ... Weiterlesen ...\" \/>\n<meta property=\"og:url\" content=\"https:\/\/www.ewigerbund.org\/verfassungsrecht\/kriegszustand\/literatur\/\" \/>\n<meta property=\"og:site_name\" content=\"Verfassungsrecht\" \/>\n<meta property=\"article:modified_time\" content=\"2024-07-11T16:11:27+00:00\" \/>\n<meta property=\"og:image\" content=\"https:\/\/www.ewigerbund.org\/verfassungsrecht\/wp-content\/uploads\/sites\/10\/2023\/01\/EB-Verfassungsrecht-Literatur.jpg\" \/>\n\t<meta property=\"og:image:width\" content=\"1748\" \/>\n\t<meta property=\"og:image:height\" content=\"994\" \/>\n\t<meta property=\"og:image:type\" content=\"image\/jpeg\" \/>\n<meta name=\"twitter:card\" content=\"summary_large_image\" \/>\n<meta name=\"twitter:label1\" content=\"Gesch\u00e4tzte Lesezeit\" \/>\n\t<meta name=\"twitter:data1\" content=\"2\u00a0Minuten\" \/>\n<script type=\"application\/ld+json\" class=\"yoast-schema-graph\">{\"@context\":\"https:\/\/schema.org\",\"@graph\":[{\"@type\":\"WebPage\",\"@id\":\"https:\/\/www.ewigerbund.org\/verfassungsrecht\/kriegszustand\/literatur\/\",\"url\":\"https:\/\/www.ewigerbund.org\/verfassungsrecht\/kriegszustand\/literatur\/\",\"name\":\"Verfassungsrecht im ewigen Bund. - Literatur.\",\"isPartOf\":{\"@id\":\"https:\/\/www.ewigerbund.org\/verfassungsrecht\/#website\"},\"primaryImageOfPage\":{\"@id\":\"https:\/\/www.ewigerbund.org\/verfassungsrecht\/kriegszustand\/literatur\/#primaryimage\"},\"image\":{\"@id\":\"https:\/\/www.ewigerbund.org\/verfassungsrecht\/kriegszustand\/literatur\/#primaryimage\"},\"thumbnailUrl\":\"https:\/\/www.ewigerbund.org\/verfassungsrecht\/wp-content\/uploads\/sites\/10\/2023\/01\/EB-Verfassungsrecht-Literatur.jpg\",\"datePublished\":\"2023-01-03T14:52:35+00:00\",\"dateModified\":\"2024-07-11T16:11:27+00:00\",\"breadcrumb\":{\"@id\":\"https:\/\/www.ewigerbund.org\/verfassungsrecht\/kriegszustand\/literatur\/#breadcrumb\"},\"inLanguage\":\"de\",\"potentialAction\":[{\"@type\":\"ReadAction\",\"target\":[\"https:\/\/www.ewigerbund.org\/verfassungsrecht\/kriegszustand\/literatur\/\"]}]},{\"@type\":\"ImageObject\",\"inLanguage\":\"de\",\"@id\":\"https:\/\/www.ewigerbund.org\/verfassungsrecht\/kriegszustand\/literatur\/#primaryimage\",\"url\":\"https:\/\/www.ewigerbund.org\/verfassungsrecht\/wp-content\/uploads\/sites\/10\/2023\/01\/EB-Verfassungsrecht-Literatur.jpg\",\"contentUrl\":\"https:\/\/www.ewigerbund.org\/verfassungsrecht\/wp-content\/uploads\/sites\/10\/2023\/01\/EB-Verfassungsrecht-Literatur.jpg\",\"width\":1748,\"height\":994},{\"@type\":\"BreadcrumbList\",\"@id\":\"https:\/\/www.ewigerbund.org\/verfassungsrecht\/kriegszustand\/literatur\/#breadcrumb\",\"itemListElement\":[{\"@type\":\"ListItem\",\"position\":1,\"name\":\"Startseite\",\"item\":\"https:\/\/www.ewigerbund.org\/verfassungsrecht\/\"},{\"@type\":\"ListItem\",\"position\":2,\"name\":\"Kriegs- und Belagerungszustand.\",\"item\":\"https:\/\/www.ewigerbund.org\/verfassungsrecht\/kriegszustand\/\"},{\"@type\":\"ListItem\",\"position\":3,\"name\":\"Literatur.\"}]},{\"@type\":\"WebSite\",\"@id\":\"https:\/\/www.ewigerbund.org\/verfassungsrecht\/#website\",\"url\":\"https:\/\/www.ewigerbund.org\/verfassungsrecht\/\",\"name\":\"Verfassungsrecht\",\"description\":\"Verfassungsb\u00fcndnis der deutschen Einzelstaaten.\",\"publisher\":{\"@id\":\"https:\/\/www.ewigerbund.org\/verfassungsrecht\/#organization\"},\"potentialAction\":[{\"@type\":\"SearchAction\",\"target\":{\"@type\":\"EntryPoint\",\"urlTemplate\":\"https:\/\/www.ewigerbund.org\/verfassungsrecht\/?s={search_term_string}\"},\"query-input\":\"required name=search_term_string\"}],\"inLanguage\":\"de\"},{\"@type\":\"Organization\",\"@id\":\"https:\/\/www.ewigerbund.org\/verfassungsrecht\/#organization\",\"name\":\"Verfassungsrecht\",\"url\":\"https:\/\/www.ewigerbund.org\/verfassungsrecht\/\",\"logo\":{\"@type\":\"ImageObject\",\"inLanguage\":\"de\",\"@id\":\"https:\/\/www.ewigerbund.org\/verfassungsrecht\/#\/schema\/logo\/image\/\",\"url\":\"https:\/\/www.ewigerbund.org\/verfassungsrecht\/wp-content\/uploads\/sites\/10\/2022\/11\/2022-09-20-Logo-EB_Schutzzone_V4_Transparent.png\",\"contentUrl\":\"https:\/\/www.ewigerbund.org\/verfassungsrecht\/wp-content\/uploads\/sites\/10\/2022\/11\/2022-09-20-Logo-EB_Schutzzone_V4_Transparent.png\",\"width\":2000,\"height\":1982,\"caption\":\"Verfassungsrecht\"},\"image\":{\"@id\":\"https:\/\/www.ewigerbund.org\/verfassungsrecht\/#\/schema\/logo\/image\/\"}}]}<\/script>\n<!-- \/ Yoast SEO plugin. -->","yoast_head_json":{"title":"Verfassungsrecht im ewigen Bund. - Literatur.","robots":{"index":"index","follow":"follow","max-snippet":"max-snippet:-1","max-image-preview":"max-image-preview:large","max-video-preview":"max-video-preview:-1"},"canonical":"https:\/\/www.ewigerbund.org\/verfassungsrecht\/kriegszustand\/literatur\/","og_locale":"de_DE","og_type":"article","og_title":"Verfassungsrecht im ewigen Bund. - Literatur.","og_description":"Literatur \u00fcber den Kriegs- und Belagerungszustand ist schwer zu beschaffen und das sicher nicht ohne Grund &#8211; schlie\u00dflich wird hierin der gegenw\u00e4rtige Rechtszustand des ewigen Bundes geschildert. Auszug &#8222;Kriegs- und Belagerungszustand&#8220; aus Paul Laband &#8211; Das Staatsrecht des Deutschen Reiches, Band 4, f\u00fcnfte Auflage aus dem Jahr 1914.Belagerungszustand (Auszug aus Laband &#8211; Das Staatsrecht des ... Weiterlesen ...","og_url":"https:\/\/www.ewigerbund.org\/verfassungsrecht\/kriegszustand\/literatur\/","og_site_name":"Verfassungsrecht","article_modified_time":"2024-07-11T16:11:27+00:00","og_image":[{"width":1748,"height":994,"url":"https:\/\/www.ewigerbund.org\/verfassungsrecht\/wp-content\/uploads\/sites\/10\/2023\/01\/EB-Verfassungsrecht-Literatur.jpg","type":"image\/jpeg"}],"twitter_card":"summary_large_image","twitter_misc":{"Gesch\u00e4tzte Lesezeit":"2\u00a0Minuten"},"schema":{"@context":"https:\/\/schema.org","@graph":[{"@type":"WebPage","@id":"https:\/\/www.ewigerbund.org\/verfassungsrecht\/kriegszustand\/literatur\/","url":"https:\/\/www.ewigerbund.org\/verfassungsrecht\/kriegszustand\/literatur\/","name":"Verfassungsrecht im ewigen Bund. - Literatur.","isPartOf":{"@id":"https:\/\/www.ewigerbund.org\/verfassungsrecht\/#website"},"primaryImageOfPage":{"@id":"https:\/\/www.ewigerbund.org\/verfassungsrecht\/kriegszustand\/literatur\/#primaryimage"},"image":{"@id":"https:\/\/www.ewigerbund.org\/verfassungsrecht\/kriegszustand\/literatur\/#primaryimage"},"thumbnailUrl":"https:\/\/www.ewigerbund.org\/verfassungsrecht\/wp-content\/uploads\/sites\/10\/2023\/01\/EB-Verfassungsrecht-Literatur.jpg","datePublished":"2023-01-03T14:52:35+00:00","dateModified":"2024-07-11T16:11:27+00:00","breadcrumb":{"@id":"https:\/\/www.ewigerbund.org\/verfassungsrecht\/kriegszustand\/literatur\/#breadcrumb"},"inLanguage":"de","potentialAction":[{"@type":"ReadAction","target":["https:\/\/www.ewigerbund.org\/verfassungsrecht\/kriegszustand\/literatur\/"]}]},{"@type":"ImageObject","inLanguage":"de","@id":"https:\/\/www.ewigerbund.org\/verfassungsrecht\/kriegszustand\/literatur\/#primaryimage","url":"https:\/\/www.ewigerbund.org\/verfassungsrecht\/wp-content\/uploads\/sites\/10\/2023\/01\/EB-Verfassungsrecht-Literatur.jpg","contentUrl":"https:\/\/www.ewigerbund.org\/verfassungsrecht\/wp-content\/uploads\/sites\/10\/2023\/01\/EB-Verfassungsrecht-Literatur.jpg","width":1748,"height":994},{"@type":"BreadcrumbList","@id":"https:\/\/www.ewigerbund.org\/verfassungsrecht\/kriegszustand\/literatur\/#breadcrumb","itemListElement":[{"@type":"ListItem","position":1,"name":"Startseite","item":"https:\/\/www.ewigerbund.org\/verfassungsrecht\/"},{"@type":"ListItem","position":2,"name":"Kriegs- und Belagerungszustand.","item":"https:\/\/www.ewigerbund.org\/verfassungsrecht\/kriegszustand\/"},{"@type":"ListItem","position":3,"name":"Literatur."}]},{"@type":"WebSite","@id":"https:\/\/www.ewigerbund.org\/verfassungsrecht\/#website","url":"https:\/\/www.ewigerbund.org\/verfassungsrecht\/","name":"Verfassungsrecht","description":"Verfassungsb\u00fcndnis der deutschen Einzelstaaten.","publisher":{"@id":"https:\/\/www.ewigerbund.org\/verfassungsrecht\/#organization"},"potentialAction":[{"@type":"SearchAction","target":{"@type":"EntryPoint","urlTemplate":"https:\/\/www.ewigerbund.org\/verfassungsrecht\/?s={search_term_string}"},"query-input":"required name=search_term_string"}],"inLanguage":"de"},{"@type":"Organization","@id":"https:\/\/www.ewigerbund.org\/verfassungsrecht\/#organization","name":"Verfassungsrecht","url":"https:\/\/www.ewigerbund.org\/verfassungsrecht\/","logo":{"@type":"ImageObject","inLanguage":"de","@id":"https:\/\/www.ewigerbund.org\/verfassungsrecht\/#\/schema\/logo\/image\/","url":"https:\/\/www.ewigerbund.org\/verfassungsrecht\/wp-content\/uploads\/sites\/10\/2022\/11\/2022-09-20-Logo-EB_Schutzzone_V4_Transparent.png","contentUrl":"https:\/\/www.ewigerbund.org\/verfassungsrecht\/wp-content\/uploads\/sites\/10\/2022\/11\/2022-09-20-Logo-EB_Schutzzone_V4_Transparent.png","width":2000,"height":1982,"caption":"Verfassungsrecht"},"image":{"@id":"https:\/\/www.ewigerbund.org\/verfassungsrecht\/#\/schema\/logo\/image\/"}}]}},"_links":{"self":[{"href":"https:\/\/www.ewigerbund.org\/verfassungsrecht\/wp-json\/wp\/v2\/pages\/1340","targetHints":{"allow":["GET"]}}],"collection":[{"href":"https:\/\/www.ewigerbund.org\/verfassungsrecht\/wp-json\/wp\/v2\/pages"}],"about":[{"href":"https:\/\/www.ewigerbund.org\/verfassungsrecht\/wp-json\/wp\/v2\/types\/page"}],"author":[{"embeddable":true,"href":"https:\/\/www.ewigerbund.org\/verfassungsrecht\/wp-json\/wp\/v2\/users\/8"}],"replies":[{"embeddable":true,"href":"https:\/\/www.ewigerbund.org\/verfassungsrecht\/wp-json\/wp\/v2\/comments?post=1340"}],"version-history":[{"count":25,"href":"https:\/\/www.ewigerbund.org\/verfassungsrecht\/wp-json\/wp\/v2\/pages\/1340\/revisions"}],"predecessor-version":[{"id":2845,"href":"https:\/\/www.ewigerbund.org\/verfassungsrecht\/wp-json\/wp\/v2\/pages\/1340\/revisions\/2845"}],"up":[{"embeddable":true,"href":"https:\/\/www.ewigerbund.org\/verfassungsrecht\/wp-json\/wp\/v2\/pages\/1330"}],"wp:featuredmedia":[{"embeddable":true,"href":"https:\/\/www.ewigerbund.org\/verfassungsrecht\/wp-json\/wp\/v2\/media\/1792"}],"wp:attachment":[{"href":"https:\/\/www.ewigerbund.org\/verfassungsrecht\/wp-json\/wp\/v2\/media?parent=1340"}],"wp:term":[{"taxonomy":"category","embeddable":true,"href":"https:\/\/www.ewigerbund.org\/verfassungsrecht\/wp-json\/wp\/v2\/categories?post=1340"},{"taxonomy":"post_tag","embeddable":true,"href":"https:\/\/www.ewigerbund.org\/verfassungsrecht\/wp-json\/wp\/v2\/tags?post=1340"}],"curies":[{"name":"wp","href":"https:\/\/api.w.org\/{rel}","templated":true}]}}