{"id":871,"date":"2022-12-07T17:47:58","date_gmt":"2022-12-07T16:47:58","guid":{"rendered":"https:\/\/www.ewigerbund.org\/sachsen\/?page_id=871"},"modified":"2023-01-21T13:45:57","modified_gmt":"2023-01-21T12:45:57","slug":"1809-schlacht-bei-wagram-2","status":"publish","type":"page","link":"https:\/\/www.ewigerbund.org\/sachsen\/landesgeschichte\/19-jahrhundert\/1809-schlacht-bei-wagram-2\/","title":{"rendered":"1809. Schlacht bei Wagram."},"content":{"rendered":"\n<p>Nicht weit von Wien, bei dem Dorfe <strong>Wagram<\/strong>, wurden unsere Landsleute mit den Franzosen den Oesterreichern entgegengef\u00fchrt. Zwei furchtbare Tage (5. und 6. Juli 1809) und eine eben so furchtbare Nacht durchlebte man hier. Mit den aufwirbelnden Feuers\u00e4ulen brennender D\u00f6rfer und mit dem Krachen der Feuerschl\u00fcnde vereinigte sich das Blitzen und Donnern eines heftigen Gewitters.<\/p>\n\n\n<div class=\"wp-block-image\">\n<figure class=\"alignleft size-full\"><img loading=\"lazy\" decoding=\"async\" width=\"1200\" height=\"680\" src=\"https:\/\/www.ewigerbund.org\/sachsen\/wp-content\/uploads\/sites\/14\/2022\/12\/1809-Schlacht-bei-Wagram.jpg\" alt=\"Schlacht bei Wagram.\" class=\"wp-image-872\" srcset=\"https:\/\/www.ewigerbund.org\/sachsen\/wp-content\/uploads\/sites\/14\/2022\/12\/1809-Schlacht-bei-Wagram.jpg 1200w, https:\/\/www.ewigerbund.org\/sachsen\/wp-content\/uploads\/sites\/14\/2022\/12\/1809-Schlacht-bei-Wagram-300x170.jpg 300w, https:\/\/www.ewigerbund.org\/sachsen\/wp-content\/uploads\/sites\/14\/2022\/12\/1809-Schlacht-bei-Wagram-1024x580.jpg 1024w, https:\/\/www.ewigerbund.org\/sachsen\/wp-content\/uploads\/sites\/14\/2022\/12\/1809-Schlacht-bei-Wagram-768x435.jpg 768w\" sizes=\"auto, (max-width: 1200px) 100vw, 1200px\" \/><figcaption class=\"wp-element-caption\">Die Schlacht bei Wagram 1809.<\/figcaption><\/figure><\/div>\n\n\n<p>Der Tod hielt in beiden Heeren eine furchtbare Ernte. Durch ein Mi\u00dfverst\u00e4ndni\u00df wurde unsern Sachsen noch ein besonderer Verlust zugef\u00fcgt. Sie trugen wie die Oesterreicher wei\u00dfe Monturen. Ein Befehlshaber einer Abtheilung Sachsen hielt eine andere Abtheilung seiner Landsleute f\u00fcr feindliche Truppen und f\u00fchrte seine Leute gegen sie. Ohne es zu ahnen, standen gleiche Waffenbr\u00fcder einander gegen\u00fcber und richteten ihr t\u00f6dtliches Gescho\u00df gegen einander. L\u00e4ngere Zeit hatte der Freund dem Freunde m\u00f6rderische Kugeln zugesandt, endlich kam der ungl\u00fcckselige Irrthum an den Tag.<\/p>\n\n\n\n<p>Der Ausgang der Schlacht war f\u00fcr die Oesterreicher ungl\u00fccklich. Ihr Kaiser mu\u00dfte einen Waffenstillstand eingehen, dem endlich <strong>zu Wien<\/strong> den 14. Oktober <strong>1809 der Friede<\/strong> folgte.<\/p>\n\n\n\n<p>Abermals hatten die Sachsen nicht blos ihre S\u00f6hne f\u00fcr den franz\u00f6sischen Kaiser bluten sehen, auch ihr Land hatte unter dem Drucke dieses Krieges seufzen m\u00fcssen. In Sachsen waren nur 3000 Mann zur\u00fcckgeblieben, welche das Land gegen den Einfall der Oesterreicher von B\u00f6hmen her nicht sch\u00fctzen konnten. Unser K\u00f6nig sah sich daher in Dresden nicht mehr sicher, er verlie\u00df mit seiner Familie Sachsen und begab sich nach Frankfurt a. M., wo er l\u00e4ngere Zeit verweilte. In der That fielen die Oesterreicher in Sachsen ein und besetzten Dresden. Andere fremde Truppen durchstreiften das Land, leerten die Kassen und hoben Rekruten aus. Zwar nahm dieser ungl\u00fcckliche Zustand bald wieder ein Ende, weil Napoleons Bruder, K\u00f6nig Hieronymus von Westfalen, mit einem Heere in Sachsen einr\u00fcckte, allein die Erhaltung der Truppen blieb dessenungeachtet f\u00fcr das Land eine dr\u00fcckende Last.<\/p>\n\n\n<div class=\"gb-button-wrapper gb-button-wrapper-ce601e7f\">\n\n<a class=\"gb-button gb-button-2b507e49\" href=\"javascript:history.back();\"><span class=\"gb-icon\"><svg aria-hidden=\"true\" role=\"img\" height=\"1em\" width=\"1em\" viewBox=\"0 0 256 512\" xmlns=\"http:\/\/www.w3.org\/2000\/svg\"><path fill=\"currentColor\" d=\"M31.7 239l136-136c9.4-9.4 24.6-9.4 33.9 0l22.6 22.6c9.4 9.4 9.4 24.6 0 33.9L127.9 256l96.4 96.4c9.4 9.4 9.4 24.6 0 33.9L201.7 409c-9.4 9.4-24.6 9.4-33.9 0l-136-136c-9.5-9.4-9.5-24.6-.1-34z\"><\/path><\/svg><\/span><span class=\"gb-button-text\">Zur\u00fcck.<\/span><\/a>\n\n<\/div>\n\n\n<hr class=\"wp-block-separator has-alpha-channel-opacity is-style-dots\"\/>\n\n\n\n<p class=\"gb-headline gb-headline-a89ad48e gb-headline-text\"><strong>Quellangaben und Verweise.<\/strong><br><sub>Aus: Geschichte des K\u00f6nigreichs Sachsen mit besonderer Ber\u00fccksichtigung der wichtigsten culturgeschichtlichen Erscheinungen. Autor: Karl Petermann, Direktor der evangelischen Freischule in Dresden. Leipzig 1881. Verlag von Julius Klingkhardt. Seite 376-379.<\/sub><br><sub>Quelle: <a href=\"https:\/\/staatsbibliothek.ewigerbund.org\/viewer\/image\/p_gesch_sachsen\/1\/LOG_0000\/\" target=\"_blank\" rel=\"noreferrer noopener\">https:\/\/staatsbibliothek.ewigerbund.org\/viewer\/image\/p_gesch_sachsen\/1\/LOG_0000\/<\/a><\/sub><\/p>\n\n\n\n<p><\/p>\n","protected":false},"excerpt":{"rendered":"<p>Nicht weit von Wien, bei dem Dorfe Wagram, wurden unsere Landsleute mit den Franzosen den Oesterreichern entgegengef\u00fchrt. Zwei furchtbare Tage (5. und 6. Juli 1809) und eine eben so furchtbare Nacht durchlebte man hier. Mit den aufwirbelnden Feuers\u00e4ulen brennender D\u00f6rfer und mit dem Krachen der Feuerschl\u00fcnde vereinigte sich das Blitzen und Donnern eines heftigen Gewitters. &#8230; <a title=\"1809. Schlacht bei Wagram.\" class=\"read-more\" href=\"https:\/\/www.ewigerbund.org\/sachsen\/landesgeschichte\/19-jahrhundert\/1809-schlacht-bei-wagram-2\/\" aria-label=\"Mehr zu 1809. Schlacht bei Wagram.\">Weiterlesen &#8230;<\/a><\/p>\n","protected":false},"author":1,"featured_media":872,"parent":793,"menu_order":3,"comment_status":"closed","ping_status":"closed","template":"","meta":{"footnotes":""},"categories":[253,14],"tags":[273,270,263,272],"class_list":{"0":"post-871","1":"page","2":"type-page","3":"status-publish","4":"has-post-thumbnail","6":"category-19-jahrhundert","7":"category-landesgeschichte","8":"tag-dorf-wagram","9":"tag-friede-zu-wien","10":"tag-hieronymus-von-westfalen","11":"tag-oesterreicher-besetzen-dresden"},"yoast_head":"<!-- This site is optimized with the Yoast SEO plugin v23.1 - https:\/\/yoast.com\/wordpress\/plugins\/seo\/ -->\n<title>1809. Schlacht bei Wagram. &#8226; K\u00f6nigreich Sachsen.<\/title>\n<meta name=\"description\" content=\"Im Dorfe Wagram wurden die s\u00e4chsischen Landsleute mit den Franzosen den \u00d6sterreichern entgegengef\u00fchrt. Die Sachsen erlitten herbe Verluste.\" \/>\n<meta name=\"robots\" content=\"index, follow, max-snippet:-1, max-image-preview:large, max-video-preview:-1\" \/>\n<link rel=\"canonical\" href=\"https:\/\/www.ewigerbund.org\/sachsen\/landesgeschichte\/19-jahrhundert\/1809-schlacht-bei-wagram-2\/\" \/>\n<meta property=\"og:locale\" content=\"de_DE\" \/>\n<meta property=\"og:type\" content=\"article\" \/>\n<meta property=\"og:title\" content=\"1809. Schlacht bei Wagram. &#8226; K\u00f6nigreich Sachsen.\" \/>\n<meta property=\"og:description\" content=\"Im Dorfe Wagram wurden die s\u00e4chsischen Landsleute mit den Franzosen den \u00d6sterreichern entgegengef\u00fchrt. Die Sachsen erlitten herbe Verluste.\" \/>\n<meta property=\"og:url\" content=\"https:\/\/www.ewigerbund.org\/sachsen\/landesgeschichte\/19-jahrhundert\/1809-schlacht-bei-wagram-2\/\" \/>\n<meta property=\"og:site_name\" content=\"K\u00f6nigreich Sachsen\" \/>\n<meta property=\"article:modified_time\" content=\"2023-01-21T12:45:57+00:00\" \/>\n<meta property=\"og:image\" content=\"https:\/\/www.ewigerbund.org\/sachsen\/wp-content\/uploads\/sites\/14\/2022\/12\/1809-Schlacht-bei-Wagram.jpg\" \/>\n\t<meta property=\"og:image:width\" content=\"1200\" \/>\n\t<meta property=\"og:image:height\" content=\"680\" \/>\n\t<meta property=\"og:image:type\" content=\"image\/jpeg\" \/>\n<meta name=\"twitter:card\" content=\"summary_large_image\" \/>\n<meta name=\"twitter:label1\" content=\"Gesch\u00e4tzte Lesezeit\" \/>\n\t<meta name=\"twitter:data1\" content=\"3\u00a0Minuten\" \/>\n<script type=\"application\/ld+json\" class=\"yoast-schema-graph\">{\"@context\":\"https:\/\/schema.org\",\"@graph\":[{\"@type\":\"WebPage\",\"@id\":\"https:\/\/www.ewigerbund.org\/sachsen\/landesgeschichte\/19-jahrhundert\/1809-schlacht-bei-wagram-2\/\",\"url\":\"https:\/\/www.ewigerbund.org\/sachsen\/landesgeschichte\/19-jahrhundert\/1809-schlacht-bei-wagram-2\/\",\"name\":\"1809. Schlacht bei Wagram. &#8226; K\u00f6nigreich Sachsen.\",\"isPartOf\":{\"@id\":\"https:\/\/www.ewigerbund.org\/sachsen\/#website\"},\"primaryImageOfPage\":{\"@id\":\"https:\/\/www.ewigerbund.org\/sachsen\/landesgeschichte\/19-jahrhundert\/1809-schlacht-bei-wagram-2\/#primaryimage\"},\"image\":{\"@id\":\"https:\/\/www.ewigerbund.org\/sachsen\/landesgeschichte\/19-jahrhundert\/1809-schlacht-bei-wagram-2\/#primaryimage\"},\"thumbnailUrl\":\"https:\/\/www.ewigerbund.org\/sachsen\/wp-content\/uploads\/sites\/14\/2022\/12\/1809-Schlacht-bei-Wagram.jpg\",\"datePublished\":\"2022-12-07T16:47:58+00:00\",\"dateModified\":\"2023-01-21T12:45:57+00:00\",\"description\":\"Im Dorfe Wagram wurden die s\u00e4chsischen Landsleute mit den Franzosen den \u00d6sterreichern entgegengef\u00fchrt. Die Sachsen erlitten herbe Verluste.\",\"breadcrumb\":{\"@id\":\"https:\/\/www.ewigerbund.org\/sachsen\/landesgeschichte\/19-jahrhundert\/1809-schlacht-bei-wagram-2\/#breadcrumb\"},\"inLanguage\":\"de\",\"potentialAction\":[{\"@type\":\"ReadAction\",\"target\":[\"https:\/\/www.ewigerbund.org\/sachsen\/landesgeschichte\/19-jahrhundert\/1809-schlacht-bei-wagram-2\/\"]}]},{\"@type\":\"ImageObject\",\"inLanguage\":\"de\",\"@id\":\"https:\/\/www.ewigerbund.org\/sachsen\/landesgeschichte\/19-jahrhundert\/1809-schlacht-bei-wagram-2\/#primaryimage\",\"url\":\"https:\/\/www.ewigerbund.org\/sachsen\/wp-content\/uploads\/sites\/14\/2022\/12\/1809-Schlacht-bei-Wagram.jpg\",\"contentUrl\":\"https:\/\/www.ewigerbund.org\/sachsen\/wp-content\/uploads\/sites\/14\/2022\/12\/1809-Schlacht-bei-Wagram.jpg\",\"width\":1200,\"height\":680,\"caption\":\"Schlacht bei Wagram.\"},{\"@type\":\"BreadcrumbList\",\"@id\":\"https:\/\/www.ewigerbund.org\/sachsen\/landesgeschichte\/19-jahrhundert\/1809-schlacht-bei-wagram-2\/#breadcrumb\",\"itemListElement\":[{\"@type\":\"ListItem\",\"position\":1,\"name\":\"Startseite.\",\"item\":\"https:\/\/www.ewigerbund.org\/sachsen\/\"},{\"@type\":\"ListItem\",\"position\":2,\"name\":\"Landesgeschichte.\",\"item\":\"https:\/\/www.ewigerbund.org\/sachsen\/landesgeschichte\/\"},{\"@type\":\"ListItem\",\"position\":3,\"name\":\"19. Jahrhundert.\",\"item\":\"https:\/\/www.ewigerbund.org\/sachsen\/landesgeschichte\/19-jahrhundert\/\"},{\"@type\":\"ListItem\",\"position\":4,\"name\":\"1809. Schlacht bei Wagram.\"}]},{\"@type\":\"WebSite\",\"@id\":\"https:\/\/www.ewigerbund.org\/sachsen\/#website\",\"url\":\"https:\/\/www.ewigerbund.org\/sachsen\/\",\"name\":\"K\u00f6nigreich Sachsen\",\"description\":\"im ewigen Bund.\",\"publisher\":{\"@id\":\"https:\/\/www.ewigerbund.org\/sachsen\/#organization\"},\"potentialAction\":[{\"@type\":\"SearchAction\",\"target\":{\"@type\":\"EntryPoint\",\"urlTemplate\":\"https:\/\/www.ewigerbund.org\/sachsen\/?s={search_term_string}\"},\"query-input\":\"required name=search_term_string\"}],\"inLanguage\":\"de\"},{\"@type\":\"Organization\",\"@id\":\"https:\/\/www.ewigerbund.org\/sachsen\/#organization\",\"name\":\"K\u00f6nigreich Sachsen\",\"url\":\"https:\/\/www.ewigerbund.org\/sachsen\/\",\"logo\":{\"@type\":\"ImageObject\",\"inLanguage\":\"de\",\"@id\":\"https:\/\/www.ewigerbund.org\/sachsen\/#\/schema\/logo\/image\/\",\"url\":\"https:\/\/www.ewigerbund.org\/sachsen\/wp-content\/uploads\/sites\/14\/2022\/11\/cropped-2022-09-10-Logo-EB-Sachsen-Schutzzone_Schatten-transparent-1200px-1.png\",\"contentUrl\":\"https:\/\/www.ewigerbund.org\/sachsen\/wp-content\/uploads\/sites\/14\/2022\/11\/cropped-2022-09-10-Logo-EB-Sachsen-Schutzzone_Schatten-transparent-1200px-1.png\",\"width\":1200,\"height\":1200,\"caption\":\"K\u00f6nigreich Sachsen\"},\"image\":{\"@id\":\"https:\/\/www.ewigerbund.org\/sachsen\/#\/schema\/logo\/image\/\"}}]}<\/script>\n<!-- \/ Yoast SEO plugin. -->","yoast_head_json":{"title":"1809. Schlacht bei Wagram. &#8226; K\u00f6nigreich Sachsen.","description":"Im Dorfe Wagram wurden die s\u00e4chsischen Landsleute mit den Franzosen den \u00d6sterreichern entgegengef\u00fchrt. Die Sachsen erlitten herbe Verluste.","robots":{"index":"index","follow":"follow","max-snippet":"max-snippet:-1","max-image-preview":"max-image-preview:large","max-video-preview":"max-video-preview:-1"},"canonical":"https:\/\/www.ewigerbund.org\/sachsen\/landesgeschichte\/19-jahrhundert\/1809-schlacht-bei-wagram-2\/","og_locale":"de_DE","og_type":"article","og_title":"1809. Schlacht bei Wagram. &#8226; K\u00f6nigreich Sachsen.","og_description":"Im Dorfe Wagram wurden die s\u00e4chsischen Landsleute mit den Franzosen den \u00d6sterreichern entgegengef\u00fchrt. Die Sachsen erlitten herbe Verluste.","og_url":"https:\/\/www.ewigerbund.org\/sachsen\/landesgeschichte\/19-jahrhundert\/1809-schlacht-bei-wagram-2\/","og_site_name":"K\u00f6nigreich Sachsen","article_modified_time":"2023-01-21T12:45:57+00:00","og_image":[{"width":1200,"height":680,"url":"https:\/\/www.ewigerbund.org\/sachsen\/wp-content\/uploads\/sites\/14\/2022\/12\/1809-Schlacht-bei-Wagram.jpg","type":"image\/jpeg"}],"twitter_card":"summary_large_image","twitter_misc":{"Gesch\u00e4tzte Lesezeit":"3\u00a0Minuten"},"schema":{"@context":"https:\/\/schema.org","@graph":[{"@type":"WebPage","@id":"https:\/\/www.ewigerbund.org\/sachsen\/landesgeschichte\/19-jahrhundert\/1809-schlacht-bei-wagram-2\/","url":"https:\/\/www.ewigerbund.org\/sachsen\/landesgeschichte\/19-jahrhundert\/1809-schlacht-bei-wagram-2\/","name":"1809. Schlacht bei Wagram. &#8226; K\u00f6nigreich Sachsen.","isPartOf":{"@id":"https:\/\/www.ewigerbund.org\/sachsen\/#website"},"primaryImageOfPage":{"@id":"https:\/\/www.ewigerbund.org\/sachsen\/landesgeschichte\/19-jahrhundert\/1809-schlacht-bei-wagram-2\/#primaryimage"},"image":{"@id":"https:\/\/www.ewigerbund.org\/sachsen\/landesgeschichte\/19-jahrhundert\/1809-schlacht-bei-wagram-2\/#primaryimage"},"thumbnailUrl":"https:\/\/www.ewigerbund.org\/sachsen\/wp-content\/uploads\/sites\/14\/2022\/12\/1809-Schlacht-bei-Wagram.jpg","datePublished":"2022-12-07T16:47:58+00:00","dateModified":"2023-01-21T12:45:57+00:00","description":"Im Dorfe Wagram wurden die s\u00e4chsischen Landsleute mit den Franzosen den \u00d6sterreichern entgegengef\u00fchrt. Die Sachsen erlitten herbe Verluste.","breadcrumb":{"@id":"https:\/\/www.ewigerbund.org\/sachsen\/landesgeschichte\/19-jahrhundert\/1809-schlacht-bei-wagram-2\/#breadcrumb"},"inLanguage":"de","potentialAction":[{"@type":"ReadAction","target":["https:\/\/www.ewigerbund.org\/sachsen\/landesgeschichte\/19-jahrhundert\/1809-schlacht-bei-wagram-2\/"]}]},{"@type":"ImageObject","inLanguage":"de","@id":"https:\/\/www.ewigerbund.org\/sachsen\/landesgeschichte\/19-jahrhundert\/1809-schlacht-bei-wagram-2\/#primaryimage","url":"https:\/\/www.ewigerbund.org\/sachsen\/wp-content\/uploads\/sites\/14\/2022\/12\/1809-Schlacht-bei-Wagram.jpg","contentUrl":"https:\/\/www.ewigerbund.org\/sachsen\/wp-content\/uploads\/sites\/14\/2022\/12\/1809-Schlacht-bei-Wagram.jpg","width":1200,"height":680,"caption":"Schlacht bei Wagram."},{"@type":"BreadcrumbList","@id":"https:\/\/www.ewigerbund.org\/sachsen\/landesgeschichte\/19-jahrhundert\/1809-schlacht-bei-wagram-2\/#breadcrumb","itemListElement":[{"@type":"ListItem","position":1,"name":"Startseite.","item":"https:\/\/www.ewigerbund.org\/sachsen\/"},{"@type":"ListItem","position":2,"name":"Landesgeschichte.","item":"https:\/\/www.ewigerbund.org\/sachsen\/landesgeschichte\/"},{"@type":"ListItem","position":3,"name":"19. Jahrhundert.","item":"https:\/\/www.ewigerbund.org\/sachsen\/landesgeschichte\/19-jahrhundert\/"},{"@type":"ListItem","position":4,"name":"1809. Schlacht bei Wagram."}]},{"@type":"WebSite","@id":"https:\/\/www.ewigerbund.org\/sachsen\/#website","url":"https:\/\/www.ewigerbund.org\/sachsen\/","name":"K\u00f6nigreich Sachsen","description":"im ewigen Bund.","publisher":{"@id":"https:\/\/www.ewigerbund.org\/sachsen\/#organization"},"potentialAction":[{"@type":"SearchAction","target":{"@type":"EntryPoint","urlTemplate":"https:\/\/www.ewigerbund.org\/sachsen\/?s={search_term_string}"},"query-input":"required name=search_term_string"}],"inLanguage":"de"},{"@type":"Organization","@id":"https:\/\/www.ewigerbund.org\/sachsen\/#organization","name":"K\u00f6nigreich Sachsen","url":"https:\/\/www.ewigerbund.org\/sachsen\/","logo":{"@type":"ImageObject","inLanguage":"de","@id":"https:\/\/www.ewigerbund.org\/sachsen\/#\/schema\/logo\/image\/","url":"https:\/\/www.ewigerbund.org\/sachsen\/wp-content\/uploads\/sites\/14\/2022\/11\/cropped-2022-09-10-Logo-EB-Sachsen-Schutzzone_Schatten-transparent-1200px-1.png","contentUrl":"https:\/\/www.ewigerbund.org\/sachsen\/wp-content\/uploads\/sites\/14\/2022\/11\/cropped-2022-09-10-Logo-EB-Sachsen-Schutzzone_Schatten-transparent-1200px-1.png","width":1200,"height":1200,"caption":"K\u00f6nigreich Sachsen"},"image":{"@id":"https:\/\/www.ewigerbund.org\/sachsen\/#\/schema\/logo\/image\/"}}]}},"_links":{"self":[{"href":"https:\/\/www.ewigerbund.org\/sachsen\/wp-json\/wp\/v2\/pages\/871","targetHints":{"allow":["GET"]}}],"collection":[{"href":"https:\/\/www.ewigerbund.org\/sachsen\/wp-json\/wp\/v2\/pages"}],"about":[{"href":"https:\/\/www.ewigerbund.org\/sachsen\/wp-json\/wp\/v2\/types\/page"}],"author":[{"embeddable":true,"href":"https:\/\/www.ewigerbund.org\/sachsen\/wp-json\/wp\/v2\/users\/1"}],"replies":[{"embeddable":true,"href":"https:\/\/www.ewigerbund.org\/sachsen\/wp-json\/wp\/v2\/comments?post=871"}],"version-history":[{"count":5,"href":"https:\/\/www.ewigerbund.org\/sachsen\/wp-json\/wp\/v2\/pages\/871\/revisions"}],"predecessor-version":[{"id":1315,"href":"https:\/\/www.ewigerbund.org\/sachsen\/wp-json\/wp\/v2\/pages\/871\/revisions\/1315"}],"up":[{"embeddable":true,"href":"https:\/\/www.ewigerbund.org\/sachsen\/wp-json\/wp\/v2\/pages\/793"}],"wp:featuredmedia":[{"embeddable":true,"href":"https:\/\/www.ewigerbund.org\/sachsen\/wp-json\/wp\/v2\/media\/872"}],"wp:attachment":[{"href":"https:\/\/www.ewigerbund.org\/sachsen\/wp-json\/wp\/v2\/media?parent=871"}],"wp:term":[{"taxonomy":"category","embeddable":true,"href":"https:\/\/www.ewigerbund.org\/sachsen\/wp-json\/wp\/v2\/categories?post=871"},{"taxonomy":"post_tag","embeddable":true,"href":"https:\/\/www.ewigerbund.org\/sachsen\/wp-json\/wp\/v2\/tags?post=871"}],"curies":[{"name":"wp","href":"https:\/\/api.w.org\/{rel}","templated":true}]}}