{"id":840,"date":"2022-12-07T15:57:01","date_gmt":"2022-12-07T14:57:01","guid":{"rendered":"https:\/\/www.ewigerbund.org\/sachsen\/?page_id=840"},"modified":"2023-07-06T21:57:02","modified_gmt":"2023-07-06T19:57:02","slug":"1807-der-tilsiter-friede","status":"publish","type":"page","link":"https:\/\/www.ewigerbund.org\/sachsen\/landesgeschichte\/19-jahrhundert\/1807-der-tilsiter-friede\/","title":{"rendered":"1807. Der Tilsiter Friede."},"content":{"rendered":"\n<p>Wie hatte sich doch alles anders gestaltet! Ein Jahr fr\u00fcher reichten die Sachsen und Preu\u00dfen einander zum gemeinschaftlichen Kampfe gegen die Franzosen die Hand; jetzt mu\u00dften die Sachsen mit den Franzosen ins Feld ziehen, um mit ihnen die Waffen gegen die Preu\u00dfen zu f\u00fchren.<\/p>\n\n\n\n<figure class=\"wp-block-image size-full\"><img loading=\"lazy\" decoding=\"async\" width=\"1200\" height=\"680\" src=\"https:\/\/www.ewigerbund.org\/sachsen\/wp-content\/uploads\/sites\/14\/2022\/12\/1807-Tilsit-Napoleon.jpg\" alt=\"Napoleon\" class=\"wp-image-843\" srcset=\"https:\/\/www.ewigerbund.org\/sachsen\/wp-content\/uploads\/sites\/14\/2022\/12\/1807-Tilsit-Napoleon.jpg 1200w, https:\/\/www.ewigerbund.org\/sachsen\/wp-content\/uploads\/sites\/14\/2022\/12\/1807-Tilsit-Napoleon-300x170.jpg 300w, https:\/\/www.ewigerbund.org\/sachsen\/wp-content\/uploads\/sites\/14\/2022\/12\/1807-Tilsit-Napoleon-1024x580.jpg 1024w, https:\/\/www.ewigerbund.org\/sachsen\/wp-content\/uploads\/sites\/14\/2022\/12\/1807-Tilsit-Napoleon-768x435.jpg 768w\" sizes=\"auto, (max-width: 1200px) 100vw, 1200px\" \/><figcaption class=\"wp-element-caption\">Napoleon empf\u00e4ngt die preu\u00dfische K\u00f6nigin in Tilsit.<\/figcaption><\/figure>\n\n\n\n<p>Napoleon blieb im Kampfe gegen die Preu\u00dfen und Russen Sieger und schlo\u00df (im Juli) <strong>1807 zu Tilsit <\/strong>mit beiden Gegnern <strong>Friede<\/strong>. Preu\u00dfens K\u00f6nig mu\u00dfte, au\u00dfer der Erf\u00fcllung anderer harter Bedingungen, die polnischen Besitzungen abtreten. Aus diesen Provinzen bildete Napoleon ein neues Land, welches er nach der Hauptstadt <strong>Herzogthum<\/strong> <strong>Warschau<\/strong> nannte. Dasselbe umfa\u00dfte 1850 Quadratmeilen mit mehr als 2 300 000 Einwohnern.<\/p>\n\n\n\n<p>Als Herrn dieses neuen Landes hatte Napoleon den K\u00f6nig von Sachsen ausersehen, von welchem Entschlusse derselbe erst nach dem Tilsiter Frieden in Kenntni\u00df gesetzt ward. Die im Jahre 1791 (<a href=\"https:\/\/staatsbibliothek.ewigerbund.org\/viewer\/image\/p_gesch_sachsen\/366\/#topDocAnchor\">Seite 366<\/a>) ihm angetragene polnische Krone hatte er ausgeschlagen, weil er sich von ihrem Besitze kein Heil f\u00fcr Sachsen erwartete. Jetzt blieb ihm keine Wahl \u00fcbrig. Er mu\u00dfte die neue W\u00fcrde annehmen, wollte es doch Napoleon also haben. Sehr nat\u00fcrlich, da\u00df sich Friedrich August \u00fcber diese Vergr\u00f6\u00dferung seiner Macht nicht recht von Herzen freuen konnte. Seinem redlichen Sinne war es allezeit zuwider gewesen, auf Kosten anderer F\u00fcrsten sich zu bereichern. Auch mochte ihm eine dunkle Ahnung sagen, da\u00df die gewaltsamen, von Napoleon vorgenommenen Aenderungen nicht von langem Bestande sein k\u00f6nnten.<\/p>\n\n\n\n<p>Bis jetzt hatten die beiden F\u00fcrsten einander noch nicht von Angesicht zu Angesicht gesehen. Auf einmal verbreitete sich die Nachricht, da\u00df Napoleon auf seiner R\u00fcckreise nach Paris unserm K\u00f6nige einen Besuch zugedacht habe. Aus den entferntesten Gegenden str\u00f6mten die Menschen herbei, um den au\u00dferordentlichen Mann zu sehen, der vom einfachen Artillerielieutenant bis zur h\u00f6chsten Stufe menschlicher Macht empor gestiegen war. Unser K\u00f6nig fuhr dem hohen Gaste bis Bautzen entgegen. Am 17. Juli nachmittags 5 Uhr kam ein eilender Feldj\u00e4ger die Bautzenerstra\u00dfe daher gesprengt und verk\u00fcndete der harrenden Menge, da\u00df der Kaiser soeben eintreffen werde. Unter Kanonendonner, Glockengel\u00e4ute und weithinschallendem Vivatrufen hielt <strong>Napoleon<\/strong> an der Seite unsers K\u00f6nigs seinen Einzug <strong>in Dresden<\/strong>. W\u00e4hrend seines sechst\u00e4gigen Aufenthalts daselbst bot sich der Menge vielfach Gelegenheit dar, den damals von aller Welt bewunderten Mann wiederholt zu sehen. *)<\/p>\n\n\n\n<p><sub>*) Bei einem Besuche im Kadettenhause examinirte Napoleon die Kadetten. selbst, und beim Besuch der k\u00f6niglichen Bibliothek schrieb er sich eigenh\u00e4ndig ins Fremdenbuch, aber nicht wie andere Leute von links nach rechts, sondern von unten nach oben, so da\u00df sein Name von allen andern absticht.<\/sub><\/p>\n\n\n\n<p>Trotz alles Jubels konnte man sich aber doch nicht recht gl\u00fccklich f\u00fchlen. Niemand wu\u00dfte, ob nicht in der n\u00e4chsten Zeit von neuem der Ruf zu den Waffen ert\u00f6nen werde; denn der junge, vom Gl\u00fcck beg\u00fcnstigte franz\u00f6sische Held war kein Friedens-, sondern ein Schlachtenkaiser. In der That f\u00fchrte er auch sein Heer sehr bald wieder zu neuem Kampf, und diesmal gegen Oesterreich. Alle Mitglieder des Rheinbundes mu\u00dften Truppen zur franz\u00f6sischen Armee stellen, und so hatte auch unser Sachsen gegen 19000 Mann mit ins Feld r\u00fccken zu lassen.<\/p>\n\n\n<div class=\"gb-button-wrapper gb-button-wrapper-59cb1f7f\">\n\n<a class=\"gb-button gb-button-51f0563b\" href=\"javascript:history.back();\"><span class=\"gb-icon\"><svg aria-hidden=\"true\" role=\"img\" height=\"1em\" width=\"1em\" viewBox=\"0 0 256 512\" xmlns=\"http:\/\/www.w3.org\/2000\/svg\"><path fill=\"currentColor\" d=\"M31.7 239l136-136c9.4-9.4 24.6-9.4 33.9 0l22.6 22.6c9.4 9.4 9.4 24.6 0 33.9L127.9 256l96.4 96.4c9.4 9.4 9.4 24.6 0 33.9L201.7 409c-9.4 9.4-24.6 9.4-33.9 0l-136-136c-9.5-9.4-9.5-24.6-.1-34z\"><\/path><\/svg><\/span><span class=\"gb-button-text\">Zur\u00fcck.<\/span><\/a>\n\n<\/div>\n\n\n<hr class=\"wp-block-separator has-alpha-channel-opacity is-style-dots\"\/>\n\n\n\n<p class=\"gb-headline gb-headline-ff7ccfb2 gb-headline-text\"><strong>Quellangaben und Verweise.<\/strong><br><sub>Aus: Geschichte des K\u00f6nigreichs Sachsen mit besonderer Ber\u00fccksichtigung der wichtigsten culturgeschichtlichen Erscheinungen. Autor: Karl Petermann, Direktor der evangelischen Freischule in Dresden. Leipzig 1881. Verlag von Julius Klingkhardt. Seite 376-379.<br>Quelle: <a href=\"https:\/\/staatsbibliothek.ewigerbund.org\/viewer\/image\/p_gesch_sachsen\/1\/LOG_0000\/\" target=\"_blank\" rel=\"noreferrer noopener\">https:\/\/staatsbibliothek.ewigerbund.org\/viewer\/image\/p_gesch_sachsen\/1\/LOG_<\/a><\/sub><\/p>\n\n\n\n<p><\/p>\n","protected":false},"excerpt":{"rendered":"<p>Wie hatte sich doch alles anders gestaltet! Ein Jahr fr\u00fcher reichten die Sachsen und Preu\u00dfen einander zum gemeinschaftlichen Kampfe gegen die Franzosen die Hand; jetzt mu\u00dften die Sachsen mit den Franzosen ins Feld ziehen, um mit ihnen die Waffen gegen die Preu\u00dfen zu f\u00fchren. Napoleon blieb im Kampfe gegen die Preu\u00dfen und Russen Sieger und &#8230; <a title=\"1807. Der Tilsiter Friede.\" class=\"read-more\" href=\"https:\/\/www.ewigerbund.org\/sachsen\/landesgeschichte\/19-jahrhundert\/1807-der-tilsiter-friede\/\" aria-label=\"Mehr zu 1807. Der Tilsiter Friede.\">Weiterlesen &#8230;<\/a><\/p>\n","protected":false},"author":1,"featured_media":843,"parent":793,"menu_order":2,"comment_status":"closed","ping_status":"closed","template":"","meta":{"footnotes":""},"categories":[253,14],"tags":[266,265,269],"class_list":{"0":"post-840","1":"page","2":"type-page","3":"status-publish","4":"has-post-thumbnail","6":"category-19-jahrhundert","7":"category-landesgeschichte","8":"tag-herzogthum-warschau","9":"tag-napoleon-in-dresden","10":"tag-preussen"},"yoast_head":"<!-- This site is optimized with the Yoast SEO plugin v23.1 - https:\/\/yoast.com\/wordpress\/plugins\/seo\/ -->\n<title>1807. Der Tilsiter Friede. &#8226; K\u00f6nigreich Sachsen.<\/title>\n<meta name=\"description\" content=\"Napoleon blieb im Kampfe gegen die Preu\u00dfen und Russen Sieger und schlo\u00df im Juli 1807 zu Tilsit mit beiden Gegnern Friede.\" \/>\n<meta name=\"robots\" content=\"index, follow, max-snippet:-1, max-image-preview:large, max-video-preview:-1\" \/>\n<link rel=\"canonical\" href=\"https:\/\/www.ewigerbund.org\/sachsen\/landesgeschichte\/19-jahrhundert\/1807-der-tilsiter-friede\/\" \/>\n<meta property=\"og:locale\" content=\"de_DE\" \/>\n<meta property=\"og:type\" content=\"article\" \/>\n<meta property=\"og:title\" content=\"1807. Der Tilsiter Friede. &#8226; K\u00f6nigreich Sachsen.\" \/>\n<meta property=\"og:description\" content=\"Napoleon blieb im Kampfe gegen die Preu\u00dfen und Russen Sieger und schlo\u00df im Juli 1807 zu Tilsit mit beiden Gegnern Friede.\" \/>\n<meta property=\"og:url\" content=\"https:\/\/www.ewigerbund.org\/sachsen\/landesgeschichte\/19-jahrhundert\/1807-der-tilsiter-friede\/\" \/>\n<meta property=\"og:site_name\" content=\"K\u00f6nigreich Sachsen\" \/>\n<meta property=\"article:modified_time\" content=\"2023-07-06T19:57:02+00:00\" \/>\n<meta property=\"og:image\" content=\"https:\/\/www.ewigerbund.org\/sachsen\/wp-content\/uploads\/sites\/14\/2022\/12\/1807-Tilsit-Napoleon.jpg\" \/>\n\t<meta property=\"og:image:width\" content=\"1200\" \/>\n\t<meta property=\"og:image:height\" content=\"680\" \/>\n\t<meta property=\"og:image:type\" content=\"image\/jpeg\" \/>\n<meta name=\"twitter:card\" content=\"summary_large_image\" \/>\n<meta name=\"twitter:label1\" content=\"Gesch\u00e4tzte Lesezeit\" \/>\n\t<meta name=\"twitter:data1\" content=\"4\u00a0Minuten\" \/>\n<script type=\"application\/ld+json\" class=\"yoast-schema-graph\">{\"@context\":\"https:\/\/schema.org\",\"@graph\":[{\"@type\":\"WebPage\",\"@id\":\"https:\/\/www.ewigerbund.org\/sachsen\/landesgeschichte\/19-jahrhundert\/1807-der-tilsiter-friede\/\",\"url\":\"https:\/\/www.ewigerbund.org\/sachsen\/landesgeschichte\/19-jahrhundert\/1807-der-tilsiter-friede\/\",\"name\":\"1807. Der Tilsiter Friede. &#8226; K\u00f6nigreich Sachsen.\",\"isPartOf\":{\"@id\":\"https:\/\/www.ewigerbund.org\/sachsen\/#website\"},\"primaryImageOfPage\":{\"@id\":\"https:\/\/www.ewigerbund.org\/sachsen\/landesgeschichte\/19-jahrhundert\/1807-der-tilsiter-friede\/#primaryimage\"},\"image\":{\"@id\":\"https:\/\/www.ewigerbund.org\/sachsen\/landesgeschichte\/19-jahrhundert\/1807-der-tilsiter-friede\/#primaryimage\"},\"thumbnailUrl\":\"https:\/\/www.ewigerbund.org\/sachsen\/wp-content\/uploads\/sites\/14\/2022\/12\/1807-Tilsit-Napoleon.jpg\",\"datePublished\":\"2022-12-07T14:57:01+00:00\",\"dateModified\":\"2023-07-06T19:57:02+00:00\",\"description\":\"Napoleon blieb im Kampfe gegen die Preu\u00dfen und Russen Sieger und schlo\u00df im Juli 1807 zu Tilsit mit beiden Gegnern Friede.\",\"breadcrumb\":{\"@id\":\"https:\/\/www.ewigerbund.org\/sachsen\/landesgeschichte\/19-jahrhundert\/1807-der-tilsiter-friede\/#breadcrumb\"},\"inLanguage\":\"de\",\"potentialAction\":[{\"@type\":\"ReadAction\",\"target\":[\"https:\/\/www.ewigerbund.org\/sachsen\/landesgeschichte\/19-jahrhundert\/1807-der-tilsiter-friede\/\"]}]},{\"@type\":\"ImageObject\",\"inLanguage\":\"de\",\"@id\":\"https:\/\/www.ewigerbund.org\/sachsen\/landesgeschichte\/19-jahrhundert\/1807-der-tilsiter-friede\/#primaryimage\",\"url\":\"https:\/\/www.ewigerbund.org\/sachsen\/wp-content\/uploads\/sites\/14\/2022\/12\/1807-Tilsit-Napoleon.jpg\",\"contentUrl\":\"https:\/\/www.ewigerbund.org\/sachsen\/wp-content\/uploads\/sites\/14\/2022\/12\/1807-Tilsit-Napoleon.jpg\",\"width\":1200,\"height\":680,\"caption\":\"Napoleon empf\u00e4ngt die preu\u00dfische K\u00f6nigin in Tilsit.\"},{\"@type\":\"BreadcrumbList\",\"@id\":\"https:\/\/www.ewigerbund.org\/sachsen\/landesgeschichte\/19-jahrhundert\/1807-der-tilsiter-friede\/#breadcrumb\",\"itemListElement\":[{\"@type\":\"ListItem\",\"position\":1,\"name\":\"Startseite.\",\"item\":\"https:\/\/www.ewigerbund.org\/sachsen\/\"},{\"@type\":\"ListItem\",\"position\":2,\"name\":\"Landesgeschichte.\",\"item\":\"https:\/\/www.ewigerbund.org\/sachsen\/landesgeschichte\/\"},{\"@type\":\"ListItem\",\"position\":3,\"name\":\"19. Jahrhundert.\",\"item\":\"https:\/\/www.ewigerbund.org\/sachsen\/landesgeschichte\/19-jahrhundert\/\"},{\"@type\":\"ListItem\",\"position\":4,\"name\":\"1807. Der Tilsiter Friede.\"}]},{\"@type\":\"WebSite\",\"@id\":\"https:\/\/www.ewigerbund.org\/sachsen\/#website\",\"url\":\"https:\/\/www.ewigerbund.org\/sachsen\/\",\"name\":\"K\u00f6nigreich Sachsen\",\"description\":\"im ewigen Bund.\",\"publisher\":{\"@id\":\"https:\/\/www.ewigerbund.org\/sachsen\/#organization\"},\"potentialAction\":[{\"@type\":\"SearchAction\",\"target\":{\"@type\":\"EntryPoint\",\"urlTemplate\":\"https:\/\/www.ewigerbund.org\/sachsen\/?s={search_term_string}\"},\"query-input\":\"required name=search_term_string\"}],\"inLanguage\":\"de\"},{\"@type\":\"Organization\",\"@id\":\"https:\/\/www.ewigerbund.org\/sachsen\/#organization\",\"name\":\"K\u00f6nigreich Sachsen\",\"url\":\"https:\/\/www.ewigerbund.org\/sachsen\/\",\"logo\":{\"@type\":\"ImageObject\",\"inLanguage\":\"de\",\"@id\":\"https:\/\/www.ewigerbund.org\/sachsen\/#\/schema\/logo\/image\/\",\"url\":\"https:\/\/www.ewigerbund.org\/sachsen\/wp-content\/uploads\/sites\/14\/2022\/11\/cropped-2022-09-10-Logo-EB-Sachsen-Schutzzone_Schatten-transparent-1200px-1.png\",\"contentUrl\":\"https:\/\/www.ewigerbund.org\/sachsen\/wp-content\/uploads\/sites\/14\/2022\/11\/cropped-2022-09-10-Logo-EB-Sachsen-Schutzzone_Schatten-transparent-1200px-1.png\",\"width\":1200,\"height\":1200,\"caption\":\"K\u00f6nigreich Sachsen\"},\"image\":{\"@id\":\"https:\/\/www.ewigerbund.org\/sachsen\/#\/schema\/logo\/image\/\"}}]}<\/script>\n<!-- \/ Yoast SEO plugin. -->","yoast_head_json":{"title":"1807. Der Tilsiter Friede. &#8226; K\u00f6nigreich Sachsen.","description":"Napoleon blieb im Kampfe gegen die Preu\u00dfen und Russen Sieger und schlo\u00df im Juli 1807 zu Tilsit mit beiden Gegnern Friede.","robots":{"index":"index","follow":"follow","max-snippet":"max-snippet:-1","max-image-preview":"max-image-preview:large","max-video-preview":"max-video-preview:-1"},"canonical":"https:\/\/www.ewigerbund.org\/sachsen\/landesgeschichte\/19-jahrhundert\/1807-der-tilsiter-friede\/","og_locale":"de_DE","og_type":"article","og_title":"1807. Der Tilsiter Friede. &#8226; K\u00f6nigreich Sachsen.","og_description":"Napoleon blieb im Kampfe gegen die Preu\u00dfen und Russen Sieger und schlo\u00df im Juli 1807 zu Tilsit mit beiden Gegnern Friede.","og_url":"https:\/\/www.ewigerbund.org\/sachsen\/landesgeschichte\/19-jahrhundert\/1807-der-tilsiter-friede\/","og_site_name":"K\u00f6nigreich Sachsen","article_modified_time":"2023-07-06T19:57:02+00:00","og_image":[{"width":1200,"height":680,"url":"https:\/\/www.ewigerbund.org\/sachsen\/wp-content\/uploads\/sites\/14\/2022\/12\/1807-Tilsit-Napoleon.jpg","type":"image\/jpeg"}],"twitter_card":"summary_large_image","twitter_misc":{"Gesch\u00e4tzte Lesezeit":"4\u00a0Minuten"},"schema":{"@context":"https:\/\/schema.org","@graph":[{"@type":"WebPage","@id":"https:\/\/www.ewigerbund.org\/sachsen\/landesgeschichte\/19-jahrhundert\/1807-der-tilsiter-friede\/","url":"https:\/\/www.ewigerbund.org\/sachsen\/landesgeschichte\/19-jahrhundert\/1807-der-tilsiter-friede\/","name":"1807. Der Tilsiter Friede. &#8226; K\u00f6nigreich Sachsen.","isPartOf":{"@id":"https:\/\/www.ewigerbund.org\/sachsen\/#website"},"primaryImageOfPage":{"@id":"https:\/\/www.ewigerbund.org\/sachsen\/landesgeschichte\/19-jahrhundert\/1807-der-tilsiter-friede\/#primaryimage"},"image":{"@id":"https:\/\/www.ewigerbund.org\/sachsen\/landesgeschichte\/19-jahrhundert\/1807-der-tilsiter-friede\/#primaryimage"},"thumbnailUrl":"https:\/\/www.ewigerbund.org\/sachsen\/wp-content\/uploads\/sites\/14\/2022\/12\/1807-Tilsit-Napoleon.jpg","datePublished":"2022-12-07T14:57:01+00:00","dateModified":"2023-07-06T19:57:02+00:00","description":"Napoleon blieb im Kampfe gegen die Preu\u00dfen und Russen Sieger und schlo\u00df im Juli 1807 zu Tilsit mit beiden Gegnern Friede.","breadcrumb":{"@id":"https:\/\/www.ewigerbund.org\/sachsen\/landesgeschichte\/19-jahrhundert\/1807-der-tilsiter-friede\/#breadcrumb"},"inLanguage":"de","potentialAction":[{"@type":"ReadAction","target":["https:\/\/www.ewigerbund.org\/sachsen\/landesgeschichte\/19-jahrhundert\/1807-der-tilsiter-friede\/"]}]},{"@type":"ImageObject","inLanguage":"de","@id":"https:\/\/www.ewigerbund.org\/sachsen\/landesgeschichte\/19-jahrhundert\/1807-der-tilsiter-friede\/#primaryimage","url":"https:\/\/www.ewigerbund.org\/sachsen\/wp-content\/uploads\/sites\/14\/2022\/12\/1807-Tilsit-Napoleon.jpg","contentUrl":"https:\/\/www.ewigerbund.org\/sachsen\/wp-content\/uploads\/sites\/14\/2022\/12\/1807-Tilsit-Napoleon.jpg","width":1200,"height":680,"caption":"Napoleon empf\u00e4ngt die preu\u00dfische K\u00f6nigin in Tilsit."},{"@type":"BreadcrumbList","@id":"https:\/\/www.ewigerbund.org\/sachsen\/landesgeschichte\/19-jahrhundert\/1807-der-tilsiter-friede\/#breadcrumb","itemListElement":[{"@type":"ListItem","position":1,"name":"Startseite.","item":"https:\/\/www.ewigerbund.org\/sachsen\/"},{"@type":"ListItem","position":2,"name":"Landesgeschichte.","item":"https:\/\/www.ewigerbund.org\/sachsen\/landesgeschichte\/"},{"@type":"ListItem","position":3,"name":"19. Jahrhundert.","item":"https:\/\/www.ewigerbund.org\/sachsen\/landesgeschichte\/19-jahrhundert\/"},{"@type":"ListItem","position":4,"name":"1807. Der Tilsiter Friede."}]},{"@type":"WebSite","@id":"https:\/\/www.ewigerbund.org\/sachsen\/#website","url":"https:\/\/www.ewigerbund.org\/sachsen\/","name":"K\u00f6nigreich Sachsen","description":"im ewigen Bund.","publisher":{"@id":"https:\/\/www.ewigerbund.org\/sachsen\/#organization"},"potentialAction":[{"@type":"SearchAction","target":{"@type":"EntryPoint","urlTemplate":"https:\/\/www.ewigerbund.org\/sachsen\/?s={search_term_string}"},"query-input":"required name=search_term_string"}],"inLanguage":"de"},{"@type":"Organization","@id":"https:\/\/www.ewigerbund.org\/sachsen\/#organization","name":"K\u00f6nigreich Sachsen","url":"https:\/\/www.ewigerbund.org\/sachsen\/","logo":{"@type":"ImageObject","inLanguage":"de","@id":"https:\/\/www.ewigerbund.org\/sachsen\/#\/schema\/logo\/image\/","url":"https:\/\/www.ewigerbund.org\/sachsen\/wp-content\/uploads\/sites\/14\/2022\/11\/cropped-2022-09-10-Logo-EB-Sachsen-Schutzzone_Schatten-transparent-1200px-1.png","contentUrl":"https:\/\/www.ewigerbund.org\/sachsen\/wp-content\/uploads\/sites\/14\/2022\/11\/cropped-2022-09-10-Logo-EB-Sachsen-Schutzzone_Schatten-transparent-1200px-1.png","width":1200,"height":1200,"caption":"K\u00f6nigreich Sachsen"},"image":{"@id":"https:\/\/www.ewigerbund.org\/sachsen\/#\/schema\/logo\/image\/"}}]}},"_links":{"self":[{"href":"https:\/\/www.ewigerbund.org\/sachsen\/wp-json\/wp\/v2\/pages\/840","targetHints":{"allow":["GET"]}}],"collection":[{"href":"https:\/\/www.ewigerbund.org\/sachsen\/wp-json\/wp\/v2\/pages"}],"about":[{"href":"https:\/\/www.ewigerbund.org\/sachsen\/wp-json\/wp\/v2\/types\/page"}],"author":[{"embeddable":true,"href":"https:\/\/www.ewigerbund.org\/sachsen\/wp-json\/wp\/v2\/users\/1"}],"replies":[{"embeddable":true,"href":"https:\/\/www.ewigerbund.org\/sachsen\/wp-json\/wp\/v2\/comments?post=840"}],"version-history":[{"count":6,"href":"https:\/\/www.ewigerbund.org\/sachsen\/wp-json\/wp\/v2\/pages\/840\/revisions"}],"predecessor-version":[{"id":1313,"href":"https:\/\/www.ewigerbund.org\/sachsen\/wp-json\/wp\/v2\/pages\/840\/revisions\/1313"}],"up":[{"embeddable":true,"href":"https:\/\/www.ewigerbund.org\/sachsen\/wp-json\/wp\/v2\/pages\/793"}],"wp:featuredmedia":[{"embeddable":true,"href":"https:\/\/www.ewigerbund.org\/sachsen\/wp-json\/wp\/v2\/media\/843"}],"wp:attachment":[{"href":"https:\/\/www.ewigerbund.org\/sachsen\/wp-json\/wp\/v2\/media?parent=840"}],"wp:term":[{"taxonomy":"category","embeddable":true,"href":"https:\/\/www.ewigerbund.org\/sachsen\/wp-json\/wp\/v2\/categories?post=840"},{"taxonomy":"post_tag","embeddable":true,"href":"https:\/\/www.ewigerbund.org\/sachsen\/wp-json\/wp\/v2\/tags?post=840"}],"curies":[{"name":"wp","href":"https:\/\/api.w.org\/{rel}","templated":true}]}}