{"id":797,"date":"2022-12-04T19:22:12","date_gmt":"2022-12-04T18:22:12","guid":{"rendered":"https:\/\/www.ewigerbund.org\/sachsen\/?page_id=797"},"modified":"2023-07-06T22:07:28","modified_gmt":"2023-07-06T20:07:28","slug":"1806-sachsen-als-koenigreich","status":"publish","type":"page","link":"https:\/\/www.ewigerbund.org\/sachsen\/landesgeschichte\/19-jahrhundert\/1806-sachsen-als-koenigreich\/","title":{"rendered":"1806. Verpflichtung zum Rheinbund."},"content":{"rendered":"\n<p>Eine der ersten Pflichten, welche der mit dem Kaiser Napoleon abgeschlossene Friede dem nunmehrigen K\u00f6nige von Sachsen auferlegte, war der Beitritt zum Rheinbunde. Mit diesem Bunde hatte es folgende Bewandtni\u00df. In der Mitte des Jahres 1806 schlo\u00df der franz\u00f6sische Kaiser mit verschiedenen F\u00fcrsten, z. B. mit den K\u00f6nigen von Bayern, W\u00fcrttemberg, ferner mit den F\u00fcrsten von Baden, Hessen etc. in Paris ein B\u00fcndni\u00df, welches man den <strong>Rheinbund<\/strong> nannte. S\u00e4mmtliche F\u00fcrsten dieses Bundes mu\u00dften sich verpflichten, jeden Krieg gegen Frankreich so anzusehen, als w\u00fcrde er gegen sie gef\u00fchrt. F\u00fcr dieses Opfer wurden sie unbeschr\u00e4nkte (souver\u00e4ne) Herren ihrer L\u00e4nder und standen nicht mehr unter dem deutschen Kaiser. Zugleich erkl\u00e4rte sich Napoleon zum Protektor (Besch\u00fctzer) des Rheinbundes.  <\/p>\n\n\n\n<figure class=\"wp-block-image size-full\"><img loading=\"lazy\" decoding=\"async\" width=\"1200\" height=\"680\" src=\"https:\/\/www.ewigerbund.org\/sachsen\/wp-content\/uploads\/sites\/14\/2022\/12\/Geschichte-1805-Rheinbund-1200px.jpg\" alt=\"Rheinbundakte vom 12. Juli 1806 mit der Unterschrift Napoleons.\" class=\"wp-image-792\" srcset=\"https:\/\/www.ewigerbund.org\/sachsen\/wp-content\/uploads\/sites\/14\/2022\/12\/Geschichte-1805-Rheinbund-1200px.jpg 1200w, https:\/\/www.ewigerbund.org\/sachsen\/wp-content\/uploads\/sites\/14\/2022\/12\/Geschichte-1805-Rheinbund-1200px-300x170.jpg 300w, https:\/\/www.ewigerbund.org\/sachsen\/wp-content\/uploads\/sites\/14\/2022\/12\/Geschichte-1805-Rheinbund-1200px-1024x580.jpg 1024w, https:\/\/www.ewigerbund.org\/sachsen\/wp-content\/uploads\/sites\/14\/2022\/12\/Geschichte-1805-Rheinbund-1200px-768x435.jpg 768w\" sizes=\"auto, (max-width: 1200px) 100vw, 1200px\" \/><figcaption class=\"wp-element-caption\"><em>Rheinbundakte vom 12. Juli 1806 mit der Unterschrift Napoleons.<\/em><\/figcaption><\/figure>\n\n\n\n<p>Bis zum Jahre 1806 stand an der Spitze des deutschen Reiches ein Kaiser, welchen die Kurf\u00fcrsten w\u00e4hlten und welchen die deutschen F\u00fcrsten als ihren Oberherrn anzuerkennen hatten. Die dem Rheinbunde beigetretenen F\u00fcrsten erkl\u00e4rten ihren Austritt aus dem deutschen Reichsverbande, was der deutsche Kaiser (Franz II.) ruhig geschehen lassen mu\u00dfte, da sich gegen den m\u00e4chtigen Besch\u00fctzer jenes Bundes nichts thun lie\u00df. Er hielt es unter solchen Verh\u00e4ltnissen f\u00fcr gerathen, seine W\u00fcrde niederzulegen, nahm aber daf\u00fcr den Titel: Kaiser von Oesterreich (Franz I.) an. Somit erreichte im Jahre 1806 das deutsche Reich, von Karl dem Gro\u00dfen gegr\u00fcndet, nach einem tausendj\u00e4hrigen Bestehen sein Ende. (Die Wiederaufrichtung desselben siehe weiter unten.)  <\/p>\n\n\n\n<p>W\u00e4hrend dieser Vorg\u00e4nge machten die franz\u00f6sischen Waffen in Preu\u00dfen unglaubliche Fortschritte. K\u00f6nig Friedrich Wilhelm von Preu\u00dfen befand sich in der peinlichsten Lage. Da d\u00e4mmerte in seiner Seele ein neuer Hoffnungsstrahl auf. Ru\u00dflands gro\u00dfer Kaiser, Alexander I., sagte ihm seine Hilfe zu und lie\u00df ein Armeecorps nach Preu\u00dfen vorr\u00fccken. Napoleon s\u00e4umte ebenfalls nicht, sein Heer zu verst\u00e4rken. Da unser K\u00f6nig dem Rheinbunde beizutreten gezwungen worden war, so mu\u00dfte er auch seine Truppen mit dem franz\u00f6sischen Heere vereinigen. Mit gr\u00f6\u00dftem Widerstreben lie\u00df er 6000 Mann zu dieser Armee abmarschiren.<\/p>\n\n\n<div class=\"gb-button-wrapper gb-button-wrapper-6e087694\">\n\n<a class=\"gb-button gb-button-890dd4df\" href=\"javascript:history.back();\"><span class=\"gb-icon\"><svg aria-hidden=\"true\" role=\"img\" height=\"1em\" width=\"1em\" viewBox=\"0 0 256 512\" xmlns=\"http:\/\/www.w3.org\/2000\/svg\"><path fill=\"currentColor\" d=\"M31.7 239l136-136c9.4-9.4 24.6-9.4 33.9 0l22.6 22.6c9.4 9.4 9.4 24.6 0 33.9L127.9 256l96.4 96.4c9.4 9.4 9.4 24.6 0 33.9L201.7 409c-9.4 9.4-24.6 9.4-33.9 0l-136-136c-9.5-9.4-9.5-24.6-.1-34z\"><\/path><\/svg><\/span><span class=\"gb-button-text\">Zur\u00fcck.<\/span><\/a>\n\n<\/div>\n\n\n<hr class=\"wp-block-separator has-alpha-channel-opacity is-style-dots\"\/>\n\n\n\n<p class=\"gb-headline gb-headline-59653ab4 gb-headline-text\"><strong>Quellangaben und Verweise.<\/strong><br><sub>Aus: Geschichte des K\u00f6nigreichs Sachsen mit besonderer Ber\u00fccksichtigung der wichtigsten culturgeschichtlichen Erscheinungen. Autor: Karl Petermann, Direktor der evangelischen Freischule in Dresden. Leipzig 1881. Verlag von Julius Klingkhardt. Seite 376-379.<\/sub><br><sub>Quelle: <a href=\"https:\/\/staatsbibliothek.ewigerbund.org\/viewer\/image\/p_gesch_sachsen\/1\/LOG_0000\/\" target=\"_blank\" rel=\"noreferrer noopener\">https:\/\/staatsbibliothek.ewigerbund.org\/viewer\/image\/p_gesch_sachsen\/1\/LOG_<\/a><\/sub><\/p>\n\n\n\n<p><\/p>\n","protected":false},"excerpt":{"rendered":"<p>Eine der ersten Pflichten, welche der mit dem Kaiser Napoleon abgeschlossene Friede dem nunmehrigen K\u00f6nige von Sachsen auferlegte, war der Beitritt zum Rheinbunde. Mit diesem Bunde hatte es folgende Bewandtni\u00df. In der Mitte des Jahres 1806 schlo\u00df der franz\u00f6sische Kaiser mit verschiedenen F\u00fcrsten, z. B. mit den K\u00f6nigen von Bayern, W\u00fcrttemberg, ferner mit den F\u00fcrsten &#8230; <a title=\"1806. Verpflichtung zum Rheinbund.\" class=\"read-more\" href=\"https:\/\/www.ewigerbund.org\/sachsen\/landesgeschichte\/19-jahrhundert\/1806-sachsen-als-koenigreich\/\" aria-label=\"Mehr zu 1806. Verpflichtung zum Rheinbund.\">Weiterlesen &#8230;<\/a><\/p>\n","protected":false},"author":1,"featured_media":792,"parent":793,"menu_order":1,"comment_status":"closed","ping_status":"closed","template":"","meta":{"footnotes":""},"categories":[253,14],"tags":[266,263,261,265,264,268,257,254],"class_list":{"0":"post-797","1":"page","2":"type-page","3":"status-publish","4":"has-post-thumbnail","6":"category-19-jahrhundert","7":"category-landesgeschichte","8":"tag-herzogthum-warschau","9":"tag-hieronymus-von-westfalen","10":"tag-koenig-friedrich-august","11":"tag-napoleon-in-dresden","12":"tag-rheinbundakte","13":"tag-schlacht-bei-wagram","14":"tag-tilsiter-friede","15":"tag-wien"},"yoast_head":"<!-- This site is optimized with the Yoast SEO plugin v23.1 - https:\/\/yoast.com\/wordpress\/plugins\/seo\/ -->\n<title>1806. Verpflichtung zum Rheinbund. &#8226; K\u00f6nigreich Sachsen.<\/title>\n<meta name=\"description\" content=\"Wie Sachsens K\u00f6nig in einen Krieg gegen den Verb\u00fcndeten Preu\u00dfen zog, weil Napoleon das wollte und daf\u00fcr das Herzogthum Warschau anbot.\" \/>\n<meta name=\"robots\" content=\"index, follow, max-snippet:-1, max-image-preview:large, max-video-preview:-1\" \/>\n<link rel=\"canonical\" href=\"https:\/\/www.ewigerbund.org\/sachsen\/landesgeschichte\/19-jahrhundert\/1806-sachsen-als-koenigreich\/\" \/>\n<meta property=\"og:locale\" content=\"de_DE\" \/>\n<meta property=\"og:type\" content=\"article\" \/>\n<meta property=\"og:title\" content=\"1806. Verpflichtung zum Rheinbund. &#8226; K\u00f6nigreich Sachsen.\" \/>\n<meta property=\"og:description\" content=\"Wie Sachsens K\u00f6nig in einen Krieg gegen den Verb\u00fcndeten Preu\u00dfen zog, weil Napoleon das wollte und daf\u00fcr das Herzogthum Warschau anbot.\" \/>\n<meta property=\"og:url\" content=\"https:\/\/www.ewigerbund.org\/sachsen\/landesgeschichte\/19-jahrhundert\/1806-sachsen-als-koenigreich\/\" \/>\n<meta property=\"og:site_name\" content=\"K\u00f6nigreich Sachsen\" \/>\n<meta property=\"article:modified_time\" content=\"2023-07-06T20:07:28+00:00\" \/>\n<meta property=\"og:image\" content=\"https:\/\/www.ewigerbund.org\/sachsen\/wp-content\/uploads\/sites\/14\/2022\/12\/Geschichte-1805-Rheinbund-1200px.jpg\" \/>\n\t<meta property=\"og:image:width\" content=\"1200\" \/>\n\t<meta property=\"og:image:height\" content=\"680\" \/>\n\t<meta property=\"og:image:type\" content=\"image\/jpeg\" \/>\n<meta name=\"twitter:card\" content=\"summary_large_image\" \/>\n<meta name=\"twitter:label1\" content=\"Gesch\u00e4tzte Lesezeit\" \/>\n\t<meta name=\"twitter:data1\" content=\"3\u00a0Minuten\" \/>\n<script type=\"application\/ld+json\" class=\"yoast-schema-graph\">{\"@context\":\"https:\/\/schema.org\",\"@graph\":[{\"@type\":\"WebPage\",\"@id\":\"https:\/\/www.ewigerbund.org\/sachsen\/landesgeschichte\/19-jahrhundert\/1806-sachsen-als-koenigreich\/\",\"url\":\"https:\/\/www.ewigerbund.org\/sachsen\/landesgeschichte\/19-jahrhundert\/1806-sachsen-als-koenigreich\/\",\"name\":\"1806. Verpflichtung zum Rheinbund. &#8226; K\u00f6nigreich Sachsen.\",\"isPartOf\":{\"@id\":\"https:\/\/www.ewigerbund.org\/sachsen\/#website\"},\"primaryImageOfPage\":{\"@id\":\"https:\/\/www.ewigerbund.org\/sachsen\/landesgeschichte\/19-jahrhundert\/1806-sachsen-als-koenigreich\/#primaryimage\"},\"image\":{\"@id\":\"https:\/\/www.ewigerbund.org\/sachsen\/landesgeschichte\/19-jahrhundert\/1806-sachsen-als-koenigreich\/#primaryimage\"},\"thumbnailUrl\":\"https:\/\/www.ewigerbund.org\/sachsen\/wp-content\/uploads\/sites\/14\/2022\/12\/Geschichte-1805-Rheinbund-1200px.jpg\",\"datePublished\":\"2022-12-04T18:22:12+00:00\",\"dateModified\":\"2023-07-06T20:07:28+00:00\",\"description\":\"Wie Sachsens K\u00f6nig in einen Krieg gegen den Verb\u00fcndeten Preu\u00dfen zog, weil Napoleon das wollte und daf\u00fcr das Herzogthum Warschau anbot.\",\"breadcrumb\":{\"@id\":\"https:\/\/www.ewigerbund.org\/sachsen\/landesgeschichte\/19-jahrhundert\/1806-sachsen-als-koenigreich\/#breadcrumb\"},\"inLanguage\":\"de\",\"potentialAction\":[{\"@type\":\"ReadAction\",\"target\":[\"https:\/\/www.ewigerbund.org\/sachsen\/landesgeschichte\/19-jahrhundert\/1806-sachsen-als-koenigreich\/\"]}]},{\"@type\":\"ImageObject\",\"inLanguage\":\"de\",\"@id\":\"https:\/\/www.ewigerbund.org\/sachsen\/landesgeschichte\/19-jahrhundert\/1806-sachsen-als-koenigreich\/#primaryimage\",\"url\":\"https:\/\/www.ewigerbund.org\/sachsen\/wp-content\/uploads\/sites\/14\/2022\/12\/Geschichte-1805-Rheinbund-1200px.jpg\",\"contentUrl\":\"https:\/\/www.ewigerbund.org\/sachsen\/wp-content\/uploads\/sites\/14\/2022\/12\/Geschichte-1805-Rheinbund-1200px.jpg\",\"width\":1200,\"height\":680,\"caption\":\"Rheinbundakte 1806.\"},{\"@type\":\"BreadcrumbList\",\"@id\":\"https:\/\/www.ewigerbund.org\/sachsen\/landesgeschichte\/19-jahrhundert\/1806-sachsen-als-koenigreich\/#breadcrumb\",\"itemListElement\":[{\"@type\":\"ListItem\",\"position\":1,\"name\":\"Startseite.\",\"item\":\"https:\/\/www.ewigerbund.org\/sachsen\/\"},{\"@type\":\"ListItem\",\"position\":2,\"name\":\"Landesgeschichte.\",\"item\":\"https:\/\/www.ewigerbund.org\/sachsen\/landesgeschichte\/\"},{\"@type\":\"ListItem\",\"position\":3,\"name\":\"19. Jahrhundert.\",\"item\":\"https:\/\/www.ewigerbund.org\/sachsen\/landesgeschichte\/19-jahrhundert\/\"},{\"@type\":\"ListItem\",\"position\":4,\"name\":\"1806. Verpflichtung zum Rheinbund.\"}]},{\"@type\":\"WebSite\",\"@id\":\"https:\/\/www.ewigerbund.org\/sachsen\/#website\",\"url\":\"https:\/\/www.ewigerbund.org\/sachsen\/\",\"name\":\"K\u00f6nigreich Sachsen\",\"description\":\"im ewigen Bund.\",\"publisher\":{\"@id\":\"https:\/\/www.ewigerbund.org\/sachsen\/#organization\"},\"potentialAction\":[{\"@type\":\"SearchAction\",\"target\":{\"@type\":\"EntryPoint\",\"urlTemplate\":\"https:\/\/www.ewigerbund.org\/sachsen\/?s={search_term_string}\"},\"query-input\":\"required name=search_term_string\"}],\"inLanguage\":\"de\"},{\"@type\":\"Organization\",\"@id\":\"https:\/\/www.ewigerbund.org\/sachsen\/#organization\",\"name\":\"K\u00f6nigreich Sachsen\",\"url\":\"https:\/\/www.ewigerbund.org\/sachsen\/\",\"logo\":{\"@type\":\"ImageObject\",\"inLanguage\":\"de\",\"@id\":\"https:\/\/www.ewigerbund.org\/sachsen\/#\/schema\/logo\/image\/\",\"url\":\"https:\/\/www.ewigerbund.org\/sachsen\/wp-content\/uploads\/sites\/14\/2022\/11\/cropped-2022-09-10-Logo-EB-Sachsen-Schutzzone_Schatten-transparent-1200px-1.png\",\"contentUrl\":\"https:\/\/www.ewigerbund.org\/sachsen\/wp-content\/uploads\/sites\/14\/2022\/11\/cropped-2022-09-10-Logo-EB-Sachsen-Schutzzone_Schatten-transparent-1200px-1.png\",\"width\":1200,\"height\":1200,\"caption\":\"K\u00f6nigreich Sachsen\"},\"image\":{\"@id\":\"https:\/\/www.ewigerbund.org\/sachsen\/#\/schema\/logo\/image\/\"}}]}<\/script>\n<!-- \/ Yoast SEO plugin. -->","yoast_head_json":{"title":"1806. Verpflichtung zum Rheinbund. &#8226; K\u00f6nigreich Sachsen.","description":"Wie Sachsens K\u00f6nig in einen Krieg gegen den Verb\u00fcndeten Preu\u00dfen zog, weil Napoleon das wollte und daf\u00fcr das Herzogthum Warschau anbot.","robots":{"index":"index","follow":"follow","max-snippet":"max-snippet:-1","max-image-preview":"max-image-preview:large","max-video-preview":"max-video-preview:-1"},"canonical":"https:\/\/www.ewigerbund.org\/sachsen\/landesgeschichte\/19-jahrhundert\/1806-sachsen-als-koenigreich\/","og_locale":"de_DE","og_type":"article","og_title":"1806. Verpflichtung zum Rheinbund. &#8226; K\u00f6nigreich Sachsen.","og_description":"Wie Sachsens K\u00f6nig in einen Krieg gegen den Verb\u00fcndeten Preu\u00dfen zog, weil Napoleon das wollte und daf\u00fcr das Herzogthum Warschau anbot.","og_url":"https:\/\/www.ewigerbund.org\/sachsen\/landesgeschichte\/19-jahrhundert\/1806-sachsen-als-koenigreich\/","og_site_name":"K\u00f6nigreich Sachsen","article_modified_time":"2023-07-06T20:07:28+00:00","og_image":[{"width":1200,"height":680,"url":"https:\/\/www.ewigerbund.org\/sachsen\/wp-content\/uploads\/sites\/14\/2022\/12\/Geschichte-1805-Rheinbund-1200px.jpg","type":"image\/jpeg"}],"twitter_card":"summary_large_image","twitter_misc":{"Gesch\u00e4tzte Lesezeit":"3\u00a0Minuten"},"schema":{"@context":"https:\/\/schema.org","@graph":[{"@type":"WebPage","@id":"https:\/\/www.ewigerbund.org\/sachsen\/landesgeschichte\/19-jahrhundert\/1806-sachsen-als-koenigreich\/","url":"https:\/\/www.ewigerbund.org\/sachsen\/landesgeschichte\/19-jahrhundert\/1806-sachsen-als-koenigreich\/","name":"1806. Verpflichtung zum Rheinbund. &#8226; K\u00f6nigreich Sachsen.","isPartOf":{"@id":"https:\/\/www.ewigerbund.org\/sachsen\/#website"},"primaryImageOfPage":{"@id":"https:\/\/www.ewigerbund.org\/sachsen\/landesgeschichte\/19-jahrhundert\/1806-sachsen-als-koenigreich\/#primaryimage"},"image":{"@id":"https:\/\/www.ewigerbund.org\/sachsen\/landesgeschichte\/19-jahrhundert\/1806-sachsen-als-koenigreich\/#primaryimage"},"thumbnailUrl":"https:\/\/www.ewigerbund.org\/sachsen\/wp-content\/uploads\/sites\/14\/2022\/12\/Geschichte-1805-Rheinbund-1200px.jpg","datePublished":"2022-12-04T18:22:12+00:00","dateModified":"2023-07-06T20:07:28+00:00","description":"Wie Sachsens K\u00f6nig in einen Krieg gegen den Verb\u00fcndeten Preu\u00dfen zog, weil Napoleon das wollte und daf\u00fcr das Herzogthum Warschau anbot.","breadcrumb":{"@id":"https:\/\/www.ewigerbund.org\/sachsen\/landesgeschichte\/19-jahrhundert\/1806-sachsen-als-koenigreich\/#breadcrumb"},"inLanguage":"de","potentialAction":[{"@type":"ReadAction","target":["https:\/\/www.ewigerbund.org\/sachsen\/landesgeschichte\/19-jahrhundert\/1806-sachsen-als-koenigreich\/"]}]},{"@type":"ImageObject","inLanguage":"de","@id":"https:\/\/www.ewigerbund.org\/sachsen\/landesgeschichte\/19-jahrhundert\/1806-sachsen-als-koenigreich\/#primaryimage","url":"https:\/\/www.ewigerbund.org\/sachsen\/wp-content\/uploads\/sites\/14\/2022\/12\/Geschichte-1805-Rheinbund-1200px.jpg","contentUrl":"https:\/\/www.ewigerbund.org\/sachsen\/wp-content\/uploads\/sites\/14\/2022\/12\/Geschichte-1805-Rheinbund-1200px.jpg","width":1200,"height":680,"caption":"Rheinbundakte 1806."},{"@type":"BreadcrumbList","@id":"https:\/\/www.ewigerbund.org\/sachsen\/landesgeschichte\/19-jahrhundert\/1806-sachsen-als-koenigreich\/#breadcrumb","itemListElement":[{"@type":"ListItem","position":1,"name":"Startseite.","item":"https:\/\/www.ewigerbund.org\/sachsen\/"},{"@type":"ListItem","position":2,"name":"Landesgeschichte.","item":"https:\/\/www.ewigerbund.org\/sachsen\/landesgeschichte\/"},{"@type":"ListItem","position":3,"name":"19. Jahrhundert.","item":"https:\/\/www.ewigerbund.org\/sachsen\/landesgeschichte\/19-jahrhundert\/"},{"@type":"ListItem","position":4,"name":"1806. Verpflichtung zum Rheinbund."}]},{"@type":"WebSite","@id":"https:\/\/www.ewigerbund.org\/sachsen\/#website","url":"https:\/\/www.ewigerbund.org\/sachsen\/","name":"K\u00f6nigreich Sachsen","description":"im ewigen Bund.","publisher":{"@id":"https:\/\/www.ewigerbund.org\/sachsen\/#organization"},"potentialAction":[{"@type":"SearchAction","target":{"@type":"EntryPoint","urlTemplate":"https:\/\/www.ewigerbund.org\/sachsen\/?s={search_term_string}"},"query-input":"required name=search_term_string"}],"inLanguage":"de"},{"@type":"Organization","@id":"https:\/\/www.ewigerbund.org\/sachsen\/#organization","name":"K\u00f6nigreich Sachsen","url":"https:\/\/www.ewigerbund.org\/sachsen\/","logo":{"@type":"ImageObject","inLanguage":"de","@id":"https:\/\/www.ewigerbund.org\/sachsen\/#\/schema\/logo\/image\/","url":"https:\/\/www.ewigerbund.org\/sachsen\/wp-content\/uploads\/sites\/14\/2022\/11\/cropped-2022-09-10-Logo-EB-Sachsen-Schutzzone_Schatten-transparent-1200px-1.png","contentUrl":"https:\/\/www.ewigerbund.org\/sachsen\/wp-content\/uploads\/sites\/14\/2022\/11\/cropped-2022-09-10-Logo-EB-Sachsen-Schutzzone_Schatten-transparent-1200px-1.png","width":1200,"height":1200,"caption":"K\u00f6nigreich Sachsen"},"image":{"@id":"https:\/\/www.ewigerbund.org\/sachsen\/#\/schema\/logo\/image\/"}}]}},"_links":{"self":[{"href":"https:\/\/www.ewigerbund.org\/sachsen\/wp-json\/wp\/v2\/pages\/797","targetHints":{"allow":["GET"]}}],"collection":[{"href":"https:\/\/www.ewigerbund.org\/sachsen\/wp-json\/wp\/v2\/pages"}],"about":[{"href":"https:\/\/www.ewigerbund.org\/sachsen\/wp-json\/wp\/v2\/types\/page"}],"author":[{"embeddable":true,"href":"https:\/\/www.ewigerbund.org\/sachsen\/wp-json\/wp\/v2\/users\/1"}],"replies":[{"embeddable":true,"href":"https:\/\/www.ewigerbund.org\/sachsen\/wp-json\/wp\/v2\/comments?post=797"}],"version-history":[{"count":16,"href":"https:\/\/www.ewigerbund.org\/sachsen\/wp-json\/wp\/v2\/pages\/797\/revisions"}],"predecessor-version":[{"id":1311,"href":"https:\/\/www.ewigerbund.org\/sachsen\/wp-json\/wp\/v2\/pages\/797\/revisions\/1311"}],"up":[{"embeddable":true,"href":"https:\/\/www.ewigerbund.org\/sachsen\/wp-json\/wp\/v2\/pages\/793"}],"wp:featuredmedia":[{"embeddable":true,"href":"https:\/\/www.ewigerbund.org\/sachsen\/wp-json\/wp\/v2\/media\/792"}],"wp:attachment":[{"href":"https:\/\/www.ewigerbund.org\/sachsen\/wp-json\/wp\/v2\/media?parent=797"}],"wp:term":[{"taxonomy":"category","embeddable":true,"href":"https:\/\/www.ewigerbund.org\/sachsen\/wp-json\/wp\/v2\/categories?post=797"},{"taxonomy":"post_tag","embeddable":true,"href":"https:\/\/www.ewigerbund.org\/sachsen\/wp-json\/wp\/v2\/tags?post=797"}],"curies":[{"name":"wp","href":"https:\/\/api.w.org\/{rel}","templated":true}]}}