{"id":352,"date":"2022-11-11T14:29:42","date_gmt":"2022-11-11T13:29:42","guid":{"rendered":"https:\/\/www.ewigerbund.org\/sachsen\/?page_id=352"},"modified":"2023-01-21T13:24:38","modified_gmt":"2023-01-21T12:24:38","slug":"die-fruheren-bewohner-unsers-vaterlandes","status":"publish","type":"page","link":"https:\/\/www.ewigerbund.org\/sachsen\/landesgeschichte\/die-fruheren-bewohner-unsers-vaterlandes\/","title":{"rendered":"527. Sachsens fr\u00fcheste Bewohner."},"content":{"rendered":"\n<h2 class=\"wp-block-heading\">Wer sie waren und wie sie sich in unserm jetzigen Vaterlande ausbreiteten.<\/h2>\n\n\n\n<p>Unser Vaterland, das K\u00f6nigreich Sachsen, wird von einem deutschen Volksstamme, den Sachsen, und von einem slavischen, den Wenden, bewohnt. In der fr\u00fchesten Zeit hatten im jetzigen Sachsen, sobald wir von der gegenw\u00e4rtigen genauen Begrenzung absehen, andere Volksst\u00e4mme ihren Wohnsitz aufgeschlagen. Es waren dies die Hermunduren und nach ihnen die Th\u00fcringer. Jene waren ein deutscher Nomadenstamm und hatten sich in der Mitte Deutschlands und im gr\u00f6\u00dften Theile des westlichen Sachsens niedergelassen. Etwas sp\u00e4ter, als 300 nach Christo, ging zwar der Name, jedenfalls aber nicht das Volk der Hermunduren unter; nach und nach, so meint man wenigstens, habe sich derselbe in Th\u00fcringer umgestaltet. Ist dem so, dann sind die Th\u00fcringer Nachkommen der alten Hermunduren, welche Annahme viel f\u00fcr sich hat, da ein so gro\u00dfes Volk, wie dieses, wohl nicht so ohne Weiteres aus der Geschichte verschwunden sein d\u00fcrfte.<\/p>\n\n\n\n<figure class=\"wp-block-image size-full\"><img loading=\"lazy\" decoding=\"async\" width=\"1024\" height=\"580\" src=\"https:\/\/www.ewigerbund.org\/sachsen\/wp-content\/uploads\/sites\/14\/2022\/11\/2022-11-11-ackerbau.jpg\" alt=\"\" class=\"wp-image-371\" srcset=\"https:\/\/www.ewigerbund.org\/sachsen\/wp-content\/uploads\/sites\/14\/2022\/11\/2022-11-11-ackerbau.jpg 1024w, https:\/\/www.ewigerbund.org\/sachsen\/wp-content\/uploads\/sites\/14\/2022\/11\/2022-11-11-ackerbau-300x170.jpg 300w, https:\/\/www.ewigerbund.org\/sachsen\/wp-content\/uploads\/sites\/14\/2022\/11\/2022-11-11-ackerbau-768x435.jpg 768w\" sizes=\"auto, (max-width: 1024px) 100vw, 1024px\" \/><\/figure>\n\n\n\n<p>Die Th\u00fcringer, ebenfalls ein m\u00e4chtiges Volk, besa\u00dfen im mittleren Deutschland ein gro\u00dfes K\u00f6nigreich, das im Jahre 531 (527?) zerst\u00f6rt wurde. Nach dem Untergange desselben finden wir in unserm Vaterlande ein Volk, das nicht den Deutschen oder Germanen, sondern den Slaven angeh\u00f6rte, es waren dies die bereits erw\u00e4hnten (Sorben-) Wenden. In alter Zeit bewohnte das jetzige s\u00fcdliche Ru\u00dfland ein aus Asien eingewandertes Volk, Slaven genannt. Ein Stamm derselben, die Wenden, drang weiter nach Westen vor und nahm das jetzige M\u00e4hren, B\u00f6hmen, Schlesien ec. in Besitz. Von diesem Stamme l\u00f6ste sich vor ungef\u00e4hr 1300 Jahren wiederum ein Zweig ab, Sorben-Wenden genannt, und lie\u00df sich in den L\u00e4ndereien an der Elbe nieder. Hier gefiel es diesen Fremdlingen au\u00dferordentlich, sie breiteten sich deshalb nach Abend hin immer weiter aus, gelangten bis in die Leipziger und Altenburger Gegend und endlich sogar bis an die Saale. Das neue Vaterland der Eingewanderten erhielt den Namen Sorabia oder Sorbenland.<\/p>\n\n\n\n<p>Gegenw\u00e4rtig z\u00e4hlt unser Vaterland noch 60 000 Wenden, welche haupts\u00e4chlich mit zu den Bewohnern der St\u00e4dte Kamenz, Bautzen, L\u00f6bau und zu den der umliegenden D\u00f6rfer geh\u00f6ren. Bis zu dieser Stunde unterscheiden sich die Wenden von den Deutschen durch ihre Sitten und Gebr\u00e4uche, durch ihre Sprache und besonders Sonn- und Festtags auch durch ihre Kleidung. Den Vorfahren dieses Volksstammes verdanken wir auch gro\u00dfe Verdienste um den Anbau des Landes, um Gr\u00fcndung vieler St\u00e4dte und D\u00f6rfer, vieler Gewerbe. Aus diesem Grunde greift der Wenden Vorgeschichte tief in Sachsens Geschichte ein und es sei deshalb aus jener das Wichtigste hervorgehoben.<\/p>\n\n\n<div class=\"gb-button-wrapper gb-button-wrapper-2f5c4b49\">\n\n<a class=\"gb-button gb-button-a46129aa\" href=\"javascript:history.back();\"><span class=\"gb-icon\"><svg aria-hidden=\"true\" role=\"img\" height=\"1em\" width=\"1em\" viewBox=\"0 0 256 512\" xmlns=\"http:\/\/www.w3.org\/2000\/svg\"><path fill=\"currentColor\" d=\"M31.7 239l136-136c9.4-9.4 24.6-9.4 33.9 0l22.6 22.6c9.4 9.4 9.4 24.6 0 33.9L127.9 256l96.4 96.4c9.4 9.4 9.4 24.6 0 33.9L201.7 409c-9.4 9.4-24.6 9.4-33.9 0l-136-136c-9.5-9.4-9.5-24.6-.1-34z\"><\/path><\/svg><\/span><span class=\"gb-button-text\">Zur\u00fcck.<\/span><\/a>\n\n<\/div>\n\n\n<hr class=\"wp-block-separator aligncenter has-alpha-channel-opacity is-style-dots\"\/>\n\n\n\n<p class=\"gb-headline gb-headline-bf29a1e3 gb-headline-text\"><strong>Quellangaben und Verweise.<\/strong><br><sub>Aus: Geschichte des K\u00f6nigreichs Sachsen, Karl Petermann, Leipzig 1881, Verlag von Julius Klinkhardt.<\/sub><br><sub>Quelle: <a href=\"https:\/\/staatsbibliothek.ewigerbund.org\/viewer\/image\/p_gesch_sachsen\/19\/\" target=\"_blank\" rel=\"noreferrer noopener\">https:\/\/staatsbibliothek.ewigerbund.org\/viewer\/image\/p_gesch_sachsen\/19\/<\/a><\/sub><\/p>\n","protected":false},"excerpt":{"rendered":"<p>Wer sie waren und wie sie sich in unserm jetzigen Vaterlande ausbreiteten. Unser Vaterland, das K\u00f6nigreich Sachsen, wird von einem deutschen Volksstamme, den Sachsen, und von einem slavischen, den Wenden, bewohnt. In der fr\u00fchesten Zeit hatten im jetzigen Sachsen, sobald wir von der gegenw\u00e4rtigen genauen Begrenzung absehen, andere Volksst\u00e4mme ihren Wohnsitz aufgeschlagen. Es waren dies &#8230; <a title=\"527. Sachsens fr\u00fcheste Bewohner.\" class=\"read-more\" href=\"https:\/\/www.ewigerbund.org\/sachsen\/landesgeschichte\/die-fruheren-bewohner-unsers-vaterlandes\/\" aria-label=\"Mehr zu 527. Sachsens fr\u00fcheste Bewohner.\">Weiterlesen &#8230;<\/a><\/p>\n","protected":false},"author":28,"featured_media":371,"parent":249,"menu_order":0,"comment_status":"closed","ping_status":"closed","template":"","meta":{"footnotes":""},"categories":[84,14],"tags":[90,88,95,93,86,94,91,87],"class_list":{"0":"post-352","1":"page","2":"type-page","3":"status-publish","4":"has-post-thumbnail","6":"category-6-jahrhundert","7":"category-landesgeschichte","8":"tag-deutscher-volksstamm","9":"tag-hermunduren","10":"tag-slaven","11":"tag-slavischer-volksstamm","12":"tag-sorabia","13":"tag-sorben","14":"tag-sorben-wenden","15":"tag-thueringer"},"yoast_head":"<!-- This site is optimized with the Yoast SEO plugin v23.1 - https:\/\/yoast.com\/wordpress\/plugins\/seo\/ -->\n<title>527. Sachsens fr\u00fcheste Bewohner. &#8226; K\u00f6nigreich Sachsen.<\/title>\n<meta name=\"description\" content=\"Hermunduren werden zu Th\u00fcringern und die Sorben-Wenden besiedeln M\u00e4hren, B\u00f6hmen, Schlesien und L\u00e4ndereien an der Elbe.\" \/>\n<meta name=\"robots\" content=\"index, follow, max-snippet:-1, max-image-preview:large, max-video-preview:-1\" \/>\n<link rel=\"canonical\" href=\"https:\/\/www.ewigerbund.org\/sachsen\/landesgeschichte\/die-fruheren-bewohner-unsers-vaterlandes\/\" \/>\n<meta property=\"og:locale\" content=\"de_DE\" \/>\n<meta property=\"og:type\" content=\"article\" \/>\n<meta property=\"og:title\" content=\"527. Sachsens fr\u00fcheste Bewohner. &#8226; K\u00f6nigreich Sachsen.\" \/>\n<meta property=\"og:description\" content=\"Hermunduren werden zu Th\u00fcringern und die Sorben-Wenden besiedeln M\u00e4hren, B\u00f6hmen, Schlesien und L\u00e4ndereien an der Elbe.\" \/>\n<meta property=\"og:url\" content=\"https:\/\/www.ewigerbund.org\/sachsen\/landesgeschichte\/die-fruheren-bewohner-unsers-vaterlandes\/\" \/>\n<meta property=\"og:site_name\" content=\"K\u00f6nigreich Sachsen\" \/>\n<meta property=\"article:modified_time\" content=\"2023-01-21T12:24:38+00:00\" \/>\n<meta property=\"og:image\" content=\"https:\/\/www.ewigerbund.org\/sachsen\/wp-content\/uploads\/sites\/14\/2022\/11\/2022-11-11-ackerbau.jpg\" \/>\n\t<meta property=\"og:image:width\" content=\"1024\" \/>\n\t<meta property=\"og:image:height\" content=\"580\" \/>\n\t<meta property=\"og:image:type\" content=\"image\/jpeg\" \/>\n<meta name=\"twitter:card\" content=\"summary_large_image\" \/>\n<meta name=\"twitter:label1\" content=\"Gesch\u00e4tzte Lesezeit\" \/>\n\t<meta name=\"twitter:data1\" content=\"3\u00a0Minuten\" \/>\n<script type=\"application\/ld+json\" class=\"yoast-schema-graph\">{\"@context\":\"https:\/\/schema.org\",\"@graph\":[{\"@type\":\"WebPage\",\"@id\":\"https:\/\/www.ewigerbund.org\/sachsen\/landesgeschichte\/die-fruheren-bewohner-unsers-vaterlandes\/\",\"url\":\"https:\/\/www.ewigerbund.org\/sachsen\/landesgeschichte\/die-fruheren-bewohner-unsers-vaterlandes\/\",\"name\":\"527. Sachsens fr\u00fcheste Bewohner. &#8226; K\u00f6nigreich Sachsen.\",\"isPartOf\":{\"@id\":\"https:\/\/www.ewigerbund.org\/sachsen\/#website\"},\"primaryImageOfPage\":{\"@id\":\"https:\/\/www.ewigerbund.org\/sachsen\/landesgeschichte\/die-fruheren-bewohner-unsers-vaterlandes\/#primaryimage\"},\"image\":{\"@id\":\"https:\/\/www.ewigerbund.org\/sachsen\/landesgeschichte\/die-fruheren-bewohner-unsers-vaterlandes\/#primaryimage\"},\"thumbnailUrl\":\"https:\/\/www.ewigerbund.org\/sachsen\/wp-content\/uploads\/sites\/14\/2022\/11\/2022-11-11-ackerbau.jpg\",\"datePublished\":\"2022-11-11T13:29:42+00:00\",\"dateModified\":\"2023-01-21T12:24:38+00:00\",\"description\":\"Hermunduren werden zu Th\u00fcringern und die Sorben-Wenden besiedeln M\u00e4hren, B\u00f6hmen, Schlesien und L\u00e4ndereien an der Elbe.\",\"breadcrumb\":{\"@id\":\"https:\/\/www.ewigerbund.org\/sachsen\/landesgeschichte\/die-fruheren-bewohner-unsers-vaterlandes\/#breadcrumb\"},\"inLanguage\":\"de\",\"potentialAction\":[{\"@type\":\"ReadAction\",\"target\":[\"https:\/\/www.ewigerbund.org\/sachsen\/landesgeschichte\/die-fruheren-bewohner-unsers-vaterlandes\/\"]}]},{\"@type\":\"ImageObject\",\"inLanguage\":\"de\",\"@id\":\"https:\/\/www.ewigerbund.org\/sachsen\/landesgeschichte\/die-fruheren-bewohner-unsers-vaterlandes\/#primaryimage\",\"url\":\"https:\/\/www.ewigerbund.org\/sachsen\/wp-content\/uploads\/sites\/14\/2022\/11\/2022-11-11-ackerbau.jpg\",\"contentUrl\":\"https:\/\/www.ewigerbund.org\/sachsen\/wp-content\/uploads\/sites\/14\/2022\/11\/2022-11-11-ackerbau.jpg\",\"width\":1024,\"height\":580,\"caption\":\"6. Jahrhundert\"},{\"@type\":\"BreadcrumbList\",\"@id\":\"https:\/\/www.ewigerbund.org\/sachsen\/landesgeschichte\/die-fruheren-bewohner-unsers-vaterlandes\/#breadcrumb\",\"itemListElement\":[{\"@type\":\"ListItem\",\"position\":1,\"name\":\"Startseite.\",\"item\":\"https:\/\/www.ewigerbund.org\/sachsen\/\"},{\"@type\":\"ListItem\",\"position\":2,\"name\":\"Landesgeschichte.\",\"item\":\"https:\/\/www.ewigerbund.org\/sachsen\/landesgeschichte\/\"},{\"@type\":\"ListItem\",\"position\":3,\"name\":\"527. Sachsens fr\u00fcheste Bewohner.\"}]},{\"@type\":\"WebSite\",\"@id\":\"https:\/\/www.ewigerbund.org\/sachsen\/#website\",\"url\":\"https:\/\/www.ewigerbund.org\/sachsen\/\",\"name\":\"K\u00f6nigreich Sachsen\",\"description\":\"im ewigen Bund.\",\"publisher\":{\"@id\":\"https:\/\/www.ewigerbund.org\/sachsen\/#organization\"},\"potentialAction\":[{\"@type\":\"SearchAction\",\"target\":{\"@type\":\"EntryPoint\",\"urlTemplate\":\"https:\/\/www.ewigerbund.org\/sachsen\/?s={search_term_string}\"},\"query-input\":\"required name=search_term_string\"}],\"inLanguage\":\"de\"},{\"@type\":\"Organization\",\"@id\":\"https:\/\/www.ewigerbund.org\/sachsen\/#organization\",\"name\":\"K\u00f6nigreich Sachsen\",\"url\":\"https:\/\/www.ewigerbund.org\/sachsen\/\",\"logo\":{\"@type\":\"ImageObject\",\"inLanguage\":\"de\",\"@id\":\"https:\/\/www.ewigerbund.org\/sachsen\/#\/schema\/logo\/image\/\",\"url\":\"https:\/\/www.ewigerbund.org\/sachsen\/wp-content\/uploads\/sites\/14\/2022\/11\/cropped-2022-09-10-Logo-EB-Sachsen-Schutzzone_Schatten-transparent-1200px-1.png\",\"contentUrl\":\"https:\/\/www.ewigerbund.org\/sachsen\/wp-content\/uploads\/sites\/14\/2022\/11\/cropped-2022-09-10-Logo-EB-Sachsen-Schutzzone_Schatten-transparent-1200px-1.png\",\"width\":1200,\"height\":1200,\"caption\":\"K\u00f6nigreich Sachsen\"},\"image\":{\"@id\":\"https:\/\/www.ewigerbund.org\/sachsen\/#\/schema\/logo\/image\/\"}}]}<\/script>\n<!-- \/ Yoast SEO plugin. -->","yoast_head_json":{"title":"527. Sachsens fr\u00fcheste Bewohner. &#8226; K\u00f6nigreich Sachsen.","description":"Hermunduren werden zu Th\u00fcringern und die Sorben-Wenden besiedeln M\u00e4hren, B\u00f6hmen, Schlesien und L\u00e4ndereien an der Elbe.","robots":{"index":"index","follow":"follow","max-snippet":"max-snippet:-1","max-image-preview":"max-image-preview:large","max-video-preview":"max-video-preview:-1"},"canonical":"https:\/\/www.ewigerbund.org\/sachsen\/landesgeschichte\/die-fruheren-bewohner-unsers-vaterlandes\/","og_locale":"de_DE","og_type":"article","og_title":"527. Sachsens fr\u00fcheste Bewohner. &#8226; K\u00f6nigreich Sachsen.","og_description":"Hermunduren werden zu Th\u00fcringern und die Sorben-Wenden besiedeln M\u00e4hren, B\u00f6hmen, Schlesien und L\u00e4ndereien an der Elbe.","og_url":"https:\/\/www.ewigerbund.org\/sachsen\/landesgeschichte\/die-fruheren-bewohner-unsers-vaterlandes\/","og_site_name":"K\u00f6nigreich Sachsen","article_modified_time":"2023-01-21T12:24:38+00:00","og_image":[{"width":1024,"height":580,"url":"https:\/\/www.ewigerbund.org\/sachsen\/wp-content\/uploads\/sites\/14\/2022\/11\/2022-11-11-ackerbau.jpg","type":"image\/jpeg"}],"twitter_card":"summary_large_image","twitter_misc":{"Gesch\u00e4tzte Lesezeit":"3\u00a0Minuten"},"schema":{"@context":"https:\/\/schema.org","@graph":[{"@type":"WebPage","@id":"https:\/\/www.ewigerbund.org\/sachsen\/landesgeschichte\/die-fruheren-bewohner-unsers-vaterlandes\/","url":"https:\/\/www.ewigerbund.org\/sachsen\/landesgeschichte\/die-fruheren-bewohner-unsers-vaterlandes\/","name":"527. Sachsens fr\u00fcheste Bewohner. &#8226; K\u00f6nigreich Sachsen.","isPartOf":{"@id":"https:\/\/www.ewigerbund.org\/sachsen\/#website"},"primaryImageOfPage":{"@id":"https:\/\/www.ewigerbund.org\/sachsen\/landesgeschichte\/die-fruheren-bewohner-unsers-vaterlandes\/#primaryimage"},"image":{"@id":"https:\/\/www.ewigerbund.org\/sachsen\/landesgeschichte\/die-fruheren-bewohner-unsers-vaterlandes\/#primaryimage"},"thumbnailUrl":"https:\/\/www.ewigerbund.org\/sachsen\/wp-content\/uploads\/sites\/14\/2022\/11\/2022-11-11-ackerbau.jpg","datePublished":"2022-11-11T13:29:42+00:00","dateModified":"2023-01-21T12:24:38+00:00","description":"Hermunduren werden zu Th\u00fcringern und die Sorben-Wenden besiedeln M\u00e4hren, B\u00f6hmen, Schlesien und L\u00e4ndereien an der Elbe.","breadcrumb":{"@id":"https:\/\/www.ewigerbund.org\/sachsen\/landesgeschichte\/die-fruheren-bewohner-unsers-vaterlandes\/#breadcrumb"},"inLanguage":"de","potentialAction":[{"@type":"ReadAction","target":["https:\/\/www.ewigerbund.org\/sachsen\/landesgeschichte\/die-fruheren-bewohner-unsers-vaterlandes\/"]}]},{"@type":"ImageObject","inLanguage":"de","@id":"https:\/\/www.ewigerbund.org\/sachsen\/landesgeschichte\/die-fruheren-bewohner-unsers-vaterlandes\/#primaryimage","url":"https:\/\/www.ewigerbund.org\/sachsen\/wp-content\/uploads\/sites\/14\/2022\/11\/2022-11-11-ackerbau.jpg","contentUrl":"https:\/\/www.ewigerbund.org\/sachsen\/wp-content\/uploads\/sites\/14\/2022\/11\/2022-11-11-ackerbau.jpg","width":1024,"height":580,"caption":"6. Jahrhundert"},{"@type":"BreadcrumbList","@id":"https:\/\/www.ewigerbund.org\/sachsen\/landesgeschichte\/die-fruheren-bewohner-unsers-vaterlandes\/#breadcrumb","itemListElement":[{"@type":"ListItem","position":1,"name":"Startseite.","item":"https:\/\/www.ewigerbund.org\/sachsen\/"},{"@type":"ListItem","position":2,"name":"Landesgeschichte.","item":"https:\/\/www.ewigerbund.org\/sachsen\/landesgeschichte\/"},{"@type":"ListItem","position":3,"name":"527. Sachsens fr\u00fcheste Bewohner."}]},{"@type":"WebSite","@id":"https:\/\/www.ewigerbund.org\/sachsen\/#website","url":"https:\/\/www.ewigerbund.org\/sachsen\/","name":"K\u00f6nigreich Sachsen","description":"im ewigen Bund.","publisher":{"@id":"https:\/\/www.ewigerbund.org\/sachsen\/#organization"},"potentialAction":[{"@type":"SearchAction","target":{"@type":"EntryPoint","urlTemplate":"https:\/\/www.ewigerbund.org\/sachsen\/?s={search_term_string}"},"query-input":"required name=search_term_string"}],"inLanguage":"de"},{"@type":"Organization","@id":"https:\/\/www.ewigerbund.org\/sachsen\/#organization","name":"K\u00f6nigreich Sachsen","url":"https:\/\/www.ewigerbund.org\/sachsen\/","logo":{"@type":"ImageObject","inLanguage":"de","@id":"https:\/\/www.ewigerbund.org\/sachsen\/#\/schema\/logo\/image\/","url":"https:\/\/www.ewigerbund.org\/sachsen\/wp-content\/uploads\/sites\/14\/2022\/11\/cropped-2022-09-10-Logo-EB-Sachsen-Schutzzone_Schatten-transparent-1200px-1.png","contentUrl":"https:\/\/www.ewigerbund.org\/sachsen\/wp-content\/uploads\/sites\/14\/2022\/11\/cropped-2022-09-10-Logo-EB-Sachsen-Schutzzone_Schatten-transparent-1200px-1.png","width":1200,"height":1200,"caption":"K\u00f6nigreich Sachsen"},"image":{"@id":"https:\/\/www.ewigerbund.org\/sachsen\/#\/schema\/logo\/image\/"}}]}},"_links":{"self":[{"href":"https:\/\/www.ewigerbund.org\/sachsen\/wp-json\/wp\/v2\/pages\/352","targetHints":{"allow":["GET"]}}],"collection":[{"href":"https:\/\/www.ewigerbund.org\/sachsen\/wp-json\/wp\/v2\/pages"}],"about":[{"href":"https:\/\/www.ewigerbund.org\/sachsen\/wp-json\/wp\/v2\/types\/page"}],"author":[{"embeddable":true,"href":"https:\/\/www.ewigerbund.org\/sachsen\/wp-json\/wp\/v2\/users\/28"}],"replies":[{"embeddable":true,"href":"https:\/\/www.ewigerbund.org\/sachsen\/wp-json\/wp\/v2\/comments?post=352"}],"version-history":[{"count":24,"href":"https:\/\/www.ewigerbund.org\/sachsen\/wp-json\/wp\/v2\/pages\/352\/revisions"}],"predecessor-version":[{"id":1601,"href":"https:\/\/www.ewigerbund.org\/sachsen\/wp-json\/wp\/v2\/pages\/352\/revisions\/1601"}],"up":[{"embeddable":true,"href":"https:\/\/www.ewigerbund.org\/sachsen\/wp-json\/wp\/v2\/pages\/249"}],"wp:featuredmedia":[{"embeddable":true,"href":"https:\/\/www.ewigerbund.org\/sachsen\/wp-json\/wp\/v2\/media\/371"}],"wp:attachment":[{"href":"https:\/\/www.ewigerbund.org\/sachsen\/wp-json\/wp\/v2\/media?parent=352"}],"wp:term":[{"taxonomy":"category","embeddable":true,"href":"https:\/\/www.ewigerbund.org\/sachsen\/wp-json\/wp\/v2\/categories?post=352"},{"taxonomy":"post_tag","embeddable":true,"href":"https:\/\/www.ewigerbund.org\/sachsen\/wp-json\/wp\/v2\/tags?post=352"}],"curies":[{"name":"wp","href":"https:\/\/api.w.org\/{rel}","templated":true}]}}