{"id":2247,"date":"2023-09-30T10:12:51","date_gmt":"2023-09-30T08:12:51","guid":{"rendered":"https:\/\/www.ewigerbund.org\/sachsen\/?page_id=2247"},"modified":"2023-11-19T16:51:20","modified_gmt":"2023-11-19T15:51:20","slug":"judikative","status":"publish","type":"page","link":"https:\/\/www.ewigerbund.org\/sachsen\/landesverwaltung\/judikative\/","title":{"rendered":"Rechtsprechung."},"content":{"rendered":"\n<h2 class=\"wp-block-heading\">Die richterliche Gewalt.<\/h2>\n\n\n\n<p>Das Justizministerium als Beh\u00f6rde der Instanz \u201eJudikative\u201c ist dem <a href=\"https:\/\/www.ewigerbund.org\/sachsen\/landesverwaltung\/die-ministerien\/das-gesamtministerium\/\">Gesamtministerium<\/a> und dem <a href=\"https:\/\/www.ewigerbund.org\/sachsen\/landesverwaltung\/staatsoberhaupt\/\">K\u00f6nig<\/a> verwaltungstechnisch untergeordnet. Der Wirkungskreis\/Gesch\u00e4ftskreis des Ministeriums besteht aus 3 Abteilungen.<\/p>\n\n\n\n<div class=\"wp-block-columns is-layout-flex wp-container-core-columns-is-layout-1 wp-block-columns-is-layout-flex\">\n<div class=\"wp-block-column is-layout-flow wp-block-column-is-layout-flow\"><div class=\"gb-container gb-container-7636ff23\">\n\n<h3 class=\"gb-headline gb-headline-4242afcd gb-headline-text\">1. Abteilung<\/h3>\n\n<\/div>\n\n\n<ul class=\"wp-block-list\">\n<li>Vorbereitung der Landesjustizgesetze<\/li>\n\n\n\n<li>Reichsjustizsachen<\/li>\n\n\n\n<li>Ausf\u00fchrung der Justizgesetze<\/li>\n\n\n\n<li>die allgemeinen Gesch\u00e4ftseinrichtungen (Gerichtsbezirke, Formulare, Grundb\u00fccher, Register)<\/li>\n\n\n\n<li>Rechtsgutachten in Regierungsangelegenheiten<\/li>\n\n\n\n<li>Zeugnisse \u00fcber geltendes Recht<\/li>\n\n\n\n<li>Aufsichtsbeschwerden<\/li>\n\n\n\n<li>Beglaubigung von Unterschriften der Justizbeh\u00f6rden und Notare<\/li>\n\n\n\n<li>Leitung der Staatsanwaltschaft<\/li>\n\n\n\n<li>Auslieferungswesen<\/li>\n\n\n\n<li>sonstige Gesch\u00e4fte des Ministeriums in Strafsachen.<\/li>\n<\/ul>\n<\/div>\n\n\n\n<div class=\"wp-block-column is-layout-flow wp-block-column-is-layout-flow\"><div class=\"gb-container gb-container-d8d870e3\">\n\n<h3 class=\"gb-headline gb-headline-50e4a163 gb-headline-text\">2. Abteilung<\/h3>\n\n<\/div>\n\n\n<ul class=\"wp-block-list\">\n<li>Personalsachen wie Pr\u00fcfungen, Ausbildung, Anstellung, Auszeichnungen, Pensionierung etc.<\/li>\n\n\n\n<li>wirtschaftliche Angelegenheiten der Justizbeh\u00f6rden.<\/li>\n<\/ul>\n<\/div>\n\n\n\n<div class=\"wp-block-column is-layout-flow wp-block-column-is-layout-flow\"><div class=\"gb-container gb-container-21543717\">\n\n<h3 class=\"gb-headline gb-headline-05cdb681 gb-headline-text\">3. Abteilung<\/h3>\n\n<\/div>\n\n\n<ul class=\"wp-block-list\">\n<li>Bearbeitung der Gnadensachen <\/li>\n\n\n\n<li>Bewilligung von Bew\u00e4hrungsfristen<\/li>\n\n\n\n<li>Beschlu\u00df \u00fcber Einwendungen gegen Verf\u00fcgungen der Strafvollstreckungsbeh\u00f6rden.<\/li>\n<\/ul>\n<\/div>\n<\/div>\n\n\n\n<h2 class=\"gb-headline gb-headline-0e6a54ea gb-headline-text\">Die Justiz im K\u00f6nigreich Sachen.<\/h2>\n\n\n\n<p>Im Staatsrecht f\u00fcr das K\u00f6nigreich Sachsen (Staatsrecht Sachsen 1909) ist das wichtigste Gesetz vom <strong>28. Januar 1835 das sogenannte A-Gesetz (<\/strong>S.55 ff.). In diesem sind die Kompetenzverh\u00e4ltnisse zwischen Justiz- und Verwaltungsbeh\u00f6rden bestimmt. Diese Ordnung zu geben war wichtig, um den leitenden Gedanken zu manifestieren: der <strong>Justiz<\/strong> obliegt die Handhabung des <strong>Privatrechts<\/strong>, der <strong>Verwaltung<\/strong> die des \u00f6ffentlichen Rechts.<\/p>\n\n\n\n<p>Genauer gesagt:<\/p>\n\n\n\n<p>Die<strong> Justiz<\/strong> besch\u00e4ftigt sich mit Rechtsstreitigkeiten (\u201eIrrungen&#8220;), in welchen der <strong>Staat <\/strong>oder, was hier gleichsteht, eine <strong>ihm untergeordnete juristische Person des \u00f6ffentlichen Rechts<\/strong> als Konflikt-Partei erscheint (\u00a7 6).<\/p>\n\n\n\n<p>Die <strong>Verwaltung<\/strong> besch\u00e4ftigt sich mit Rechtsstreitigkeiten (\u201eIrrungen\u201c) in Verh\u00e4ltnissen des <strong>\u00f6ffentlichen Rechts (\u00a7\u00a7 8\u201410<\/strong>), soweit sich die Beteiligten dabei nicht auf besondere Rechtstitel berufen; auch in diesen F\u00e4llen ist jedoch einstweilen den Anordnungen der Verwaltungsbeh\u00f6rden nachzugehen (\u00a7 11). Beim Zusammentreffen von <strong>Justiz- und Verwaltungspunkten<\/strong> entscheiden \u00fcber jene <strong>die Gerichte<\/strong>, \u00fcber diese <strong>die Verwaltungsbeh\u00f6rden<\/strong> (\u00a7\u00a7 88,14, 23). Im \u00dcbrigen behandelt das Ges. in \u00a7 21 das Recht der Verwaltungsbeh\u00f6rden, Strafen anzudrohen und Zwangsmittel anzuwenden (Polizeigewalt), in \u00a7 22 ihre Disziplinargewalt und Ordnungsstrafen, in \u00a7 3 die Zust\u00e4ndigkeit bei Zwangsvollstreckung wegen Geldleistungen in Verwaltungssachen, in \u00a7\u00a7 4, 5 die Benutzung der Gerichtsgef\u00e4ngnisse durch die Verwaltungsbeh\u00f6rden, in \u00a7 72 den Rechtsweg in den F\u00e4llen der Enteignung, in \u00a7 7,8 die Syndikatsklage, in \u00a7 8,13, 19\u201422 die Zust\u00e4ndigkeit in Strafsachen, in \u00a7 15 die Rechtsmittel, in \u00a7 18 die Beh\u00f6rde f\u00fcr Entscheidung von Kompetenzzweifeln, in \u00a7\u00a7 24\u201427 die Zust\u00e4ndigkeit bei Grundst\u00fccksteilungen, Abl\u00f6sung und Gemeinheitsteilung, bei den gewerblichen Verbietungsrechten und in Gewerbesachen.<\/p>\n\n\n\n<p>Haben <strong>Verwaltungsgegenst\u00e4nde<\/strong> Einfluss auf die Entscheidung in Rechtssachen, so hat die Verwaltungsbeh\u00f6rde der Justizbeh\u00f6rde <strong>Auskunft<\/strong> zu erteilen (Ges. A \u00a7 17, Gesch.O. \u00a78 413, 432). Andererseits haben die <strong>Gerichte<\/strong> den Verwaltungsbeh\u00f6rden in gewissen Angelegenheiten <strong>Rechtshilfe<\/strong> zu leisten.<\/p>\n\n\n\n<p>Die <strong>Gerichtsverfassung <\/strong>ist geordnet durch das <strong>Gerichtsverfassungsgeset<\/strong>z (<strong>GVG<\/strong>)., insbes. \u00a75,12\u2014156, eingef\u00fchrt durch Reichsgesetz (RG) vom 27. Jan. 1877, S. 77 mit Ab\u00e4nderungen durch Art. II, III des RG. vom 17. Mai 1898 S. 252, Ges. vom 1. M\u00e4rz 1879 S. 59, Verordnung (<strong>VO<\/strong>) vom 28. Juli 1879, S. 235 \u00fcber die Gerichtsbezirke und Ges. vom 20. M\u00e4rz 1880 S. 31 \u00fcber die Dienstverh\u00e4ltnisse der Richter.<\/p>\n\n\n\n<figure class=\"wp-block-image size-full\"><img loading=\"lazy\" decoding=\"async\" width=\"1200\" height=\"680\" src=\"https:\/\/www.ewigerbund.org\/sachsen\/wp-content\/uploads\/sites\/14\/2023\/09\/Kgl_Amtsgericht.jpg\" alt=\"K\u00f6nigliches Amtsgericht\" class=\"wp-image-2272\" srcset=\"https:\/\/www.ewigerbund.org\/sachsen\/wp-content\/uploads\/sites\/14\/2023\/09\/Kgl_Amtsgericht.jpg 1200w, https:\/\/www.ewigerbund.org\/sachsen\/wp-content\/uploads\/sites\/14\/2023\/09\/Kgl_Amtsgericht-300x170.jpg 300w, https:\/\/www.ewigerbund.org\/sachsen\/wp-content\/uploads\/sites\/14\/2023\/09\/Kgl_Amtsgericht-1024x580.jpg 1024w, https:\/\/www.ewigerbund.org\/sachsen\/wp-content\/uploads\/sites\/14\/2023\/09\/Kgl_Amtsgericht-768x435.jpg 768w\" sizes=\"auto, (max-width: 1200px) 100vw, 1200px\" \/><figcaption class=\"wp-element-caption\">K\u00f6nigliches Amtsgericht.<\/figcaption><\/figure>\n\n\n\n<p>Die <strong>ordentlichen Gerichte<\/strong> sind die<\/p>\n\n\n\n<ul class=\"wp-block-list\">\n<li><strong>Amtsgerichte, die Landgerichte, das Oberlandesgericht und das Reichsgericht<\/strong>.<\/li>\n\n\n\n<li>Bei den <strong>Amtsgerichten<\/strong> bestehen <strong>Sch\u00f6ffengerichte<\/strong>,<\/li>\n\n\n\n<li>bei den<strong> Landgerichten<\/strong> <strong>Schwurgerichte und Kammern<\/strong> f\u00fcr Handelssachen.<\/li>\n\n\n\n<li>Jedem Gericht sind <strong>Staatsanw\u00e4lte<\/strong>, deren Amt bei den Amtsgerichten durch Amtsanw\u00e4lte ausge\u00fcbt wird, <strong>Gerichtsschreiber<\/strong> und <strong>Gerichtsvollzieher<\/strong> beigegeben.<\/li>\n\n\n\n<li>Die <strong>R\u00e4te<\/strong> bei den Landgerichten f\u00fchren den Titel <strong>Landrichter<\/strong>,<\/li>\n\n\n\n<li>die <strong>Amtsrichte<\/strong>r den Titel <strong>Amtsrichter<\/strong>, solange ihnen nicht der Titel Landgerichtsrat bez. Amtsgerichtsrat beigelegt wird (VO. Vom 3. M\u00e4rz 1890 S. 30).<\/li>\n<\/ul>\n\n\n\n<ul class=\"wp-block-list\">\n<li>Die weiteren Bestimmungen des <strong>GVG<\/strong>. betreffen die \u00d6ffentlichkeit der Verhandlungen, die Rechtshilfe, die Sitzungspolizei, die Gerichtssprache, die Gerichtsferien, die Beratung und Abstimmung (\u00a7\u00a7 194\u2014200).<\/li>\n<\/ul>\n\n\n\n<p>Jeder in \u00f6ffentlichen \u00c4mtern stehende <strong>Staatsdiener<\/strong> hat eine <strong>Verpflichtung <\/strong>mit <strong>besonderem Eid<\/strong> zu leisten. Jeder Verpflichtende hat an die Heiligkeit und Bedeutung des Eides zu erinnern.<\/p>\n\n\n\n<hr class=\"wp-block-separator has-alpha-channel-opacity is-style-dots\"\/>\n\n\n\n<a class=\"gb-button gb-button-b6291ce5\" href=\"javascript:history.back();\"><span class=\"gb-icon\"><svg aria-hidden=\"true\" role=\"img\" height=\"1em\" width=\"1em\" viewBox=\"0 0 256 512\" xmlns=\"http:\/\/www.w3.org\/2000\/svg\"><path fill=\"currentColor\" d=\"M31.7 239l136-136c9.4-9.4 24.6-9.4 33.9 0l22.6 22.6c9.4 9.4 9.4 24.6 0 33.9L127.9 256l96.4 96.4c9.4 9.4 9.4 24.6 0 33.9L201.7 409c-9.4 9.4-24.6 9.4-33.9 0l-136-136c-9.5-9.4-9.5-24.6-.1-34z\"><\/path><\/svg><\/span><span class=\"gb-button-text\">Zur\u00fcck.<\/span><\/a>\n\n\n\n<p><strong>Quellen und Verweise.<\/strong><\/p>\n\n\n\n<p><sub>Aus <a href=\"https:\/\/staatsbibliothek.ewigerbund.org\/ppnresolver?id=staatshandbuch_sachsen_1914\">Staatshandbuch f\u00fcr das K\u00f6nigreich Sachsen auf das Jahr 1914<\/a>.<br>Aus <a href=\"https:\/\/staatsbibliothek.ewigerbund.org\/ppnresolver?id=mosel_handwoerterbuch_verwaltungsrecht_1903\">Mosel, Handw\u00f6rterbuch Verwaltungsrecht 1903 (1)<\/a>.<\/sub><\/p>\n","protected":false},"excerpt":{"rendered":"<p>Die richterliche Gewalt. Das Justizministerium als Beh\u00f6rde der Instanz \u201eJudikative\u201c ist dem Gesamtministerium und dem K\u00f6nig verwaltungstechnisch untergeordnet. Der Wirkungskreis\/Gesch\u00e4ftskreis des Ministeriums besteht aus 3 Abteilungen. 1. Abteilung 2. Abteilung 3. Abteilung Die Justiz im K\u00f6nigreich Sachen. Im Staatsrecht f\u00fcr das K\u00f6nigreich Sachsen (Staatsrecht Sachsen 1909) ist das wichtigste Gesetz vom 28. Januar 1835 das &#8230; <a title=\"Rechtsprechung.\" class=\"read-more\" href=\"https:\/\/www.ewigerbund.org\/sachsen\/landesverwaltung\/judikative\/\" aria-label=\"Mehr zu Rechtsprechung.\">Weiterlesen &#8230;<\/a><\/p>\n","protected":false},"author":1,"featured_media":2186,"parent":1726,"menu_order":0,"comment_status":"closed","ping_status":"closed","template":"","meta":{"footnotes":""},"categories":[252],"tags":[],"class_list":{"0":"post-2247","1":"page","2":"type-page","3":"status-publish","4":"has-post-thumbnail","6":"category-landesverwaltung-2"},"yoast_head":"<!-- This site is optimized with the Yoast SEO plugin v23.1 - https:\/\/yoast.com\/wordpress\/plugins\/seo\/ -->\n<title>Rechtsprechung. &#8226; K\u00f6nigreich Sachsen.<\/title>\n<meta name=\"robots\" content=\"index, follow, max-snippet:-1, max-image-preview:large, max-video-preview:-1\" \/>\n<link rel=\"canonical\" href=\"https:\/\/www.ewigerbund.org\/sachsen\/landesverwaltung\/judikative\/\" \/>\n<meta property=\"og:locale\" content=\"de_DE\" \/>\n<meta property=\"og:type\" content=\"article\" \/>\n<meta property=\"og:title\" content=\"Rechtsprechung. &#8226; K\u00f6nigreich Sachsen.\" \/>\n<meta property=\"og:description\" content=\"Die richterliche Gewalt. Das Justizministerium als Beh\u00f6rde der Instanz \u201eJudikative\u201c ist dem Gesamtministerium und dem K\u00f6nig verwaltungstechnisch untergeordnet. Der Wirkungskreis\/Gesch\u00e4ftskreis des Ministeriums besteht aus 3 Abteilungen. 1. Abteilung 2. Abteilung 3. Abteilung Die Justiz im K\u00f6nigreich Sachen. Im Staatsrecht f\u00fcr das K\u00f6nigreich Sachsen (Staatsrecht Sachsen 1909) ist das wichtigste Gesetz vom 28. Januar 1835 das ... Weiterlesen ...\" \/>\n<meta property=\"og:url\" content=\"https:\/\/www.ewigerbund.org\/sachsen\/landesverwaltung\/judikative\/\" \/>\n<meta property=\"og:site_name\" content=\"K\u00f6nigreich Sachsen\" \/>\n<meta property=\"article:modified_time\" content=\"2023-11-19T15:51:20+00:00\" \/>\n<meta property=\"og:image\" content=\"https:\/\/www.ewigerbund.org\/sachsen\/wp-content\/uploads\/sites\/14\/2023\/09\/1904-Justizministerium-Dueppelstrasse1-Koenigsufer2-1.jpg\" \/>\n\t<meta property=\"og:image:width\" content=\"1745\" \/>\n\t<meta property=\"og:image:height\" content=\"989\" \/>\n\t<meta property=\"og:image:type\" content=\"image\/jpeg\" \/>\n<meta name=\"twitter:card\" content=\"summary_large_image\" \/>\n<meta name=\"twitter:label1\" content=\"Gesch\u00e4tzte Lesezeit\" \/>\n\t<meta name=\"twitter:data1\" content=\"4\u00a0Minuten\" \/>\n<script type=\"application\/ld+json\" class=\"yoast-schema-graph\">{\"@context\":\"https:\/\/schema.org\",\"@graph\":[{\"@type\":\"WebPage\",\"@id\":\"https:\/\/www.ewigerbund.org\/sachsen\/landesverwaltung\/judikative\/\",\"url\":\"https:\/\/www.ewigerbund.org\/sachsen\/landesverwaltung\/judikative\/\",\"name\":\"Rechtsprechung. &#8226; K\u00f6nigreich Sachsen.\",\"isPartOf\":{\"@id\":\"https:\/\/www.ewigerbund.org\/sachsen\/#website\"},\"primaryImageOfPage\":{\"@id\":\"https:\/\/www.ewigerbund.org\/sachsen\/landesverwaltung\/judikative\/#primaryimage\"},\"image\":{\"@id\":\"https:\/\/www.ewigerbund.org\/sachsen\/landesverwaltung\/judikative\/#primaryimage\"},\"thumbnailUrl\":\"https:\/\/www.ewigerbund.org\/sachsen\/wp-content\/uploads\/sites\/14\/2023\/09\/1904-Justizministerium-Dueppelstrasse1-Koenigsufer2-1.jpg\",\"datePublished\":\"2023-09-30T08:12:51+00:00\",\"dateModified\":\"2023-11-19T15:51:20+00:00\",\"breadcrumb\":{\"@id\":\"https:\/\/www.ewigerbund.org\/sachsen\/landesverwaltung\/judikative\/#breadcrumb\"},\"inLanguage\":\"de\",\"potentialAction\":[{\"@type\":\"ReadAction\",\"target\":[\"https:\/\/www.ewigerbund.org\/sachsen\/landesverwaltung\/judikative\/\"]}]},{\"@type\":\"ImageObject\",\"inLanguage\":\"de\",\"@id\":\"https:\/\/www.ewigerbund.org\/sachsen\/landesverwaltung\/judikative\/#primaryimage\",\"url\":\"https:\/\/www.ewigerbund.org\/sachsen\/wp-content\/uploads\/sites\/14\/2023\/09\/1904-Justizministerium-Dueppelstrasse1-Koenigsufer2-1.jpg\",\"contentUrl\":\"https:\/\/www.ewigerbund.org\/sachsen\/wp-content\/uploads\/sites\/14\/2023\/09\/1904-Justizministerium-Dueppelstrasse1-Koenigsufer2-1.jpg\",\"width\":1745,\"height\":989,\"caption\":\"Justizministerium 1904\"},{\"@type\":\"BreadcrumbList\",\"@id\":\"https:\/\/www.ewigerbund.org\/sachsen\/landesverwaltung\/judikative\/#breadcrumb\",\"itemListElement\":[{\"@type\":\"ListItem\",\"position\":1,\"name\":\"Startseite.\",\"item\":\"https:\/\/www.ewigerbund.org\/sachsen\/\"},{\"@type\":\"ListItem\",\"position\":2,\"name\":\"Landesverwaltung.\",\"item\":\"https:\/\/www.ewigerbund.org\/sachsen\/landesverwaltung\/\"},{\"@type\":\"ListItem\",\"position\":3,\"name\":\"Rechtsprechung.\"}]},{\"@type\":\"WebSite\",\"@id\":\"https:\/\/www.ewigerbund.org\/sachsen\/#website\",\"url\":\"https:\/\/www.ewigerbund.org\/sachsen\/\",\"name\":\"K\u00f6nigreich Sachsen\",\"description\":\"im ewigen Bund.\",\"publisher\":{\"@id\":\"https:\/\/www.ewigerbund.org\/sachsen\/#organization\"},\"potentialAction\":[{\"@type\":\"SearchAction\",\"target\":{\"@type\":\"EntryPoint\",\"urlTemplate\":\"https:\/\/www.ewigerbund.org\/sachsen\/?s={search_term_string}\"},\"query-input\":\"required name=search_term_string\"}],\"inLanguage\":\"de\"},{\"@type\":\"Organization\",\"@id\":\"https:\/\/www.ewigerbund.org\/sachsen\/#organization\",\"name\":\"K\u00f6nigreich Sachsen\",\"url\":\"https:\/\/www.ewigerbund.org\/sachsen\/\",\"logo\":{\"@type\":\"ImageObject\",\"inLanguage\":\"de\",\"@id\":\"https:\/\/www.ewigerbund.org\/sachsen\/#\/schema\/logo\/image\/\",\"url\":\"https:\/\/www.ewigerbund.org\/sachsen\/wp-content\/uploads\/sites\/14\/2022\/11\/cropped-2022-09-10-Logo-EB-Sachsen-Schutzzone_Schatten-transparent-1200px-1.png\",\"contentUrl\":\"https:\/\/www.ewigerbund.org\/sachsen\/wp-content\/uploads\/sites\/14\/2022\/11\/cropped-2022-09-10-Logo-EB-Sachsen-Schutzzone_Schatten-transparent-1200px-1.png\",\"width\":1200,\"height\":1200,\"caption\":\"K\u00f6nigreich Sachsen\"},\"image\":{\"@id\":\"https:\/\/www.ewigerbund.org\/sachsen\/#\/schema\/logo\/image\/\"}}]}<\/script>\n<!-- \/ Yoast SEO plugin. -->","yoast_head_json":{"title":"Rechtsprechung. &#8226; K\u00f6nigreich Sachsen.","robots":{"index":"index","follow":"follow","max-snippet":"max-snippet:-1","max-image-preview":"max-image-preview:large","max-video-preview":"max-video-preview:-1"},"canonical":"https:\/\/www.ewigerbund.org\/sachsen\/landesverwaltung\/judikative\/","og_locale":"de_DE","og_type":"article","og_title":"Rechtsprechung. &#8226; K\u00f6nigreich Sachsen.","og_description":"Die richterliche Gewalt. Das Justizministerium als Beh\u00f6rde der Instanz \u201eJudikative\u201c ist dem Gesamtministerium und dem K\u00f6nig verwaltungstechnisch untergeordnet. Der Wirkungskreis\/Gesch\u00e4ftskreis des Ministeriums besteht aus 3 Abteilungen. 1. Abteilung 2. Abteilung 3. Abteilung Die Justiz im K\u00f6nigreich Sachen. Im Staatsrecht f\u00fcr das K\u00f6nigreich Sachsen (Staatsrecht Sachsen 1909) ist das wichtigste Gesetz vom 28. Januar 1835 das ... Weiterlesen ...","og_url":"https:\/\/www.ewigerbund.org\/sachsen\/landesverwaltung\/judikative\/","og_site_name":"K\u00f6nigreich Sachsen","article_modified_time":"2023-11-19T15:51:20+00:00","og_image":[{"width":1745,"height":989,"url":"https:\/\/www.ewigerbund.org\/sachsen\/wp-content\/uploads\/sites\/14\/2023\/09\/1904-Justizministerium-Dueppelstrasse1-Koenigsufer2-1.jpg","type":"image\/jpeg"}],"twitter_card":"summary_large_image","twitter_misc":{"Gesch\u00e4tzte Lesezeit":"4\u00a0Minuten"},"schema":{"@context":"https:\/\/schema.org","@graph":[{"@type":"WebPage","@id":"https:\/\/www.ewigerbund.org\/sachsen\/landesverwaltung\/judikative\/","url":"https:\/\/www.ewigerbund.org\/sachsen\/landesverwaltung\/judikative\/","name":"Rechtsprechung. &#8226; K\u00f6nigreich Sachsen.","isPartOf":{"@id":"https:\/\/www.ewigerbund.org\/sachsen\/#website"},"primaryImageOfPage":{"@id":"https:\/\/www.ewigerbund.org\/sachsen\/landesverwaltung\/judikative\/#primaryimage"},"image":{"@id":"https:\/\/www.ewigerbund.org\/sachsen\/landesverwaltung\/judikative\/#primaryimage"},"thumbnailUrl":"https:\/\/www.ewigerbund.org\/sachsen\/wp-content\/uploads\/sites\/14\/2023\/09\/1904-Justizministerium-Dueppelstrasse1-Koenigsufer2-1.jpg","datePublished":"2023-09-30T08:12:51+00:00","dateModified":"2023-11-19T15:51:20+00:00","breadcrumb":{"@id":"https:\/\/www.ewigerbund.org\/sachsen\/landesverwaltung\/judikative\/#breadcrumb"},"inLanguage":"de","potentialAction":[{"@type":"ReadAction","target":["https:\/\/www.ewigerbund.org\/sachsen\/landesverwaltung\/judikative\/"]}]},{"@type":"ImageObject","inLanguage":"de","@id":"https:\/\/www.ewigerbund.org\/sachsen\/landesverwaltung\/judikative\/#primaryimage","url":"https:\/\/www.ewigerbund.org\/sachsen\/wp-content\/uploads\/sites\/14\/2023\/09\/1904-Justizministerium-Dueppelstrasse1-Koenigsufer2-1.jpg","contentUrl":"https:\/\/www.ewigerbund.org\/sachsen\/wp-content\/uploads\/sites\/14\/2023\/09\/1904-Justizministerium-Dueppelstrasse1-Koenigsufer2-1.jpg","width":1745,"height":989,"caption":"Justizministerium 1904"},{"@type":"BreadcrumbList","@id":"https:\/\/www.ewigerbund.org\/sachsen\/landesverwaltung\/judikative\/#breadcrumb","itemListElement":[{"@type":"ListItem","position":1,"name":"Startseite.","item":"https:\/\/www.ewigerbund.org\/sachsen\/"},{"@type":"ListItem","position":2,"name":"Landesverwaltung.","item":"https:\/\/www.ewigerbund.org\/sachsen\/landesverwaltung\/"},{"@type":"ListItem","position":3,"name":"Rechtsprechung."}]},{"@type":"WebSite","@id":"https:\/\/www.ewigerbund.org\/sachsen\/#website","url":"https:\/\/www.ewigerbund.org\/sachsen\/","name":"K\u00f6nigreich Sachsen","description":"im ewigen Bund.","publisher":{"@id":"https:\/\/www.ewigerbund.org\/sachsen\/#organization"},"potentialAction":[{"@type":"SearchAction","target":{"@type":"EntryPoint","urlTemplate":"https:\/\/www.ewigerbund.org\/sachsen\/?s={search_term_string}"},"query-input":"required name=search_term_string"}],"inLanguage":"de"},{"@type":"Organization","@id":"https:\/\/www.ewigerbund.org\/sachsen\/#organization","name":"K\u00f6nigreich Sachsen","url":"https:\/\/www.ewigerbund.org\/sachsen\/","logo":{"@type":"ImageObject","inLanguage":"de","@id":"https:\/\/www.ewigerbund.org\/sachsen\/#\/schema\/logo\/image\/","url":"https:\/\/www.ewigerbund.org\/sachsen\/wp-content\/uploads\/sites\/14\/2022\/11\/cropped-2022-09-10-Logo-EB-Sachsen-Schutzzone_Schatten-transparent-1200px-1.png","contentUrl":"https:\/\/www.ewigerbund.org\/sachsen\/wp-content\/uploads\/sites\/14\/2022\/11\/cropped-2022-09-10-Logo-EB-Sachsen-Schutzzone_Schatten-transparent-1200px-1.png","width":1200,"height":1200,"caption":"K\u00f6nigreich Sachsen"},"image":{"@id":"https:\/\/www.ewigerbund.org\/sachsen\/#\/schema\/logo\/image\/"}}]}},"_links":{"self":[{"href":"https:\/\/www.ewigerbund.org\/sachsen\/wp-json\/wp\/v2\/pages\/2247","targetHints":{"allow":["GET"]}}],"collection":[{"href":"https:\/\/www.ewigerbund.org\/sachsen\/wp-json\/wp\/v2\/pages"}],"about":[{"href":"https:\/\/www.ewigerbund.org\/sachsen\/wp-json\/wp\/v2\/types\/page"}],"author":[{"embeddable":true,"href":"https:\/\/www.ewigerbund.org\/sachsen\/wp-json\/wp\/v2\/users\/1"}],"replies":[{"embeddable":true,"href":"https:\/\/www.ewigerbund.org\/sachsen\/wp-json\/wp\/v2\/comments?post=2247"}],"version-history":[{"count":8,"href":"https:\/\/www.ewigerbund.org\/sachsen\/wp-json\/wp\/v2\/pages\/2247\/revisions"}],"predecessor-version":[{"id":2524,"href":"https:\/\/www.ewigerbund.org\/sachsen\/wp-json\/wp\/v2\/pages\/2247\/revisions\/2524"}],"up":[{"embeddable":true,"href":"https:\/\/www.ewigerbund.org\/sachsen\/wp-json\/wp\/v2\/pages\/1726"}],"wp:featuredmedia":[{"embeddable":true,"href":"https:\/\/www.ewigerbund.org\/sachsen\/wp-json\/wp\/v2\/media\/2186"}],"wp:attachment":[{"href":"https:\/\/www.ewigerbund.org\/sachsen\/wp-json\/wp\/v2\/media?parent=2247"}],"wp:term":[{"taxonomy":"category","embeddable":true,"href":"https:\/\/www.ewigerbund.org\/sachsen\/wp-json\/wp\/v2\/categories?post=2247"},{"taxonomy":"post_tag","embeddable":true,"href":"https:\/\/www.ewigerbund.org\/sachsen\/wp-json\/wp\/v2\/tags?post=2247"}],"curies":[{"name":"wp","href":"https:\/\/api.w.org\/{rel}","templated":true}]}}