{"id":1654,"date":"2023-04-24T22:06:05","date_gmt":"2023-04-24T20:06:05","guid":{"rendered":"https:\/\/www.ewigerbund.org\/sachsen\/?page_id=1654"},"modified":"2024-09-21T13:23:51","modified_gmt":"2024-09-21T11:23:51","slug":"aktuelles","status":"publish","type":"page","link":"https:\/\/www.ewigerbund.org\/sachsen\/aktuelles\/","title":{"rendered":"Aktuelles."},"content":{"rendered":"\n<p>Neues aus dem K\u00f6nigreich Sachsen.<\/p>\n\n\n<ul class=\"wp-block-latest-posts__list is-grid columns-3 has-dates wp-block-latest-posts\"><li><div class=\"wp-block-latest-posts__featured-image aligncenter\"><a href=\"https:\/\/www.ewigerbund.org\/sachsen\/die-zukunft-der-koenigin-carola-bruecke\/\" aria-label=\"Die Zukunft der K\u00f6nigin-Carola-Br\u00fccke.\"><img loading=\"lazy\" decoding=\"async\" width=\"1024\" height=\"580\" src=\"https:\/\/www.ewigerbund.org\/sachsen\/wp-content\/uploads\/sites\/14\/2024\/09\/2024-09-21-koenigin-carola-bruecke-1-1024x580.jpg\" class=\"attachment-large size-large wp-post-image\" alt=\"\" style=\"\" srcset=\"https:\/\/www.ewigerbund.org\/sachsen\/wp-content\/uploads\/sites\/14\/2024\/09\/2024-09-21-koenigin-carola-bruecke-1-1024x580.jpg 1024w, https:\/\/www.ewigerbund.org\/sachsen\/wp-content\/uploads\/sites\/14\/2024\/09\/2024-09-21-koenigin-carola-bruecke-1-300x170.jpg 300w, https:\/\/www.ewigerbund.org\/sachsen\/wp-content\/uploads\/sites\/14\/2024\/09\/2024-09-21-koenigin-carola-bruecke-1-768x435.jpg 768w, https:\/\/www.ewigerbund.org\/sachsen\/wp-content\/uploads\/sites\/14\/2024\/09\/2024-09-21-koenigin-carola-bruecke-1.jpg 1200w\" sizes=\"auto, (max-width: 1024px) 100vw, 1024px\" \/><\/a><\/div><a class=\"wp-block-latest-posts__post-title\" href=\"https:\/\/www.ewigerbund.org\/sachsen\/die-zukunft-der-koenigin-carola-bruecke\/\">Die Zukunft der K\u00f6nigin-Carola-Br\u00fccke.<\/a><time datetime=\"2024-09-21T12:14:32+02:00\" class=\"wp-block-latest-posts__post-date\">21. September 2024<\/time><div class=\"wp-block-latest-posts__post-excerpt\">Blickt man auf die Geschehnisse der aktuellen Zeit, so kommt man nicht umhin sich die Frage zu stellen, was passiert hier eigentlich wirklich? Sei es die Garnisonskirche in Berlin, die wieder aufgebaut wurde und medial in ein negatives Bild ger\u00fcckt werden soll, oder aber die K\u00f6nigin-Carola-Br\u00fccke in Dresden, die im September 2024 zum Teil eingest\u00fcrzt &#8230; <a title=\"Die Zukunft der K\u00f6nigin-Carola-Br\u00fccke.\" class=\"read-more\" href=\"https:\/\/www.ewigerbund.org\/sachsen\/die-zukunft-der-koenigin-carola-bruecke\/\" aria-label=\"Mehr zu Die Zukunft der K\u00f6nigin-Carola-Br\u00fccke.\">Weiterlesen &#8230;<\/a><\/div><\/li>\n<li><div class=\"wp-block-latest-posts__featured-image aligncenter\"><a href=\"https:\/\/www.ewigerbund.org\/sachsen\/maerz-23-werkstattbericht\/\" aria-label=\"M\u00e4rz &#8217;23 &#8211; Werkstattbericht.\"><img loading=\"lazy\" decoding=\"async\" width=\"1024\" height=\"580\" src=\"https:\/\/www.ewigerbund.org\/sachsen\/wp-content\/uploads\/sites\/14\/2024\/01\/BSP-SAC-25-03-2023-Titelbild-1024x580.jpg\" class=\"attachment-large size-large wp-post-image\" alt=\"\" style=\"\" srcset=\"https:\/\/www.ewigerbund.org\/sachsen\/wp-content\/uploads\/sites\/14\/2024\/01\/BSP-SAC-25-03-2023-Titelbild-1024x580.jpg 1024w, https:\/\/www.ewigerbund.org\/sachsen\/wp-content\/uploads\/sites\/14\/2024\/01\/BSP-SAC-25-03-2023-Titelbild-300x170.jpg 300w, https:\/\/www.ewigerbund.org\/sachsen\/wp-content\/uploads\/sites\/14\/2024\/01\/BSP-SAC-25-03-2023-Titelbild-768x435.jpg 768w, https:\/\/www.ewigerbund.org\/sachsen\/wp-content\/uploads\/sites\/14\/2024\/01\/BSP-SAC-25-03-2023-Titelbild.jpg 1200w\" sizes=\"auto, (max-width: 1024px) 100vw, 1024px\" \/><\/a><\/div><a class=\"wp-block-latest-posts__post-title\" href=\"https:\/\/www.ewigerbund.org\/sachsen\/maerz-23-werkstattbericht\/\">M\u00e4rz &#8217;23 &#8211; Werkstattbericht.<\/a><time datetime=\"2023-03-23T11:44:00+01:00\" class=\"wp-block-latest-posts__post-date\">23. M\u00e4rz 2023<\/time><div class=\"wp-block-latest-posts__post-excerpt\">Der Grundstein f\u00fcr die Restauration ist gelegt. \u2013 Zeit f\u00fcr einen ersten Werkstattbericht. Ganz in der N\u00e4he von Chemnitz, auch bekannt als das s\u00e4chsische Manchester, fand am 25. M\u00e4rz 2023 das erste Informations- und Austauschtreffen \u00fcber das Kernthema \u201edie Restauration des K\u00f6nigreiches Sachsen\u201c statt. Hier, im Herzen des K\u00f6nigreich Sachsen, einem Staat mit \u00fcber eintausendj\u00e4hriger &#8230; <a title=\"M\u00e4rz &#8217;23 &#8211; Werkstattbericht.\" class=\"read-more\" href=\"https:\/\/www.ewigerbund.org\/sachsen\/maerz-23-werkstattbericht\/\" aria-label=\"Mehr zu M\u00e4rz &#8217;23 &#8211; Werkstattbericht.\">Weiterlesen &#8230;<\/a><\/div><\/li>\n<\/ul>","protected":false},"excerpt":{"rendered":"<p>Neues aus dem K\u00f6nigreich Sachsen.<\/p>\n","protected":false},"author":1,"featured_media":0,"parent":0,"menu_order":0,"comment_status":"closed","ping_status":"closed","template":"","meta":{"footnotes":""},"categories":[],"tags":[],"class_list":["post-1654","page","type-page","status-publish"],"yoast_head":"<!-- This site is optimized with the Yoast SEO plugin v23.1 - https:\/\/yoast.com\/wordpress\/plugins\/seo\/ -->\n<title>Aktuelles. &#8226; K\u00f6nigreich Sachsen.<\/title>\n<meta name=\"robots\" content=\"index, follow, max-snippet:-1, max-image-preview:large, max-video-preview:-1\" \/>\n<link rel=\"canonical\" href=\"https:\/\/www.ewigerbund.org\/sachsen\/aktuelles\/\" \/>\n<meta property=\"og:locale\" content=\"de_DE\" \/>\n<meta property=\"og:type\" content=\"article\" \/>\n<meta property=\"og:title\" content=\"Aktuelles. &#8226; K\u00f6nigreich Sachsen.\" \/>\n<meta property=\"og:description\" content=\"Neues aus dem K\u00f6nigreich Sachsen.\" \/>\n<meta property=\"og:url\" content=\"https:\/\/www.ewigerbund.org\/sachsen\/aktuelles\/\" \/>\n<meta property=\"og:site_name\" content=\"K\u00f6nigreich Sachsen\" \/>\n<meta property=\"article:modified_time\" content=\"2024-09-21T11:23:51+00:00\" \/>\n<meta name=\"twitter:card\" content=\"summary_large_image\" \/>\n<meta name=\"twitter:label1\" content=\"Gesch\u00e4tzte Lesezeit\" \/>\n\t<meta name=\"twitter:data1\" content=\"1\u00a0Minute\" \/>\n<script type=\"application\/ld+json\" class=\"yoast-schema-graph\">{\"@context\":\"https:\/\/schema.org\",\"@graph\":[{\"@type\":\"WebPage\",\"@id\":\"https:\/\/www.ewigerbund.org\/sachsen\/aktuelles\/\",\"url\":\"https:\/\/www.ewigerbund.org\/sachsen\/aktuelles\/\",\"name\":\"Aktuelles. &#8226; K\u00f6nigreich Sachsen.\",\"isPartOf\":{\"@id\":\"https:\/\/www.ewigerbund.org\/sachsen\/#website\"},\"datePublished\":\"2023-04-24T20:06:05+00:00\",\"dateModified\":\"2024-09-21T11:23:51+00:00\",\"breadcrumb\":{\"@id\":\"https:\/\/www.ewigerbund.org\/sachsen\/aktuelles\/#breadcrumb\"},\"inLanguage\":\"de\",\"potentialAction\":[{\"@type\":\"ReadAction\",\"target\":[\"https:\/\/www.ewigerbund.org\/sachsen\/aktuelles\/\"]}]},{\"@type\":\"BreadcrumbList\",\"@id\":\"https:\/\/www.ewigerbund.org\/sachsen\/aktuelles\/#breadcrumb\",\"itemListElement\":[{\"@type\":\"ListItem\",\"position\":1,\"name\":\"Startseite.\",\"item\":\"https:\/\/www.ewigerbund.org\/sachsen\/\"},{\"@type\":\"ListItem\",\"position\":2,\"name\":\"Aktuelles.\"}]},{\"@type\":\"WebSite\",\"@id\":\"https:\/\/www.ewigerbund.org\/sachsen\/#website\",\"url\":\"https:\/\/www.ewigerbund.org\/sachsen\/\",\"name\":\"K\u00f6nigreich Sachsen\",\"description\":\"im ewigen Bund.\",\"publisher\":{\"@id\":\"https:\/\/www.ewigerbund.org\/sachsen\/#organization\"},\"potentialAction\":[{\"@type\":\"SearchAction\",\"target\":{\"@type\":\"EntryPoint\",\"urlTemplate\":\"https:\/\/www.ewigerbund.org\/sachsen\/?s={search_term_string}\"},\"query-input\":\"required name=search_term_string\"}],\"inLanguage\":\"de\"},{\"@type\":\"Organization\",\"@id\":\"https:\/\/www.ewigerbund.org\/sachsen\/#organization\",\"name\":\"K\u00f6nigreich Sachsen\",\"url\":\"https:\/\/www.ewigerbund.org\/sachsen\/\",\"logo\":{\"@type\":\"ImageObject\",\"inLanguage\":\"de\",\"@id\":\"https:\/\/www.ewigerbund.org\/sachsen\/#\/schema\/logo\/image\/\",\"url\":\"https:\/\/www.ewigerbund.org\/sachsen\/wp-content\/uploads\/sites\/14\/2022\/11\/cropped-2022-09-10-Logo-EB-Sachsen-Schutzzone_Schatten-transparent-1200px-1.png\",\"contentUrl\":\"https:\/\/www.ewigerbund.org\/sachsen\/wp-content\/uploads\/sites\/14\/2022\/11\/cropped-2022-09-10-Logo-EB-Sachsen-Schutzzone_Schatten-transparent-1200px-1.png\",\"width\":1200,\"height\":1200,\"caption\":\"K\u00f6nigreich Sachsen\"},\"image\":{\"@id\":\"https:\/\/www.ewigerbund.org\/sachsen\/#\/schema\/logo\/image\/\"}}]}<\/script>\n<!-- \/ Yoast SEO plugin. -->","yoast_head_json":{"title":"Aktuelles. &#8226; K\u00f6nigreich Sachsen.","robots":{"index":"index","follow":"follow","max-snippet":"max-snippet:-1","max-image-preview":"max-image-preview:large","max-video-preview":"max-video-preview:-1"},"canonical":"https:\/\/www.ewigerbund.org\/sachsen\/aktuelles\/","og_locale":"de_DE","og_type":"article","og_title":"Aktuelles. &#8226; K\u00f6nigreich Sachsen.","og_description":"Neues aus dem K\u00f6nigreich Sachsen.","og_url":"https:\/\/www.ewigerbund.org\/sachsen\/aktuelles\/","og_site_name":"K\u00f6nigreich Sachsen","article_modified_time":"2024-09-21T11:23:51+00:00","twitter_card":"summary_large_image","twitter_misc":{"Gesch\u00e4tzte Lesezeit":"1\u00a0Minute"},"schema":{"@context":"https:\/\/schema.org","@graph":[{"@type":"WebPage","@id":"https:\/\/www.ewigerbund.org\/sachsen\/aktuelles\/","url":"https:\/\/www.ewigerbund.org\/sachsen\/aktuelles\/","name":"Aktuelles. &#8226; K\u00f6nigreich Sachsen.","isPartOf":{"@id":"https:\/\/www.ewigerbund.org\/sachsen\/#website"},"datePublished":"2023-04-24T20:06:05+00:00","dateModified":"2024-09-21T11:23:51+00:00","breadcrumb":{"@id":"https:\/\/www.ewigerbund.org\/sachsen\/aktuelles\/#breadcrumb"},"inLanguage":"de","potentialAction":[{"@type":"ReadAction","target":["https:\/\/www.ewigerbund.org\/sachsen\/aktuelles\/"]}]},{"@type":"BreadcrumbList","@id":"https:\/\/www.ewigerbund.org\/sachsen\/aktuelles\/#breadcrumb","itemListElement":[{"@type":"ListItem","position":1,"name":"Startseite.","item":"https:\/\/www.ewigerbund.org\/sachsen\/"},{"@type":"ListItem","position":2,"name":"Aktuelles."}]},{"@type":"WebSite","@id":"https:\/\/www.ewigerbund.org\/sachsen\/#website","url":"https:\/\/www.ewigerbund.org\/sachsen\/","name":"K\u00f6nigreich Sachsen","description":"im ewigen Bund.","publisher":{"@id":"https:\/\/www.ewigerbund.org\/sachsen\/#organization"},"potentialAction":[{"@type":"SearchAction","target":{"@type":"EntryPoint","urlTemplate":"https:\/\/www.ewigerbund.org\/sachsen\/?s={search_term_string}"},"query-input":"required name=search_term_string"}],"inLanguage":"de"},{"@type":"Organization","@id":"https:\/\/www.ewigerbund.org\/sachsen\/#organization","name":"K\u00f6nigreich Sachsen","url":"https:\/\/www.ewigerbund.org\/sachsen\/","logo":{"@type":"ImageObject","inLanguage":"de","@id":"https:\/\/www.ewigerbund.org\/sachsen\/#\/schema\/logo\/image\/","url":"https:\/\/www.ewigerbund.org\/sachsen\/wp-content\/uploads\/sites\/14\/2022\/11\/cropped-2022-09-10-Logo-EB-Sachsen-Schutzzone_Schatten-transparent-1200px-1.png","contentUrl":"https:\/\/www.ewigerbund.org\/sachsen\/wp-content\/uploads\/sites\/14\/2022\/11\/cropped-2022-09-10-Logo-EB-Sachsen-Schutzzone_Schatten-transparent-1200px-1.png","width":1200,"height":1200,"caption":"K\u00f6nigreich Sachsen"},"image":{"@id":"https:\/\/www.ewigerbund.org\/sachsen\/#\/schema\/logo\/image\/"}}]}},"_links":{"self":[{"href":"https:\/\/www.ewigerbund.org\/sachsen\/wp-json\/wp\/v2\/pages\/1654","targetHints":{"allow":["GET"]}}],"collection":[{"href":"https:\/\/www.ewigerbund.org\/sachsen\/wp-json\/wp\/v2\/pages"}],"about":[{"href":"https:\/\/www.ewigerbund.org\/sachsen\/wp-json\/wp\/v2\/types\/page"}],"author":[{"embeddable":true,"href":"https:\/\/www.ewigerbund.org\/sachsen\/wp-json\/wp\/v2\/users\/1"}],"replies":[{"embeddable":true,"href":"https:\/\/www.ewigerbund.org\/sachsen\/wp-json\/wp\/v2\/comments?post=1654"}],"version-history":[{"count":2,"href":"https:\/\/www.ewigerbund.org\/sachsen\/wp-json\/wp\/v2\/pages\/1654\/revisions"}],"predecessor-version":[{"id":2636,"href":"https:\/\/www.ewigerbund.org\/sachsen\/wp-json\/wp\/v2\/pages\/1654\/revisions\/2636"}],"wp:attachment":[{"href":"https:\/\/www.ewigerbund.org\/sachsen\/wp-json\/wp\/v2\/media?parent=1654"}],"wp:term":[{"taxonomy":"category","embeddable":true,"href":"https:\/\/www.ewigerbund.org\/sachsen\/wp-json\/wp\/v2\/categories?post=1654"},{"taxonomy":"post_tag","embeddable":true,"href":"https:\/\/www.ewigerbund.org\/sachsen\/wp-json\/wp\/v2\/tags?post=1654"}],"curies":[{"name":"wp","href":"https:\/\/api.w.org\/{rel}","templated":true}]}}