{"version":"1.0","provider_name":"K\u00f6nigreich Sachsen","provider_url":"https:\/\/www.ewigerbund.org\/sachsen","author_name":"tokle","author_url":"https:\/\/www.ewigerbund.org\/sachsen\/author\/tokle\/","title":"15. Jahrhundert. &#8226; K\u00f6nigreich Sachsen.","type":"rich","width":600,"height":338,"html":"<blockquote class=\"wp-embedded-content\" data-secret=\"nqrWi0MVlF\"><a href=\"https:\/\/www.ewigerbund.org\/sachsen\/landesgeschichte\/15-jahrhundert\/\">15. Jahrhundert.<\/a><\/blockquote><iframe sandbox=\"allow-scripts\" security=\"restricted\" src=\"https:\/\/www.ewigerbund.org\/sachsen\/landesgeschichte\/15-jahrhundert\/embed\/#?secret=nqrWi0MVlF\" width=\"600\" height=\"338\" title=\"&#8222;15. Jahrhundert.&#8220; &#8211; K\u00f6nigreich Sachsen\" data-secret=\"nqrWi0MVlF\" frameborder=\"0\" marginwidth=\"0\" marginheight=\"0\" scrolling=\"no\" class=\"wp-embedded-content\"><\/iframe><script>\n\/*! This file is auto-generated *\/\n!function(d,l){\"use strict\";l.querySelector&&d.addEventListener&&\"undefined\"!=typeof URL&&(d.wp=d.wp||{},d.wp.receiveEmbedMessage||(d.wp.receiveEmbedMessage=function(e){var t=e.data;if((t||t.secret||t.message||t.value)&&!\/[^a-zA-Z0-9]\/.test(t.secret)){for(var s,r,n,a=l.querySelectorAll('iframe[data-secret=\"'+t.secret+'\"]'),o=l.querySelectorAll('blockquote[data-secret=\"'+t.secret+'\"]'),c=new RegExp(\"^https?:$\",\"i\"),i=0;i<o.length;i++)o[i].style.display=\"none\";for(i=0;i<a.length;i++)s=a[i],e.source===s.contentWindow&&(s.removeAttribute(\"style\"),\"height\"===t.message?(1e3<(r=parseInt(t.value,10))?r=1e3:~~r<200&&(r=200),s.height=r):\"link\"===t.message&&(r=new URL(s.getAttribute(\"src\")),n=new URL(t.value),c.test(n.protocol))&&n.host===r.host&&l.activeElement===s&&(d.top.location.href=t.value))}},d.addEventListener(\"message\",d.wp.receiveEmbedMessage,!1),l.addEventListener(\"DOMContentLoaded\",function(){for(var e,t,s=l.querySelectorAll(\"iframe.wp-embedded-content\"),r=0;r<s.length;r++)(t=(e=s[r]).getAttribute(\"data-secret\"))||(t=Math.random().toString(36).substring(2,12),e.src+=\"#?secret=\"+t,e.setAttribute(\"data-secret\",t)),e.contentWindow.postMessage({message:\"ready\",secret:t},\"*\")},!1)))}(window,document);\n<\/script>\n","description":"1400 bis 1499. \u00a0 1423. Die ersten Wettinischen Kurf\u00fcrsten. Mit der Kurw\u00fcrde traten die Wettiner, fast zugleich mit den brandenburgischen Hohenzollern, in den h\u00f6chsten Adel des Reiches, in das Kollegium der sieben Kurf\u00fcrsten, ein, das nach der Goldnen Bulle von 1356 den Kaiser w\u00e4hlte. Weiterlesen \u2192","thumbnail_url":"https:\/\/www.ewigerbund.org\/sachsen\/wp-content\/uploads\/sites\/14\/2022\/12\/1423-WettinischeKurfuersten-1200px_k.jpg"}

Königreich Sachsen

15. Jahrhundert. &#8226; Königreich Sachsen.

<blockquote class="wp-embedded-content" data-secret="nqrWi0MVlF"><a href="https://www.ewigerbund.org/sachsen/landesgeschichte/15-jahrhundert/">15. Jahrhundert.</a></blockquote><iframe sandbox="allow-scripts" security="restricted" src="https://www.ewigerbund.org/sachsen/landesgeschichte/15-jahrhundert/embed/#?secret=nqrWi0MVlF" width="600" height="338" title="&#8222;15. Jahrhundert.&#8220; &#8211; Königreich Sachsen" data-secret="nqrWi0MVlF" frameborder="0" marginwidth="0" marginheight="0" scrolling="no" class="wp-embedded-content"></iframe><script>
/*! This file is auto-generated */
!function(d,l){"use strict";l.querySelector&&d.addEventListener&&"undefined"!=typeof URL&&(d.wp=d.wp||{},d.wp.receiveEmbedMessage||(d.wp.receiveEmbedMessage=function(e){var t=e.data;if((t||t.secret||t.message||t.value)&&!/[^a-zA-Z0-9]/.test(t.secret)){for(var s,r,n,a=l.querySelectorAll('iframe[data-secret="'+t.secret+'"]'),o=l.querySelectorAll('blockquote[data-secret="'+t.secret+'"]'),c=new RegExp("^https?:$","i"),i=0;i<o.length;i++)o[i].style.display="none";for(i=0;i<a.length;i++)s=a[i],e.source===s.contentWindow&&(s.removeAttribute("style"),"height"===t.message?(1e3<(r=parseInt(t.value,10))?r=1e3:~~r<200&&(r=200),s.height=r):"link"===t.message&&(r=new URL(s.getAttribute("src")),n=new URL(t.value),c.test(n.protocol))&&n.host===r.host&&l.activeElement===s&&(d.top.location.href=t.value))}},d.addEventListener("message",d.wp.receiveEmbedMessage,!1),l.addEventListener("DOMContentLoaded",function(){for(var e,t,s=l.querySelectorAll("iframe.wp-embedded-content"),r=0;r<s.length;r++)(t=(e=s[r]).getAttribute("data-secret"))||(t=Math.random().toString(36).substring(2,12),e.src+="#?secret="+t,e.setAttribute("data-secret",t)),e.contentWindow.postMessage({message:"ready",secret:t},"*")},!1)))}(window,document);
</script>

1400 bis 1499.   1423. Die ersten Wettinischen Kurfürsten. Mit der Kurwürde traten die Wettiner, fast zugleich mit den brandenburgischen Hohenzollern, in den höchsten Adel des Reiches, in das Kollegium der sieben Kurfürsten, ein, das nach der Goldnen Bulle von 1356 den Kaiser wählte. Weiterlesen →
