{"id":144,"date":"2021-10-30T20:32:38","date_gmt":"2021-10-30T18:32:38","guid":{"rendered":"https:\/\/www.ewigerbund.org\/reuss-aelterer-linie\/?page_id=144"},"modified":"2021-10-30T20:41:51","modified_gmt":"2021-10-30T18:41:51","slug":"test","status":"publish","type":"page","link":"https:\/\/www.ewigerbund.org\/reuss-aelterer-linie\/test\/","title":{"rendered":"Test"},"content":{"rendered":"\n<p>Text Text<\/p>\n\n\n<div class=\"gb-container gb-container-e7a51b48\"><div class=\"gb-inside-container\">\n<div class=\"gb-container gb-container-a61afcd9\"><div class=\"gb-inside-container\"><\/div><\/div>\n<\/div><\/div>\n\n\n<p><\/p>\n\n\n\n\n\n<h2 class=\"gb-headline gb-headline-fcd88d19 gb-headline-text\"><br><\/h2>\n\n\n\n<blockquote class=\"wp-block-quote is-style-large is-layout-flow wp-block-quote-is-layout-flow\"><p>Zitat<\/p><cite>Fritz<\/cite><\/blockquote>\n\n\n\n<ul class=\"wp-block-list\"><li>Nummer 1<\/li><li>Nummer 2<\/li><li>asd<\/li><li>ad<\/li><li>d<\/li><li>d<\/li><li><\/li><\/ul>\n\n\n\n<div class=\"wp-block-media-text alignwide is-stacked-on-mobile\"><figure class=\"wp-block-media-text__media\"><\/figure><div class=\"wp-block-media-text__content\">\n<p class=\"has-large-font-size\">dasd<\/p>\n\n\n\n<div class=\"wp-block-columns is-layout-flex wp-container-core-columns-is-layout-1 wp-block-columns-is-layout-flex\"><\/div>\n<\/div><\/div>\n\n\n\n<div class=\"wp-block-columns is-layout-flex wp-container-core-columns-is-layout-2 wp-block-columns-is-layout-flex\">\n<div class=\"wp-block-column is-layout-flow wp-block-column-is-layout-flow\">\n<p><\/p>\n<\/div>\n\n\n\n<div class=\"wp-block-column is-layout-flow wp-block-column-is-layout-flow\"><\/div>\n\n\n\n<div class=\"wp-block-column is-layout-flow wp-block-column-is-layout-flow\"><\/div>\n<\/div>\n\n\n\n<hr class=\"wp-block-separator\" \/>\n","protected":false},"excerpt":{"rendered":"<p>Text Text Zitat Fritz Nummer 1 Nummer 2 asd ad d d<\/p>\n","protected":false},"author":1,"featured_media":0,"parent":0,"menu_order":0,"comment_status":"closed","ping_status":"closed","template":"","meta":{"footnotes":""},"categories":[],"tags":[],"class_list":["post-144","page","type-page","status-publish","hentry"],"yoast_head":"<!-- This site is optimized with the Yoast SEO plugin v23.1 - https:\/\/yoast.com\/wordpress\/plugins\/seo\/ -->\n<title>Test - Das F\u00fcrstentum Reu\u00df \u00e4lterer Linie im Ewigen Bund.<\/title>\n<meta name=\"robots\" content=\"index, follow, max-snippet:-1, max-image-preview:large, max-video-preview:-1\" \/>\n<link rel=\"canonical\" href=\"https:\/\/www.ewigerbund.org\/reuss-aelterer-linie\/test\/\" \/>\n<meta property=\"og:locale\" content=\"de_DE\" \/>\n<meta property=\"og:type\" content=\"article\" \/>\n<meta property=\"og:title\" content=\"Test - Das F\u00fcrstentum Reu\u00df \u00e4lterer Linie im Ewigen Bund.\" \/>\n<meta property=\"og:description\" content=\"Text Text Zitat Fritz Nummer 1 Nummer 2 asd ad d d\" \/>\n<meta property=\"og:url\" content=\"https:\/\/www.ewigerbund.org\/reuss-aelterer-linie\/test\/\" \/>\n<meta property=\"og:site_name\" content=\"Das F\u00fcrstentum Reu\u00df \u00e4lterer Linie im Ewigen Bund.\" \/>\n<meta property=\"article:modified_time\" content=\"2021-10-30T18:41:51+00:00\" \/>\n<meta name=\"twitter:card\" content=\"summary_large_image\" \/>\n<meta name=\"twitter:label1\" content=\"Gesch\u00e4tzte Lesezeit\" \/>\n\t<meta name=\"twitter:data1\" content=\"1\u00a0Minute\" \/>\n<script type=\"application\/ld+json\" class=\"yoast-schema-graph\">{\"@context\":\"https:\/\/schema.org\",\"@graph\":[{\"@type\":\"WebPage\",\"@id\":\"https:\/\/www.ewigerbund.org\/reuss-aelterer-linie\/test\/\",\"url\":\"https:\/\/www.ewigerbund.org\/reuss-aelterer-linie\/test\/\",\"name\":\"Test - Das F\u00fcrstentum Reu\u00df \u00e4lterer Linie im Ewigen Bund.\",\"isPartOf\":{\"@id\":\"https:\/\/www.ewigerbund.org\/reuss-aelterer-linie\/#website\"},\"datePublished\":\"2021-10-30T18:32:38+00:00\",\"dateModified\":\"2021-10-30T18:41:51+00:00\",\"breadcrumb\":{\"@id\":\"https:\/\/www.ewigerbund.org\/reuss-aelterer-linie\/test\/#breadcrumb\"},\"inLanguage\":\"de\",\"potentialAction\":[{\"@type\":\"ReadAction\",\"target\":[\"https:\/\/www.ewigerbund.org\/reuss-aelterer-linie\/test\/\"]}]},{\"@type\":\"BreadcrumbList\",\"@id\":\"https:\/\/www.ewigerbund.org\/reuss-aelterer-linie\/test\/#breadcrumb\",\"itemListElement\":[{\"@type\":\"ListItem\",\"position\":1,\"name\":\"Startseite\",\"item\":\"https:\/\/www.ewigerbund.org\/reuss-aelterer-linie\/\"},{\"@type\":\"ListItem\",\"position\":2,\"name\":\"Test\"}]},{\"@type\":\"WebSite\",\"@id\":\"https:\/\/www.ewigerbund.org\/reuss-aelterer-linie\/#website\",\"url\":\"https:\/\/www.ewigerbund.org\/reuss-aelterer-linie\/\",\"name\":\"Das F\u00fcrstentum Reu\u00df \u00e4lterer Linie im Ewigen Bund.\",\"description\":\"Eine Bundesstaatenseite des Ewigen Bundes.\",\"potentialAction\":[{\"@type\":\"SearchAction\",\"target\":{\"@type\":\"EntryPoint\",\"urlTemplate\":\"https:\/\/www.ewigerbund.org\/reuss-aelterer-linie\/?s={search_term_string}\"},\"query-input\":\"required name=search_term_string\"}],\"inLanguage\":\"de\"}]}<\/script>\n<!-- \/ Yoast SEO plugin. -->","yoast_head_json":{"title":"Test - Das F\u00fcrstentum Reu\u00df \u00e4lterer Linie im Ewigen Bund.","robots":{"index":"index","follow":"follow","max-snippet":"max-snippet:-1","max-image-preview":"max-image-preview:large","max-video-preview":"max-video-preview:-1"},"canonical":"https:\/\/www.ewigerbund.org\/reuss-aelterer-linie\/test\/","og_locale":"de_DE","og_type":"article","og_title":"Test - Das F\u00fcrstentum Reu\u00df \u00e4lterer Linie im Ewigen Bund.","og_description":"Text Text Zitat Fritz Nummer 1 Nummer 2 asd ad d d","og_url":"https:\/\/www.ewigerbund.org\/reuss-aelterer-linie\/test\/","og_site_name":"Das F\u00fcrstentum Reu\u00df \u00e4lterer Linie im Ewigen Bund.","article_modified_time":"2021-10-30T18:41:51+00:00","twitter_card":"summary_large_image","twitter_misc":{"Gesch\u00e4tzte Lesezeit":"1\u00a0Minute"},"schema":{"@context":"https:\/\/schema.org","@graph":[{"@type":"WebPage","@id":"https:\/\/www.ewigerbund.org\/reuss-aelterer-linie\/test\/","url":"https:\/\/www.ewigerbund.org\/reuss-aelterer-linie\/test\/","name":"Test - Das F\u00fcrstentum Reu\u00df \u00e4lterer Linie im Ewigen Bund.","isPartOf":{"@id":"https:\/\/www.ewigerbund.org\/reuss-aelterer-linie\/#website"},"datePublished":"2021-10-30T18:32:38+00:00","dateModified":"2021-10-30T18:41:51+00:00","breadcrumb":{"@id":"https:\/\/www.ewigerbund.org\/reuss-aelterer-linie\/test\/#breadcrumb"},"inLanguage":"de","potentialAction":[{"@type":"ReadAction","target":["https:\/\/www.ewigerbund.org\/reuss-aelterer-linie\/test\/"]}]},{"@type":"BreadcrumbList","@id":"https:\/\/www.ewigerbund.org\/reuss-aelterer-linie\/test\/#breadcrumb","itemListElement":[{"@type":"ListItem","position":1,"name":"Startseite","item":"https:\/\/www.ewigerbund.org\/reuss-aelterer-linie\/"},{"@type":"ListItem","position":2,"name":"Test"}]},{"@type":"WebSite","@id":"https:\/\/www.ewigerbund.org\/reuss-aelterer-linie\/#website","url":"https:\/\/www.ewigerbund.org\/reuss-aelterer-linie\/","name":"Das F\u00fcrstentum Reu\u00df \u00e4lterer Linie im Ewigen Bund.","description":"Eine Bundesstaatenseite des Ewigen Bundes.","potentialAction":[{"@type":"SearchAction","target":{"@type":"EntryPoint","urlTemplate":"https:\/\/www.ewigerbund.org\/reuss-aelterer-linie\/?s={search_term_string}"},"query-input":"required name=search_term_string"}],"inLanguage":"de"}]}},"_links":{"self":[{"href":"https:\/\/www.ewigerbund.org\/reuss-aelterer-linie\/wp-json\/wp\/v2\/pages\/144","targetHints":{"allow":["GET"]}}],"collection":[{"href":"https:\/\/www.ewigerbund.org\/reuss-aelterer-linie\/wp-json\/wp\/v2\/pages"}],"about":[{"href":"https:\/\/www.ewigerbund.org\/reuss-aelterer-linie\/wp-json\/wp\/v2\/types\/page"}],"author":[{"embeddable":true,"href":"https:\/\/www.ewigerbund.org\/reuss-aelterer-linie\/wp-json\/wp\/v2\/users\/1"}],"replies":[{"embeddable":true,"href":"https:\/\/www.ewigerbund.org\/reuss-aelterer-linie\/wp-json\/wp\/v2\/comments?post=144"}],"version-history":[{"count":4,"href":"https:\/\/www.ewigerbund.org\/reuss-aelterer-linie\/wp-json\/wp\/v2\/pages\/144\/revisions"}],"predecessor-version":[{"id":150,"href":"https:\/\/www.ewigerbund.org\/reuss-aelterer-linie\/wp-json\/wp\/v2\/pages\/144\/revisions\/150"}],"wp:attachment":[{"href":"https:\/\/www.ewigerbund.org\/reuss-aelterer-linie\/wp-json\/wp\/v2\/media?parent=144"}],"wp:term":[{"taxonomy":"category","embeddable":true,"href":"https:\/\/www.ewigerbund.org\/reuss-aelterer-linie\/wp-json\/wp\/v2\/categories?post=144"},{"taxonomy":"post_tag","embeddable":true,"href":"https:\/\/www.ewigerbund.org\/reuss-aelterer-linie\/wp-json\/wp\/v2\/tags?post=144"}],"curies":[{"name":"wp","href":"https:\/\/api.w.org\/{rel}","templated":true}]}}