{"version":"1.0","provider_name":"Geschichte","provider_url":"https:\/\/www.ewigerbund.org\/geschichte","author_name":"Geschichte","author_url":"https:\/\/www.ewigerbund.org\/geschichte","title":"1529. Karl V. und die Reformation.","type":"rich","width":600,"height":338,"html":"<blockquote class=\"wp-embedded-content\" data-secret=\"ifBkRo3kCP\"><a href=\"https:\/\/www.ewigerbund.org\/geschichte\/16-jahrhundert\/1529-karl-v-und-die-reformation\/\">1529. Karl V. und die Reformation.<\/a><\/blockquote><iframe sandbox=\"allow-scripts\" security=\"restricted\" src=\"https:\/\/www.ewigerbund.org\/geschichte\/16-jahrhundert\/1529-karl-v-und-die-reformation\/embed\/#?secret=ifBkRo3kCP\" width=\"600\" height=\"338\" title=\"&#8222;1529. Karl V. und die Reformation.&#8220; &#8211; Geschichte\" data-secret=\"ifBkRo3kCP\" frameborder=\"0\" marginwidth=\"0\" marginheight=\"0\" scrolling=\"no\" class=\"wp-embedded-content\"><\/iframe><script type=\"text\/javascript\">\n\/* <![CDATA[ *\/\n\/*! This file is auto-generated *\/\n!function(d,l){\"use strict\";l.querySelector&&d.addEventListener&&\"undefined\"!=typeof URL&&(d.wp=d.wp||{},d.wp.receiveEmbedMessage||(d.wp.receiveEmbedMessage=function(e){var t=e.data;if((t||t.secret||t.message||t.value)&&!\/[^a-zA-Z0-9]\/.test(t.secret)){for(var s,r,n,a=l.querySelectorAll('iframe[data-secret=\"'+t.secret+'\"]'),o=l.querySelectorAll('blockquote[data-secret=\"'+t.secret+'\"]'),c=new RegExp(\"^https?:$\",\"i\"),i=0;i<o.length;i++)o[i].style.display=\"none\";for(i=0;i<a.length;i++)s=a[i],e.source===s.contentWindow&&(s.removeAttribute(\"style\"),\"height\"===t.message?(1e3<(r=parseInt(t.value,10))?r=1e3:~~r<200&&(r=200),s.height=r):\"link\"===t.message&&(r=new URL(s.getAttribute(\"src\")),n=new URL(t.value),c.test(n.protocol))&&n.host===r.host&&l.activeElement===s&&(d.top.location.href=t.value))}},d.addEventListener(\"message\",d.wp.receiveEmbedMessage,!1),l.addEventListener(\"DOMContentLoaded\",function(){for(var e,t,s=l.querySelectorAll(\"iframe.wp-embedded-content\"),r=0;r<s.length;r++)(t=(e=s[r]).getAttribute(\"data-secret\"))||(t=Math.random().toString(36).substring(2,12),e.src+=\"#?secret=\"+t,e.setAttribute(\"data-secret\",t)),e.contentWindow.postMessage({message:\"ready\",secret:t},\"*\")},!1)))}(window,document);\n\/* ]]> *\/\n<\/script>\n","thumbnail_url":"https:\/\/www.ewigerbund.org\/geschichte\/wp-content\/uploads\/sites\/39\/2023\/01\/EB-Geschichte-KaiserKarlVReformation-Video.jpg","thumbnail_width":1200,"thumbnail_height":682,"description":"Luthers Lehre breitete sich immer weiter aus. Manche deutsche F\u00fcrsten lie\u00dfen sich bei Einf\u00fchrung der Reformation durch Gewinnsucht leiten; denn bei Aufhebung der Kl\u00f6ster nahmen die Landesherren die reichen G\u00fcter derselben f\u00fcr sich in Besitz, wenn sie auch vielleicht einen Teil der Eink\u00fcnfte zur Unterhaltung von Schulen oder Krankenh\u00e4usern bestimmten."}

Luthers Lehre breitete sich immer weiter aus. Manche deutsche Fürsten ließen sich bei Einführung der Reformation durch Gewinnsucht leiten; denn bei Aufhebung der Klöster nahmen die Landesherren die reichen Güter derselben für sich in Besitz, wenn sie auch vielleicht einen Teil der Einkünfte zur Unterhaltung von Schulen oder Krankenhäusern bestimmten.
