{"id":269,"date":"2026-02-06T15:20:34","date_gmt":"2026-02-06T14:20:34","guid":{"rendered":"https:\/\/www.ewigerbund.org\/bremen\/?page_id=269"},"modified":"2026-02-06T15:20:36","modified_gmt":"2026-02-06T14:20:36","slug":"gesetzgebung","status":"publish","type":"page","link":"https:\/\/www.ewigerbund.org\/bremen\/wissensschatz\/gesetzgebung\/","title":{"rendered":"Die Gesetzgebung"},"content":{"rendered":"\n<h2 class=\"wp-block-heading\"><a>Die Gesetzgebung.<\/a><\/h2>\n\n\n\n<h3 class=\"wp-block-heading\"><a>I. Gesetze.<\/a><\/h3>\n\n\n\n<p>Die T\u00e4tigkeit des Staates gliedert sich in die drei Gebiete: Gesetzgebung, Rechtsprechung, Verwaltung. Die Gesetzgebung stellt die Rechtss\u00e4tze auf, sie schafft die Rechtsordnung des Staates, ist seine h\u00f6chste Willens\u00e4u\u00dferung. Die Rechtsprechung h\u00e4lt die Rechtsordnung aufrecht durch Anwendung der Gesetze, die Rechtsverletzung bestrafend \u2014 in der Strafjustiz \u2014 und Rechtsschutz gew\u00e4hrend \u2014 in der Ziviljustiz. Die Verwaltung ist die gesamte \u00fcbrige T\u00e4tigkeit des Staates, die im Rechtsstaat an die Schranken des Gesetzes gebunden ist. Die von Montesquieu begr\u00fcndete Lehre von der Teilung der Gewalten, nach der jene drei Gebiete im Staate verschiedenen pers\u00f6nlichen Tr\u00e4gern \u00fcbertragen sein sollen \u2014 die Gesetzgebung dem Volke, die Rechtsprechung unabh\u00e4ngigen Gerichten, die Verwaltung den F\u00fcrsten \u2014, ist in ihrer Einseitigkeit heute aufgegeben. Doch ist die sachliche Scheidung jener drei Arten der T\u00e4tigkeit des Staates in ihren verschiedenen Voraussetzungen und Formen innerlich begr\u00fcndet.<\/p>\n\n\n\n<p>Die Gesetzgebung wird im konstitutionellen Staat unter Mitwirkung der Volksvertretung ausge\u00fcbt; das Gesetz mu\u00df ferner durch Publikation in bestimmter Weise kundgegeben werden. Alle Rechtssetzung kann grunds\u00e4tzlich nur auf diesem Wege erfolgen; die Verwaltungsorgane bed\u00fcrfen einer ausdr\u00fccklichen Erm\u00e4chtigung durch Gesetz, um allein im Wege der Verordnung Rechtss\u00e4tze anzuordnen. Der Weg des Gesetzes \u2014 Mitwirkung der Volksvertretung, Publikation als Gesetz \u2014 wird dann auch f\u00fcr andere Willens\u00e4u\u00dferungen des Staates, die nicht Rechtssetzung enthalten, benutzt, bei denen auch die Formen des Gesetzes gewahrt werden sollen, sogenannte Gesetze im formellen Sinne, z.B. das Etatgesetz im Deutschen Reich (in Bremen wird der Etat nicht als Gesetz publiziert).<\/p>\n\n\n\n<p>Nach \u00a7 58 b der Bremischen Verfassung geh\u00f6rt die \u201eErlassung, authentische Auslegung, Ab\u00e4nderung und Aufhebung von Gesetzen\u201c zur gemeinsamen Wirksamkeit von Senat und B\u00fcrgerschaft. Der Gesetzesvorschlag \u2014 die Initiative \u2014 kann von beiden ausgehen, Zum Zustandekommen des Gesetzes ist erforderlich, da\u00df der gesamte Inhalt durch \u00fcbereinstimmende Mehrheitsbeschl\u00fcsse festgestellt ist. Ist dies der Fall, so hat der Senat das Gesetz auszufertigen und zu verk\u00fcnden (Publikation). Die Publikationsformel lautet bei einfachen Gesetzen: \u201eDer Senat verordnet im Einverst\u00e4ndnis mit der B\u00fcrgerschaft\u201c; bei Verfassungs\u00e4nderungen: \u201eDer Senat verordnet in Gem\u00e4\u00dfheit eines von ihm und der B\u00fcrgerschaft auf dem in \u00a7 67 der Verfassung vorgeschriebenen Wege gefa\u00dften Beschlusses\u201c; bei Verordnungen des Senats: \u201eDer Senat verordnet\u201c. Mit der Verk\u00fcndung tritt das Gesetz in Kraft, sofern es nicht anders bestimmt. Die Publikation erfolgt seit 1849 in dem \u201eGesetzblatt der freien Hansestadt Bremen\u201c, das au\u00dfer Gesetzen auch Verordnungen und Bekanntmachungen anderer Beh\u00f6rden enth\u00e4lt. Bis 1849 bestand die J\u00e4hrlich erscheinende offizielle \u201eSammlung der Verordnungen und Proklame des Senats\u201c, in der aber nicht alle Gesetze aufgenommen sind.<\/p>\n\n\n\n<p>Erschwerte Formen sind vorgeschrieben f\u00fcr Gesetze, die eine Verfassungs\u00e4nderung enthalten; sie haben drei Stadien zu durchlaufen: 1. eine Vorberatung in zwei verschiedenen Sitzungen der B\u00fcrgerschaft; ein Antrag auf Verfassungs\u00e4nderung gelangt hier nur auf die Tagesordnung, wenn er vom Senat ausgeht oder von 30 Mitgliedern der B\u00fcrgerschaft eingebracht ist; am Schlusse der zweiten Sitzung beschlie\u00dft die B\u00fcrgerschaft \u00fcber die weitere Verhandlung; entscheidet sie sich daf\u00fcr und stimmt der Senat zu, so folgt: 2. die Beratung in einer zu dem Zwecke eingesetzten Deputation und 3. die definitive Beschlu\u00dffassung; die Annahme mu\u00df in zwei verschiedenen Sitzungen von Senat und B\u00fcrgerschaft von der Mehrheit der gesetzlichen Mitgliederzahl jeder Versammlung beschlossen werden.<\/p>\n\n\n\n<p>Zweifel, ob ein Gesetz eine Verfassungs\u00e4nderung enth\u00e4lt oder nicht, ob z.B. eine Beschr\u00e4nkung des Grundeigentums in die durch die Verfassung garantierte Unverletzlichkeit des Eigentums eingreift, entscheidet der Gesetzgeber, also Senat und B\u00fcrgerschaft, allein und definitiv. Hat er die Form des einfachen Gesetzes f\u00fcr gen\u00fcgend erachtet, so ist auch der Richter daran gebunden.<\/p>\n\n\n\n<h3 class=\"wp-block-heading\"><a>II. Verordnungen mit Gesetzeskraft.<\/a><\/h3>\n\n\n\n<p>Verordnungen sind Anordnungen der Beh\u00f6rden, die im Unterschied von den Gesetzen ohne Mitwirkung der Volksvertretung erlassen sind. Man unterscheidet Verwaltungsverordnungen, die im Rahmen der Rechtsordnung Anweisungen zum Vollzug enthalten und von jeder Beh\u00f6rde im Bereich Ihrer Zust\u00e4ndigkeit erlassen werden k\u00f6nnen, und&nbsp; Rechtsverordnungen. Die Rechtsverordnungen haben Rechtss\u00e4tze zum Inhalt; sie stehen an der Stelle der Gesetze; da im Rechtsstaat ein Rechtssatz&nbsp; grunds\u00e4tzlich nur durch Gesetz angeordnet werden kann, bed\u00fcrfen die Verwaltungsbeh\u00f6rden zum Erla\u00df von Rechtsverordnungen einer gesetzlichen Erm\u00e4chtigung. Diese Erm\u00e4chtigung kann allgemein oder f\u00fcr einen bestimmten Zweck erteilt sein. So geben die Reichsgesetze in weitem Umfang den Landesregierungen \u2014 damit in Bremen dem Senat \u2014 oder anderen Landesbeh\u00f6rden das Recht, die Details zur Ausf\u00fchrung der Gesetze und zu ihrer lokalen Anpassung durch Verordnung zu bestimmen. Die Bremische Verfassung gibt dem Senat eine zweifache allgemeine Erm\u00e4chtigung zum Erla\u00df von Rechtsverordnungen:<\/p>\n\n\n\n<p>1. Der Senat kann im Falle eines Krieges oder Aufruhrs zur Aufrechterhaltung der Ordnung und Sicherheit sogenannte Notverordnungen erlassen, ein Recht, das heute ohne Bedeutung ist, da der Senat in die jetzt den \u00f6ffentlichen Rechtszustand verb\u00fcrgenden Reichsgesetze nicht eingreifen kann. An die Stelle ist die reichsverfassungsm\u00e4\u00dfige Befugnis des Kaisers getreten, bei Bedrohung der \u00f6ffentlichen Sicherheit jeden Teil des Reichsgebietes in Kriegszustand zu erkl\u00e4ren.<\/p>\n\n\n\n<p>2. Um so wichtiger ist die allgemeine Erm\u00e4chtigung des Senats zum Erla\u00df von Polizeiverordnungen. Der B\u00fcrgerschaft steht bei Erla\u00df der Polizeiverordnungen keinerlei Mitwirkungsrecht zu; sie kann nur, falls nach ihrer Meinung eine Bestimmung nicht durch Polizeiverordnung h\u00e4tte getroffen werden k\u00f6nnen, dem Senate Vorstellungen machen und im Wege des f\u00fcr Erledigung von Meinungsverschiedenheiten vorgeschriebenen Verfahrens \u00e4u\u00dferstenfalls eine Entscheidung des Hanseatischen Oberlandesgerichts dar\u00fcber herbeif\u00fchren.<\/p>\n\n\n\n<p>Auch die Rechtsverordnungen bed\u00fcrfen der Publikation. Die Frage, ob der Senat oder eine andere Beh\u00f6rde eine Verordnung erlassen konnte, unterliegt im Proze\u00df der Nachpr\u00fcfung durch das Gericht.<\/p>\n","protected":false},"excerpt":{"rendered":"<p>Die Gesetzgebung. I. Gesetze. Die T\u00e4tigkeit des Staates gliedert sich in die drei Gebiete: Gesetzgebung, Rechtsprechung, Verwaltung. Die Gesetzgebung stellt die Rechtss\u00e4tze auf, sie schafft die Rechtsordnung des Staates, ist seine h\u00f6chste Willens\u00e4u\u00dferung. Die Rechtsprechung h\u00e4lt die Rechtsordnung aufrecht durch Anwendung der Gesetze, die Rechtsverletzung bestrafend \u2014 in der Strafjustiz \u2014 und Rechtsschutz gew\u00e4hrend \u2014 &#8230; <a title=\"Die Gesetzgebung\" class=\"read-more\" href=\"https:\/\/www.ewigerbund.org\/bremen\/wissensschatz\/gesetzgebung\/\" aria-label=\"Mehr zu Die Gesetzgebung\">Weiterlesen &#8230;<\/a><\/p>\n","protected":false},"author":30,"featured_media":0,"parent":238,"menu_order":0,"comment_status":"closed","ping_status":"closed","template":"template-6-beide-seitenleiste.php","meta":{"footnotes":""},"categories":[],"tags":[],"class_list":["post-269","page","type-page","status-publish","hentry"],"yoast_head":"<!-- This site is optimized with the Yoast SEO plugin v23.1 - https:\/\/yoast.com\/wordpress\/plugins\/seo\/ -->\n<title>Die Gesetzgebung - Freie Hansestadt Bremen<\/title>\n<meta name=\"robots\" content=\"index, follow, max-snippet:-1, max-image-preview:large, max-video-preview:-1\" \/>\n<link rel=\"canonical\" href=\"https:\/\/www.ewigerbund.org\/bremen\/wissensschatz\/gesetzgebung\/\" \/>\n<meta property=\"og:locale\" content=\"de_DE\" \/>\n<meta property=\"og:type\" content=\"article\" \/>\n<meta property=\"og:title\" content=\"Die Gesetzgebung - Freie Hansestadt Bremen\" \/>\n<meta property=\"og:description\" content=\"Die Gesetzgebung. I. Gesetze. Die T\u00e4tigkeit des Staates gliedert sich in die drei Gebiete: Gesetzgebung, Rechtsprechung, Verwaltung. Die Gesetzgebung stellt die Rechtss\u00e4tze auf, sie schafft die Rechtsordnung des Staates, ist seine h\u00f6chste Willens\u00e4u\u00dferung. Die Rechtsprechung h\u00e4lt die Rechtsordnung aufrecht durch Anwendung der Gesetze, die Rechtsverletzung bestrafend \u2014 in der Strafjustiz \u2014 und Rechtsschutz gew\u00e4hrend \u2014 ... Weiterlesen ...\" \/>\n<meta property=\"og:url\" content=\"https:\/\/www.ewigerbund.org\/bremen\/wissensschatz\/gesetzgebung\/\" \/>\n<meta property=\"og:site_name\" content=\"Freie Hansestadt Bremen\" \/>\n<meta property=\"article:modified_time\" content=\"2026-02-06T14:20:36+00:00\" \/>\n<meta name=\"twitter:card\" content=\"summary_large_image\" \/>\n<meta name=\"twitter:label1\" content=\"Gesch\u00e4tzte Lesezeit\" \/>\n\t<meta name=\"twitter:data1\" content=\"5\u00a0Minuten\" \/>\n<script type=\"application\/ld+json\" class=\"yoast-schema-graph\">{\"@context\":\"https:\/\/schema.org\",\"@graph\":[{\"@type\":\"WebPage\",\"@id\":\"https:\/\/www.ewigerbund.org\/bremen\/wissensschatz\/gesetzgebung\/\",\"url\":\"https:\/\/www.ewigerbund.org\/bremen\/wissensschatz\/gesetzgebung\/\",\"name\":\"Die Gesetzgebung - Freie Hansestadt Bremen\",\"isPartOf\":{\"@id\":\"https:\/\/www.ewigerbund.org\/bremen\/#website\"},\"datePublished\":\"2026-02-06T14:20:34+00:00\",\"dateModified\":\"2026-02-06T14:20:36+00:00\",\"breadcrumb\":{\"@id\":\"https:\/\/www.ewigerbund.org\/bremen\/wissensschatz\/gesetzgebung\/#breadcrumb\"},\"inLanguage\":\"de\",\"potentialAction\":[{\"@type\":\"ReadAction\",\"target\":[\"https:\/\/www.ewigerbund.org\/bremen\/wissensschatz\/gesetzgebung\/\"]}]},{\"@type\":\"BreadcrumbList\",\"@id\":\"https:\/\/www.ewigerbund.org\/bremen\/wissensschatz\/gesetzgebung\/#breadcrumb\",\"itemListElement\":[{\"@type\":\"ListItem\",\"position\":1,\"name\":\"Startseite\",\"item\":\"https:\/\/www.ewigerbund.org\/bremen\/\"},{\"@type\":\"ListItem\",\"position\":2,\"name\":\"Wissensschatz\",\"item\":\"https:\/\/www.ewigerbund.org\/bremen\/wissensschatz\/\"},{\"@type\":\"ListItem\",\"position\":3,\"name\":\"Die Gesetzgebung\"}]},{\"@type\":\"WebSite\",\"@id\":\"https:\/\/www.ewigerbund.org\/bremen\/#website\",\"url\":\"https:\/\/www.ewigerbund.org\/bremen\/\",\"name\":\"Freie Hansestadt Bremen\",\"description\":\" im ewigen Bund.\",\"publisher\":{\"@id\":\"https:\/\/www.ewigerbund.org\/bremen\/#organization\"},\"potentialAction\":[{\"@type\":\"SearchAction\",\"target\":{\"@type\":\"EntryPoint\",\"urlTemplate\":\"https:\/\/www.ewigerbund.org\/bremen\/?s={search_term_string}\"},\"query-input\":\"required name=search_term_string\"}],\"inLanguage\":\"de\"},{\"@type\":\"Organization\",\"@id\":\"https:\/\/www.ewigerbund.org\/bremen\/#organization\",\"name\":\"Freie Hansestadt Bremen\",\"url\":\"https:\/\/www.ewigerbund.org\/bremen\/\",\"logo\":{\"@type\":\"ImageObject\",\"inLanguage\":\"de\",\"@id\":\"https:\/\/www.ewigerbund.org\/bremen\/#\/schema\/logo\/image\/\",\"url\":\"https:\/\/www.ewigerbund.org\/bremen\/wp-content\/uploads\/sites\/36\/2024\/11\/2024-11-25-signet-bremen-v2-512pixel.png\",\"contentUrl\":\"https:\/\/www.ewigerbund.org\/bremen\/wp-content\/uploads\/sites\/36\/2024\/11\/2024-11-25-signet-bremen-v2-512pixel.png\",\"width\":512,\"height\":512,\"caption\":\"Freie Hansestadt Bremen\"},\"image\":{\"@id\":\"https:\/\/www.ewigerbund.org\/bremen\/#\/schema\/logo\/image\/\"}}]}<\/script>\n<!-- \/ Yoast SEO plugin. -->","yoast_head_json":{"title":"Die Gesetzgebung - Freie Hansestadt Bremen","robots":{"index":"index","follow":"follow","max-snippet":"max-snippet:-1","max-image-preview":"max-image-preview:large","max-video-preview":"max-video-preview:-1"},"canonical":"https:\/\/www.ewigerbund.org\/bremen\/wissensschatz\/gesetzgebung\/","og_locale":"de_DE","og_type":"article","og_title":"Die Gesetzgebung - Freie Hansestadt Bremen","og_description":"Die Gesetzgebung. I. Gesetze. Die T\u00e4tigkeit des Staates gliedert sich in die drei Gebiete: Gesetzgebung, Rechtsprechung, Verwaltung. Die Gesetzgebung stellt die Rechtss\u00e4tze auf, sie schafft die Rechtsordnung des Staates, ist seine h\u00f6chste Willens\u00e4u\u00dferung. Die Rechtsprechung h\u00e4lt die Rechtsordnung aufrecht durch Anwendung der Gesetze, die Rechtsverletzung bestrafend \u2014 in der Strafjustiz \u2014 und Rechtsschutz gew\u00e4hrend \u2014 ... Weiterlesen ...","og_url":"https:\/\/www.ewigerbund.org\/bremen\/wissensschatz\/gesetzgebung\/","og_site_name":"Freie Hansestadt Bremen","article_modified_time":"2026-02-06T14:20:36+00:00","twitter_card":"summary_large_image","twitter_misc":{"Gesch\u00e4tzte Lesezeit":"5\u00a0Minuten"},"schema":{"@context":"https:\/\/schema.org","@graph":[{"@type":"WebPage","@id":"https:\/\/www.ewigerbund.org\/bremen\/wissensschatz\/gesetzgebung\/","url":"https:\/\/www.ewigerbund.org\/bremen\/wissensschatz\/gesetzgebung\/","name":"Die Gesetzgebung - Freie Hansestadt Bremen","isPartOf":{"@id":"https:\/\/www.ewigerbund.org\/bremen\/#website"},"datePublished":"2026-02-06T14:20:34+00:00","dateModified":"2026-02-06T14:20:36+00:00","breadcrumb":{"@id":"https:\/\/www.ewigerbund.org\/bremen\/wissensschatz\/gesetzgebung\/#breadcrumb"},"inLanguage":"de","potentialAction":[{"@type":"ReadAction","target":["https:\/\/www.ewigerbund.org\/bremen\/wissensschatz\/gesetzgebung\/"]}]},{"@type":"BreadcrumbList","@id":"https:\/\/www.ewigerbund.org\/bremen\/wissensschatz\/gesetzgebung\/#breadcrumb","itemListElement":[{"@type":"ListItem","position":1,"name":"Startseite","item":"https:\/\/www.ewigerbund.org\/bremen\/"},{"@type":"ListItem","position":2,"name":"Wissensschatz","item":"https:\/\/www.ewigerbund.org\/bremen\/wissensschatz\/"},{"@type":"ListItem","position":3,"name":"Die Gesetzgebung"}]},{"@type":"WebSite","@id":"https:\/\/www.ewigerbund.org\/bremen\/#website","url":"https:\/\/www.ewigerbund.org\/bremen\/","name":"Freie Hansestadt Bremen","description":" im ewigen Bund.","publisher":{"@id":"https:\/\/www.ewigerbund.org\/bremen\/#organization"},"potentialAction":[{"@type":"SearchAction","target":{"@type":"EntryPoint","urlTemplate":"https:\/\/www.ewigerbund.org\/bremen\/?s={search_term_string}"},"query-input":"required name=search_term_string"}],"inLanguage":"de"},{"@type":"Organization","@id":"https:\/\/www.ewigerbund.org\/bremen\/#organization","name":"Freie Hansestadt Bremen","url":"https:\/\/www.ewigerbund.org\/bremen\/","logo":{"@type":"ImageObject","inLanguage":"de","@id":"https:\/\/www.ewigerbund.org\/bremen\/#\/schema\/logo\/image\/","url":"https:\/\/www.ewigerbund.org\/bremen\/wp-content\/uploads\/sites\/36\/2024\/11\/2024-11-25-signet-bremen-v2-512pixel.png","contentUrl":"https:\/\/www.ewigerbund.org\/bremen\/wp-content\/uploads\/sites\/36\/2024\/11\/2024-11-25-signet-bremen-v2-512pixel.png","width":512,"height":512,"caption":"Freie Hansestadt Bremen"},"image":{"@id":"https:\/\/www.ewigerbund.org\/bremen\/#\/schema\/logo\/image\/"}}]}},"_links":{"self":[{"href":"https:\/\/www.ewigerbund.org\/bremen\/wp-json\/wp\/v2\/pages\/269","targetHints":{"allow":["GET"]}}],"collection":[{"href":"https:\/\/www.ewigerbund.org\/bremen\/wp-json\/wp\/v2\/pages"}],"about":[{"href":"https:\/\/www.ewigerbund.org\/bremen\/wp-json\/wp\/v2\/types\/page"}],"author":[{"embeddable":true,"href":"https:\/\/www.ewigerbund.org\/bremen\/wp-json\/wp\/v2\/users\/30"}],"replies":[{"embeddable":true,"href":"https:\/\/www.ewigerbund.org\/bremen\/wp-json\/wp\/v2\/comments?post=269"}],"version-history":[{"count":1,"href":"https:\/\/www.ewigerbund.org\/bremen\/wp-json\/wp\/v2\/pages\/269\/revisions"}],"predecessor-version":[{"id":270,"href":"https:\/\/www.ewigerbund.org\/bremen\/wp-json\/wp\/v2\/pages\/269\/revisions\/270"}],"up":[{"embeddable":true,"href":"https:\/\/www.ewigerbund.org\/bremen\/wp-json\/wp\/v2\/pages\/238"}],"wp:attachment":[{"href":"https:\/\/www.ewigerbund.org\/bremen\/wp-json\/wp\/v2\/media?parent=269"}],"wp:term":[{"taxonomy":"category","embeddable":true,"href":"https:\/\/www.ewigerbund.org\/bremen\/wp-json\/wp\/v2\/categories?post=269"},{"taxonomy":"post_tag","embeddable":true,"href":"https:\/\/www.ewigerbund.org\/bremen\/wp-json\/wp\/v2\/tags?post=269"}],"curies":[{"name":"wp","href":"https:\/\/api.w.org\/{rel}","templated":true}]}}