{"id":138,"date":"2023-02-15T11:28:40","date_gmt":"2023-02-15T10:28:40","guid":{"rendered":"https:\/\/www.ewigerbund.org\/bremen\/?page_id=138"},"modified":"2023-02-15T11:28:41","modified_gmt":"2023-02-15T10:28:41","slug":"material","status":"publish","type":"page","link":"https:\/\/www.ewigerbund.org\/bremen\/material\/","title":{"rendered":"Material."},"content":{"rendered":"\n<h2 class=\"wp-block-heading\">Flugbl\u00e4tter der Freien Hansestadt Bremen.<\/h2>\n\n\n\n<p>Suche Dir ein Motiv Deiner Wahl aus, lade Dir die Druckdatei herunter und lasse diese in einer Druckerei Deiner Wahl in der von Dir gew\u00fcnschten Auflage drucken. Egal ob als Postwurf, in Hauseing\u00e4ngen, an Einkaufswagen, Superm\u00e4rkte, schwarze Bretter, \u00f6ffentliche Pl\u00e4tze: Verteilt die Flieger! Die deutsche Ohn-Macht basiert auf auf der Bewu\u00dftlosigkeit der Deutschen und Wissen ist die Voraussetzung f\u00fcr Bewu\u00dftsein. Es ist nun an der Zeit, dass die Bremer wieder zu Bewu\u00dftsein kommen, damit wir das Ziel des Friedens erreichen!<\/p>\n\n\n\n<p><strong><strong>Damit hilfst Du uns, Deinen Mitmenschen (und nat\u00fcrlich auch Dir selbst) bei der Vorbereitung zur Reorganisation Bremens.<\/strong><\/strong><\/p>\n\n\n\n<p><em>Alle Flugblatt Druckvorlagen sind im Format A6 quer inkl. 3 mm Anschnitt.<\/em><\/p>\n","protected":false},"excerpt":{"rendered":"<p>Flugbl\u00e4tter der Freien Hansestadt Bremen. Suche Dir ein Motiv Deiner Wahl aus, lade Dir die Druckdatei herunter und lasse diese in einer Druckerei Deiner Wahl in der von Dir gew\u00fcnschten Auflage drucken. Egal ob als Postwurf, in Hauseing\u00e4ngen, an Einkaufswagen, Superm\u00e4rkte, schwarze Bretter, \u00f6ffentliche Pl\u00e4tze: Verteilt die Flieger! Die deutsche Ohn-Macht basiert auf auf der &#8230; <a title=\"Material.\" class=\"read-more\" href=\"https:\/\/www.ewigerbund.org\/bremen\/material\/\" aria-label=\"Mehr zu Material.\">Weiterlesen &#8230;<\/a><\/p>\n","protected":false},"author":16,"featured_media":0,"parent":0,"menu_order":0,"comment_status":"closed","ping_status":"closed","template":"template-6-beide-seitenleiste.php","meta":{"footnotes":""},"categories":[],"tags":[],"class_list":["post-138","page","type-page","status-publish","hentry"],"yoast_head":"<!-- This site is optimized with the Yoast SEO plugin v23.1 - https:\/\/yoast.com\/wordpress\/plugins\/seo\/ -->\n<title>Material. - Freie Hansestadt Bremen<\/title>\n<meta name=\"description\" content=\"Lade Dir die Druckdatei herunter und lasse diese in einer Druckerei Deiner Wahl in der von Dir gew\u00fcnschten Auflage drucken.\" \/>\n<meta name=\"robots\" content=\"index, follow, max-snippet:-1, max-image-preview:large, max-video-preview:-1\" \/>\n<link rel=\"canonical\" href=\"https:\/\/www.ewigerbund.org\/bremen\/material\/\" \/>\n<meta property=\"og:locale\" content=\"de_DE\" \/>\n<meta property=\"og:type\" content=\"article\" \/>\n<meta property=\"og:title\" content=\"Material. - Freie Hansestadt Bremen\" \/>\n<meta property=\"og:description\" content=\"Lade Dir die Druckdatei herunter und lasse diese in einer Druckerei Deiner Wahl in der von Dir gew\u00fcnschten Auflage drucken.\" \/>\n<meta property=\"og:url\" content=\"https:\/\/www.ewigerbund.org\/bremen\/material\/\" \/>\n<meta property=\"og:site_name\" content=\"Freie Hansestadt Bremen\" \/>\n<meta property=\"article:modified_time\" content=\"2023-02-15T10:28:41+00:00\" \/>\n<meta name=\"twitter:card\" content=\"summary_large_image\" \/>\n<meta name=\"twitter:label1\" content=\"Gesch\u00e4tzte Lesezeit\" \/>\n\t<meta name=\"twitter:data1\" content=\"1\u00a0Minute\" \/>\n<script type=\"application\/ld+json\" class=\"yoast-schema-graph\">{\"@context\":\"https:\/\/schema.org\",\"@graph\":[{\"@type\":\"WebPage\",\"@id\":\"https:\/\/www.ewigerbund.org\/bremen\/material\/\",\"url\":\"https:\/\/www.ewigerbund.org\/bremen\/material\/\",\"name\":\"Material. - Freie Hansestadt Bremen\",\"isPartOf\":{\"@id\":\"https:\/\/www.ewigerbund.org\/bremen\/#website\"},\"datePublished\":\"2023-02-15T10:28:40+00:00\",\"dateModified\":\"2023-02-15T10:28:41+00:00\",\"description\":\"Lade Dir die Druckdatei herunter und lasse diese in einer Druckerei Deiner Wahl in der von Dir gew\u00fcnschten Auflage drucken.\",\"breadcrumb\":{\"@id\":\"https:\/\/www.ewigerbund.org\/bremen\/material\/#breadcrumb\"},\"inLanguage\":\"de\",\"potentialAction\":[{\"@type\":\"ReadAction\",\"target\":[\"https:\/\/www.ewigerbund.org\/bremen\/material\/\"]}]},{\"@type\":\"BreadcrumbList\",\"@id\":\"https:\/\/www.ewigerbund.org\/bremen\/material\/#breadcrumb\",\"itemListElement\":[{\"@type\":\"ListItem\",\"position\":1,\"name\":\"Startseite\",\"item\":\"https:\/\/www.ewigerbund.org\/bremen\/\"},{\"@type\":\"ListItem\",\"position\":2,\"name\":\"Material.\"}]},{\"@type\":\"WebSite\",\"@id\":\"https:\/\/www.ewigerbund.org\/bremen\/#website\",\"url\":\"https:\/\/www.ewigerbund.org\/bremen\/\",\"name\":\"Freie Hansestadt Bremen\",\"description\":\" im ewigen Bund.\",\"publisher\":{\"@id\":\"https:\/\/www.ewigerbund.org\/bremen\/#organization\"},\"potentialAction\":[{\"@type\":\"SearchAction\",\"target\":{\"@type\":\"EntryPoint\",\"urlTemplate\":\"https:\/\/www.ewigerbund.org\/bremen\/?s={search_term_string}\"},\"query-input\":\"required name=search_term_string\"}],\"inLanguage\":\"de\"},{\"@type\":\"Organization\",\"@id\":\"https:\/\/www.ewigerbund.org\/bremen\/#organization\",\"name\":\"Freie Hansestadt Bremen\",\"url\":\"https:\/\/www.ewigerbund.org\/bremen\/\",\"logo\":{\"@type\":\"ImageObject\",\"inLanguage\":\"de\",\"@id\":\"https:\/\/www.ewigerbund.org\/bremen\/#\/schema\/logo\/image\/\",\"url\":\"https:\/\/www.ewigerbund.org\/bremen\/wp-content\/uploads\/sites\/36\/2024\/11\/2024-11-25-signet-bremen-v2-512pixel.png\",\"contentUrl\":\"https:\/\/www.ewigerbund.org\/bremen\/wp-content\/uploads\/sites\/36\/2024\/11\/2024-11-25-signet-bremen-v2-512pixel.png\",\"width\":512,\"height\":512,\"caption\":\"Freie Hansestadt Bremen\"},\"image\":{\"@id\":\"https:\/\/www.ewigerbund.org\/bremen\/#\/schema\/logo\/image\/\"}}]}<\/script>\n<!-- \/ Yoast SEO plugin. -->","yoast_head_json":{"title":"Material. - Freie Hansestadt Bremen","description":"Lade Dir die Druckdatei herunter und lasse diese in einer Druckerei Deiner Wahl in der von Dir gew\u00fcnschten Auflage drucken.","robots":{"index":"index","follow":"follow","max-snippet":"max-snippet:-1","max-image-preview":"max-image-preview:large","max-video-preview":"max-video-preview:-1"},"canonical":"https:\/\/www.ewigerbund.org\/bremen\/material\/","og_locale":"de_DE","og_type":"article","og_title":"Material. - Freie Hansestadt Bremen","og_description":"Lade Dir die Druckdatei herunter und lasse diese in einer Druckerei Deiner Wahl in der von Dir gew\u00fcnschten Auflage drucken.","og_url":"https:\/\/www.ewigerbund.org\/bremen\/material\/","og_site_name":"Freie Hansestadt Bremen","article_modified_time":"2023-02-15T10:28:41+00:00","twitter_card":"summary_large_image","twitter_misc":{"Gesch\u00e4tzte Lesezeit":"1\u00a0Minute"},"schema":{"@context":"https:\/\/schema.org","@graph":[{"@type":"WebPage","@id":"https:\/\/www.ewigerbund.org\/bremen\/material\/","url":"https:\/\/www.ewigerbund.org\/bremen\/material\/","name":"Material. - Freie Hansestadt Bremen","isPartOf":{"@id":"https:\/\/www.ewigerbund.org\/bremen\/#website"},"datePublished":"2023-02-15T10:28:40+00:00","dateModified":"2023-02-15T10:28:41+00:00","description":"Lade Dir die Druckdatei herunter und lasse diese in einer Druckerei Deiner Wahl in der von Dir gew\u00fcnschten Auflage drucken.","breadcrumb":{"@id":"https:\/\/www.ewigerbund.org\/bremen\/material\/#breadcrumb"},"inLanguage":"de","potentialAction":[{"@type":"ReadAction","target":["https:\/\/www.ewigerbund.org\/bremen\/material\/"]}]},{"@type":"BreadcrumbList","@id":"https:\/\/www.ewigerbund.org\/bremen\/material\/#breadcrumb","itemListElement":[{"@type":"ListItem","position":1,"name":"Startseite","item":"https:\/\/www.ewigerbund.org\/bremen\/"},{"@type":"ListItem","position":2,"name":"Material."}]},{"@type":"WebSite","@id":"https:\/\/www.ewigerbund.org\/bremen\/#website","url":"https:\/\/www.ewigerbund.org\/bremen\/","name":"Freie Hansestadt Bremen","description":" im ewigen Bund.","publisher":{"@id":"https:\/\/www.ewigerbund.org\/bremen\/#organization"},"potentialAction":[{"@type":"SearchAction","target":{"@type":"EntryPoint","urlTemplate":"https:\/\/www.ewigerbund.org\/bremen\/?s={search_term_string}"},"query-input":"required name=search_term_string"}],"inLanguage":"de"},{"@type":"Organization","@id":"https:\/\/www.ewigerbund.org\/bremen\/#organization","name":"Freie Hansestadt Bremen","url":"https:\/\/www.ewigerbund.org\/bremen\/","logo":{"@type":"ImageObject","inLanguage":"de","@id":"https:\/\/www.ewigerbund.org\/bremen\/#\/schema\/logo\/image\/","url":"https:\/\/www.ewigerbund.org\/bremen\/wp-content\/uploads\/sites\/36\/2024\/11\/2024-11-25-signet-bremen-v2-512pixel.png","contentUrl":"https:\/\/www.ewigerbund.org\/bremen\/wp-content\/uploads\/sites\/36\/2024\/11\/2024-11-25-signet-bremen-v2-512pixel.png","width":512,"height":512,"caption":"Freie Hansestadt Bremen"},"image":{"@id":"https:\/\/www.ewigerbund.org\/bremen\/#\/schema\/logo\/image\/"}}]}},"_links":{"self":[{"href":"https:\/\/www.ewigerbund.org\/bremen\/wp-json\/wp\/v2\/pages\/138","targetHints":{"allow":["GET"]}}],"collection":[{"href":"https:\/\/www.ewigerbund.org\/bremen\/wp-json\/wp\/v2\/pages"}],"about":[{"href":"https:\/\/www.ewigerbund.org\/bremen\/wp-json\/wp\/v2\/types\/page"}],"author":[{"embeddable":true,"href":"https:\/\/www.ewigerbund.org\/bremen\/wp-json\/wp\/v2\/users\/16"}],"replies":[{"embeddable":true,"href":"https:\/\/www.ewigerbund.org\/bremen\/wp-json\/wp\/v2\/comments?post=138"}],"version-history":[{"count":1,"href":"https:\/\/www.ewigerbund.org\/bremen\/wp-json\/wp\/v2\/pages\/138\/revisions"}],"predecessor-version":[{"id":139,"href":"https:\/\/www.ewigerbund.org\/bremen\/wp-json\/wp\/v2\/pages\/138\/revisions\/139"}],"wp:attachment":[{"href":"https:\/\/www.ewigerbund.org\/bremen\/wp-json\/wp\/v2\/media?parent=138"}],"wp:term":[{"taxonomy":"category","embeddable":true,"href":"https:\/\/www.ewigerbund.org\/bremen\/wp-json\/wp\/v2\/categories?post=138"},{"taxonomy":"post_tag","embeddable":true,"href":"https:\/\/www.ewigerbund.org\/bremen\/wp-json\/wp\/v2\/tags?post=138"}],"curies":[{"name":"wp","href":"https:\/\/api.w.org\/{rel}","templated":true}]}}

<h2 class="wp-block-heading">Flugblätter der Freien Hansestadt Bremen.</h2>



<p>Suche Dir ein Motiv Deiner Wahl aus, lade Dir die Druckdatei herunter und lasse diese in einer Druckerei Deiner Wahl in der von Dir gewünschten Auflage drucken. Egal ob als Postwurf, in Hauseingängen, an Einkaufswagen, Supermärkte, schwarze Bretter, öffentliche Plätze: Verteilt die Flieger! Die deutsche Ohn-Macht basiert auf auf der Bewußtlosigkeit der Deutschen und Wissen ist die Voraussetzung für Bewußtsein. Es ist nun an der Zeit, dass die Bremer wieder zu Bewußtsein kommen, damit wir das Ziel des Friedens erreichen!</p>



<p><strong><strong>Damit hilfst Du uns, Deinen Mitmenschen (und natürlich auch Dir selbst) bei der Vorbereitung zur Reorganisation Bremens.</strong></strong></p>



<p><em>Alle Flugblatt Druckvorlagen sind im Format A6 quer inkl. 3 mm Anschnitt.</em></p>

<p>Flugblätter der Freien Hansestadt Bremen. Suche Dir ein Motiv Deiner Wahl aus, lade Dir die Druckdatei herunter und lasse diese in einer Druckerei Deiner Wahl in der von Dir gewünschten Auflage drucken. Egal ob als Postwurf, in Hauseingängen, an Einkaufswagen, Supermärkte, schwarze Bretter, öffentliche Plätze: Verteilt die Flieger! Die deutsche Ohn-Macht basiert auf auf der &#8230; <a title="Material." class="read-more" href="https://www.ewigerbund.org/bremen/material/" aria-label="Mehr zu Material.">Weiterlesen &#8230;</a></p>

<!-- This site is optimized with the Yoast SEO plugin v23.1 - https://yoast.com/wordpress/plugins/seo/ -->
<title>Material. - Freie Hansestadt Bremen</title>
<meta name="description" content="Lade Dir die Druckdatei herunter und lasse diese in einer Druckerei Deiner Wahl in der von Dir gewünschten Auflage drucken." />
<meta name="robots" content="index, follow, max-snippet:-1, max-image-preview:large, max-video-preview:-1" />
<link rel="canonical" href="https://www.ewigerbund.org/bremen/material/" />
<meta property="og:locale" content="de_DE" />
<meta property="og:type" content="article" />
<meta property="og:title" content="Material. - Freie Hansestadt Bremen" />
<meta property="og:description" content="Lade Dir die Druckdatei herunter und lasse diese in einer Druckerei Deiner Wahl in der von Dir gewünschten Auflage drucken." />
<meta property="og:url" content="https://www.ewigerbund.org/bremen/material/" />
<meta property="og:site_name" content="Freie Hansestadt Bremen" />
<meta property="article:modified_time" content="2023-02-15T10:28:41+00:00" />
<meta name="twitter:card" content="summary_large_image" />
<meta name="twitter:label1" content="Geschätzte Lesezeit" />
	<meta name="twitter:data1" content="1 Minute" />
<script type="application/ld+json" class="yoast-schema-graph">{"@context":"https://schema.org","@graph":[{"@type":"WebPage","@id":"https://www.ewigerbund.org/bremen/material/","url":"https://www.ewigerbund.org/bremen/material/","name":"Material. - Freie Hansestadt Bremen","isPartOf":{"@id":"https://www.ewigerbund.org/bremen/#website"},"datePublished":"2023-02-15T10:28:40+00:00","dateModified":"2023-02-15T10:28:41+00:00","description":"Lade Dir die Druckdatei herunter und lasse diese in einer Druckerei Deiner Wahl in der von Dir gewünschten Auflage drucken.","breadcrumb":{"@id":"https://www.ewigerbund.org/bremen/material/#breadcrumb"},"inLanguage":"de","potentialAction":[{"@type":"ReadAction","target":["https://www.ewigerbund.org/bremen/material/"]}]},{"@type":"BreadcrumbList","@id":"https://www.ewigerbund.org/bremen/material/#breadcrumb","itemListElement":[{"@type":"ListItem","position":1,"name":"Startseite","item":"https://www.ewigerbund.org/bremen/"},{"@type":"ListItem","position":2,"name":"Material."}]},{"@type":"WebSite","@id":"https://www.ewigerbund.org/bremen/#website","url":"https://www.ewigerbund.org/bremen/","name":"Freie Hansestadt Bremen","description":" im ewigen Bund.","publisher":{"@id":"https://www.ewigerbund.org/bremen/#organization"},"potentialAction":[{"@type":"SearchAction","target":{"@type":"EntryPoint","urlTemplate":"https://www.ewigerbund.org/bremen/?s={search_term_string}"},"query-input":"required name=search_term_string"}],"inLanguage":"de"},{"@type":"Organization","@id":"https://www.ewigerbund.org/bremen/#organization","name":"Freie Hansestadt Bremen","url":"https://www.ewigerbund.org/bremen/","logo":{"@type":"ImageObject","inLanguage":"de","@id":"https://www.ewigerbund.org/bremen/#/schema/logo/image/","url":"https://www.ewigerbund.org/bremen/wp-content/uploads/sites/36/2024/11/2024-11-25-signet-bremen-v2-512pixel.png","contentUrl":"https://www.ewigerbund.org/bremen/wp-content/uploads/sites/36/2024/11/2024-11-25-signet-bremen-v2-512pixel.png","width":512,"height":512,"caption":"Freie Hansestadt Bremen"},"image":{"@id":"https://www.ewigerbund.org/bremen/#/schema/logo/image/"}}]}</script>
<!-- / Yoast SEO plugin. -->

Lade Dir die Druckdatei herunter und lasse diese in einer Druckerei Deiner Wahl in der von Dir gewünschten Auflage drucken.
