{"version":"1.0","provider_name":"Freie Hansestadt Bremen","provider_url":"https:\/\/www.ewigerbund.org\/bremen","author_name":"Norbert Schustek","author_url":"https:\/\/www.ewigerbund.org\/bremen\/author\/norbert2\/","title":"Das Staatsvolk - Freie Hansestadt Bremen","type":"rich","width":600,"height":338,"html":"<blockquote class=\"wp-embedded-content\" data-secret=\"HOFjt2Vv7a\"><a href=\"https:\/\/www.ewigerbund.org\/bremen\/wissensschatz\/volk\/\">Das Staatsvolk<\/a><\/blockquote><iframe sandbox=\"allow-scripts\" security=\"restricted\" src=\"https:\/\/www.ewigerbund.org\/bremen\/wissensschatz\/volk\/embed\/#?secret=HOFjt2Vv7a\" width=\"600\" height=\"338\" title=\"&#8222;Das Staatsvolk&#8220; &#8211; Freie Hansestadt Bremen\" data-secret=\"HOFjt2Vv7a\" frameborder=\"0\" marginwidth=\"0\" marginheight=\"0\" scrolling=\"no\" class=\"wp-embedded-content\"><\/iframe><script type=\"text\/javascript\">\n\/* <![CDATA[ *\/\n\/*! This file is auto-generated *\/\n!function(d,l){\"use strict\";l.querySelector&&d.addEventListener&&\"undefined\"!=typeof URL&&(d.wp=d.wp||{},d.wp.receiveEmbedMessage||(d.wp.receiveEmbedMessage=function(e){var t=e.data;if((t||t.secret||t.message||t.value)&&!\/[^a-zA-Z0-9]\/.test(t.secret)){for(var s,r,n,a=l.querySelectorAll('iframe[data-secret=\"'+t.secret+'\"]'),o=l.querySelectorAll('blockquote[data-secret=\"'+t.secret+'\"]'),c=new RegExp(\"^https?:$\",\"i\"),i=0;i<o.length;i++)o[i].style.display=\"none\";for(i=0;i<a.length;i++)s=a[i],e.source===s.contentWindow&&(s.removeAttribute(\"style\"),\"height\"===t.message?(1e3<(r=parseInt(t.value,10))?r=1e3:~~r<200&&(r=200),s.height=r):\"link\"===t.message&&(r=new URL(s.getAttribute(\"src\")),n=new URL(t.value),c.test(n.protocol))&&n.host===r.host&&l.activeElement===s&&(d.top.location.href=t.value))}},d.addEventListener(\"message\",d.wp.receiveEmbedMessage,!1),l.addEventListener(\"DOMContentLoaded\",function(){for(var e,t,s=l.querySelectorAll(\"iframe.wp-embedded-content\"),r=0;r<s.length;r++)(t=(e=s[r]).getAttribute(\"data-secret\"))||(t=Math.random().toString(36).substring(2,12),e.src+=\"#?secret=\"+t,e.setAttribute(\"data-secret\",t)),e.contentWindow.postMessage({message:\"ready\",secret:t},\"*\")},!1)))}(window,document);\n\/* ]]> *\/\n<\/script>\n","description":"Das Staatsvolk. Die Bev\u00f6lkerung des Staates betrug am 1. Dezember 1907 276.944 Personen. Nach ihrem Verh\u00e4ltnis zum Staat gliedert sich diese Bev\u00f6lkerung wie in jedem Staat in Einheimische und Fremde, bremische Staatsangeh\u00f6rige und Nichtbremer. Da in Bremen die politischen Rechte nicht ohne weiteres allen Staatsangeh\u00f6rigen zustehen, sondern von dem Besitz des B\u00fcrgerrechtes der Staatsangeh\u00f6rigen abh\u00e4ngig ... Weiterlesen ..."}

Das Staatsvolk. Die Bevölkerung des Staates betrug am 1. Dezember 1907 276.944 Personen. Nach ihrem Verhältnis zum Staat gliedert sich diese Bevölkerung wie in jedem Staat in Einheimische und Fremde, bremische Staatsangehörige und Nichtbremer. Da in Bremen die politischen Rechte nicht ohne weiteres allen Staatsangehörigen zustehen, sondern von dem Besitz des Bürgerrechtes der Staatsangehörigen abhängig ... Weiterlesen ...
