{"id":610,"date":"2022-08-12T16:59:05","date_gmt":"2022-08-12T14:59:05","guid":{"rendered":"https:\/\/www.ewigerbund.org\/bayern\/?page_id=610"},"modified":"2023-11-04T17:36:37","modified_gmt":"2023-11-04T16:36:37","slug":"ludwig-iii","status":"publish","type":"page","link":"https:\/\/www.ewigerbund.org\/bayern\/geschichte\/ludwig-iii\/","title":{"rendered":"1912-1921. K\u00f6nig Ludwig III."},"content":{"rendered":"\n<p><\/p>\n\n\n<div class=\"gb-container gb-container-09764515\"><div class=\"gb-inside-container\">\n\n<p>Prinz Ludwig,<a href=\"https:\/\/www.ewigerbund.org\/bayern\/geschichte\/prinzregent-luitpold\/\"> Luitpolds<\/a> \u00e4ltester Sohn, \u00fcbernahm die Regierung als ein in Arbeit und vaterl\u00e4ndischer Hingebung erprobter F\u00fcrst. Am 7. Januar 1845 zu M\u00fcnchen geboren, geno\u00df der Prinz unter der Obhut seiner trefflichen Eltern eine sorgsame Erziehung, der er die liebensw\u00fcrdige Offenheit, die schlichte Geradheit seines Wesens vor allem verdankt. Es war das Bestreben seines Vaters <a href=\"https:\/\/www.ewigerbund.org\/bayern\/geschichte\/prinzregent-luitpold\/\">Luitpold<\/a> und seiner Mutter Augusta, einer geborenen Prinzessin von Toskana, dem Sohne eine umfassende und gediegene Bildung zu geben. Zu umfangreichen sprachlichen, geschichtlichen und mathematischen Studien gesellten sich die milit\u00e4rischen Wissenschaften. Aber bei alledem wurde das Hauptgewicht auf die Bildung eines t\u00fcchtigen Charakters gelegt. Beispiel und Lehre offenbarten dem Prinzen schon fr\u00fche den hohen Wert eines stets wachen Pflichtgef\u00fchls, einer strengen Selbstzucht und echter, ungek\u00fcnstelter Herzensg\u00fcte.<\/p>\n\n<\/div><\/div>\n\n\n<p>So konnte Prinz Ludwig in reifer M\u00e4nnlichkeit t\u00e4tigen Anteil an den bedeutsamen Ereignissen nehmen, die das Jahr 1866 brachte. Bayern war im deutschen Kriege auf \u00d6sterreichs Seite getreten. In dem Gefechte bei Helmstadt erlitt Prinz Ludwig eine schwere Verwundung, die ihm in der Folge die unmittelbare Teilnahme am Kriegsdienste unm\u00f6glich machte. Mit um so gr\u00f6\u00dferem Eifer wandte er sich nunmehr wieder der stillen wissenschaftlichen Arbeit zu, nahm regen Anteil an Beratungen, die dem Interesse des Staates und des Volkes dienten und suchte durch praktische Arbeit auf musterhaft bewirtschafteten G\u00fctern der bayerischen Landwirtschaft f\u00f6rdernde Beihilfe zu leisten. Aber auch der Industrie und der Technik, den Grundlagen unseres modernen Wirtschaftslebens, brachte Prinz Ludwig das regste Interesse entgegen. Vor allem war er bem\u00fcht, den Verkehr zu heben, Bayern durch wohlausgebaute Kanalverbindungen an den Gro\u00dfschiffsverkehr des Reiches anzuschlie\u00dfen und dem deutschen S\u00fcden einen entsprechenden Anteil an Deutschlands See Geltung zu verschaffen. Wie sein Vater, Prinzregent Luitpold, hatte Ludwig die Regierung zuerst als Vertreter des erkrankten K\u00f6nigs weitergef\u00fchrt. Nachdem sich aber die Verhinderung des K\u00f6nigs Otto an der F\u00fchrung der Regierungsgesch\u00e4fte l\u00e4ngst als eine dauernde erwiesen hatte, wurde am 5. November 1913 die Regentschaft f\u00fcr beendet erkl\u00e4rt, und Prinzregent Ludwig bestieg als K\u00f6nig Ludwig III. den bayerischen Thron.<\/p>\n\n\n\n<p>Die ruhig abw\u00e4gende Art K\u00f6nig Ludwigs III., seine reiche Erfahrung auf allen Gebieten der Staatsverwaltung, die er durch rege Teilnahme am \u00f6ffentlichen Leben, durch unverdrossene Arbeit im Dienste des Landes und durch h\u00e4ufige Vertretung seines hochbetagten Vaters in wichtigen Regierungsgesch\u00e4ften gewonnen hat, lassen eine wirksame F\u00f6rderung des wirtschaftlichen Lebens, einen erfreulichen Aufschwung Bayerns auf dem Gebiete der Landwirtschaft, des Verkehrs und der Industrie mit Sicherheit erwarten. Stark wurzelt in allen bayerischen Gauen und \u00fcber alle Erwerbsgruppen hin das Vertrauen zum Regenten, der seit Jahren Freude und Sorge mit seinem Volke teilte und gerne mit am Werke war, wenn es galt Schwache zu heben und Strebsame zu f\u00f6rdern. Bayerns Volk wei\u00df, da\u00df sein K\u00f6nig das in ernster Stunde gegebene Versprechen einl\u00f6sen wird, das Erbe seines Vaters weiterzuf\u00fchren in der F\u00fcrsorge um das Land und in der Treue zum gro\u00dfen deutschen Vaterlande.<\/p>\n\n\n<div class=\"gb-button-wrapper gb-button-wrapper-5cf531f4\">\n\n<a class=\"gb-button gb-button-cbca426a gb-button-text\" href=\"https:\/\/forum.bayern.ewigerbund.org\/viewtopic.php?t=108\" target=\"_blank\" rel=\"noopener noreferrer\">Dieser Beitrag hat dir gefallen? Hier kommentieren.<\/a>\n\n<\/div>\n\n\n<p><\/p>\n\n\n\n<p class=\"has-small-font-size\"><em>Quelle: Bayerisches Realienbuch. Bearbeitet von Dr. Hans Reinlein, Oberlehrer in M\u00fcnchen Realienbuch Nr. 63, 171. bis 180 Gesamt-Auflage. Bielefeld und Leipzig 1915, Seite 149-150<\/em>.<\/p>\n\n\n\n<div style=\"height:50px\" aria-hidden=\"true\" class=\"wp-block-spacer\"><\/div>\n\n\n\n<hr class=\"wp-block-separator has-alpha-channel-opacity\" \/>\n\n\n\n<div style=\"height:49px\" aria-hidden=\"true\" class=\"wp-block-spacer\"><\/div>\n\n\n\n<p> <strong>AUCH INTERESSANT<\/strong><\/p>\n\n\n<div class=\"gb-container gb-container-afba74f1\"><div class=\"gb-inside-container\">\n\n<div class=\"wp-block-columns is-layout-flex wp-container-core-columns-is-layout-1 wp-block-columns-is-layout-flex\">\n<div class=\"wp-block-column is-layout-flow wp-block-column-is-layout-flow\">\n<figure class=\"wp-block-image size-full\"><a href=\"https:\/\/www.ewigerbund.org\/bayern\/geschichte\/napoleons-feldzug-nach-russland\/\"><img loading=\"lazy\" decoding=\"async\" width=\"1024\" height=\"580\" src=\"https:\/\/www.ewigerbund.org\/bayern\/wp-content\/uploads\/sites\/12\/2023\/06\/NapoleonRusslandFeldzug-1200px-1024x580-1.jpg\" alt=\"NapoleonRusslandFeldzug\" class=\"wp-image-2884\" srcset=\"https:\/\/www.ewigerbund.org\/bayern\/wp-content\/uploads\/sites\/12\/2023\/06\/NapoleonRusslandFeldzug-1200px-1024x580-1.jpg 1024w, https:\/\/www.ewigerbund.org\/bayern\/wp-content\/uploads\/sites\/12\/2023\/06\/NapoleonRusslandFeldzug-1200px-1024x580-1-300x170.jpg 300w, https:\/\/www.ewigerbund.org\/bayern\/wp-content\/uploads\/sites\/12\/2023\/06\/NapoleonRusslandFeldzug-1200px-1024x580-1-768x435.jpg 768w\" sizes=\"auto, (max-width: 1024px) 100vw, 1024px\" \/><\/a><\/figure>\n\n\n\n<h2 class=\"has-medium-font-size wp-block-heading\"><strong>1812. Napoleons Feldzug nach Ru\u00dfland.<\/strong><\/h2>\n\n\n\n<p>Nachdem Napoleon im Jahre 1809 auch die \u00d6sterreicher besiegt hatte, stand er auf dem Gipfel seiner Macht. Er war Herr \u00fcber 90 Millionen Menschen. Ganz Europa mit Ausnahme von England und Ru\u00dfland war bezwungen. Weil er England nicht angreifen konnte, wollte er durch die Festlandsperre den englischen Handel vernichten.<\/p>\n\n\n\n<p><a href=\"https:\/\/www.ewigerbund.org\/bayern\/geschichte\/napoleons-feldzug-nach-russland\/\">Weiterlesen \u2192<\/a><\/p>\n<\/div>\n\n\n\n<div class=\"wp-block-column is-layout-flow wp-block-column-is-layout-flow\">\n<figure class=\"wp-block-image size-full\"><a href=\"https:\/\/www.ewigerbund.org\/bayern\/geschichte\/1290-1312-niederbayern-unter-otto-iii-ludwig-xiii-und-stephan-i\/\"><img loading=\"lazy\" decoding=\"async\" width=\"1024\" height=\"580\" src=\"https:\/\/www.ewigerbund.org\/bayern\/wp-content\/uploads\/sites\/12\/2023\/06\/Niederbayern_unter_Otto_III_Ludwig_III_und_Stephan_I-1024x580-1.jpg\" alt=\"Niederbayern_unter_Otto_III_Ludwig_III_und_Stephan_I\" class=\"wp-image-2863\" srcset=\"https:\/\/www.ewigerbund.org\/bayern\/wp-content\/uploads\/sites\/12\/2023\/06\/Niederbayern_unter_Otto_III_Ludwig_III_und_Stephan_I-1024x580-1.jpg 1024w, https:\/\/www.ewigerbund.org\/bayern\/wp-content\/uploads\/sites\/12\/2023\/06\/Niederbayern_unter_Otto_III_Ludwig_III_und_Stephan_I-1024x580-1-300x170.jpg 300w, https:\/\/www.ewigerbund.org\/bayern\/wp-content\/uploads\/sites\/12\/2023\/06\/Niederbayern_unter_Otto_III_Ludwig_III_und_Stephan_I-1024x580-1-768x435.jpg 768w\" sizes=\"auto, (max-width: 1024px) 100vw, 1024px\" \/><\/a><\/figure>\n\n\n\n<h2 class=\"has-medium-font-size wp-block-heading\"><strong>1290-1312. Niederbayern unter Otto III., Ludwig III. und Stephan I.<\/strong><\/h2>\n\n\n\n<p>Heinrich XIII. hinterlie\u00df drei S\u00f6hne, Otto III., Ludwig III. und Stephan I., welche nach dem Tode des Vaters die Regierung gemeinsam f\u00fchrten (1290-1296). Einer dieser Br\u00fcder, Stephan, wurde nach dem Tode des Erzbischofes Rudolf von Salzburg (\u2020 1.August 1290) auf den erzbisch\u00f6flichen Stuhl berufen, <\/p>\n\n\n\n<p><a href=\"https:\/\/www.ewigerbund.org\/bayern\/geschichte\/1290-1312-niederbayern-unter-otto-iii-ludwig-xiii-und-stephan-i\/\">Weiterlesen \u2192<\/a><\/p>\n<\/div>\n\n\n\n<div class=\"wp-block-column is-layout-flow wp-block-column-is-layout-flow\"><div class=\"wp-block-image\">\n<figure class=\"aligncenter size-large\"><a href=\"https:\/\/www.ewigerbund.org\/bayern\/geographie\/das-bayrische-hochland\/\"><img loading=\"lazy\" decoding=\"async\" width=\"1024\" height=\"580\" src=\"https:\/\/www.ewigerbund.org\/bayern\/wp-content\/uploads\/sites\/12\/2023\/06\/Das_Bayrische_Hochland-1024x580.jpg\" alt=\"\" class=\"wp-image-2797\" srcset=\"https:\/\/www.ewigerbund.org\/bayern\/wp-content\/uploads\/sites\/12\/2023\/06\/Das_Bayrische_Hochland-1024x580.jpg 1024w, https:\/\/www.ewigerbund.org\/bayern\/wp-content\/uploads\/sites\/12\/2023\/06\/Das_Bayrische_Hochland-300x170.jpg 300w, https:\/\/www.ewigerbund.org\/bayern\/wp-content\/uploads\/sites\/12\/2023\/06\/Das_Bayrische_Hochland-768x435.jpg 768w, https:\/\/www.ewigerbund.org\/bayern\/wp-content\/uploads\/sites\/12\/2023\/06\/Das_Bayrische_Hochland.jpg 1200w\" sizes=\"auto, (max-width: 1024px) 100vw, 1024px\" \/><\/a><\/figure><\/div>\n\n\n<h2 class=\"has-medium-font-size wp-block-heading\"><strong>Das bayrische Hochland<\/strong>.<\/h2>\n\n\n\n<p>Wer das bayrische Alpenland durchreisen will, mu\u00df sich begn\u00fcgen, in einem einfachen Wirtshause beherbergt zu werden.<\/p>\n\n\n\n<p><a href=\"https:\/\/www.ewigerbund.org\/bayern\/geographie\/das-bayrische-hochland\/\">Auf ins Hochland \u2192<\/a><\/p>\n<\/div>\n<\/div>\n\n<\/div><\/div>\n\n<div class=\"gb-container gb-container-10f56560\"><div class=\"gb-inside-container\">\n\n<div class=\"wp-block-columns is-layout-flex wp-container-core-columns-is-layout-2 wp-block-columns-is-layout-flex\">\n<div class=\"wp-block-column is-layout-flow wp-block-column-is-layout-flow\"><div class=\"wp-block-image\">\n<figure class=\"aligncenter size-large\"><a href=\"https:\/\/www.ewigerbund.org\/bayern\/geographie\/die-fraenkische-schweiz\/\"><img loading=\"lazy\" decoding=\"async\" width=\"1024\" height=\"580\" src=\"https:\/\/www.ewigerbund.org\/bayern\/wp-content\/uploads\/sites\/12\/2023\/06\/Die_Fraenkische_Schweiz-1024x580.jpg\" alt=\"\" class=\"wp-image-2799\" srcset=\"https:\/\/www.ewigerbund.org\/bayern\/wp-content\/uploads\/sites\/12\/2023\/06\/Die_Fraenkische_Schweiz-1024x580.jpg 1024w, https:\/\/www.ewigerbund.org\/bayern\/wp-content\/uploads\/sites\/12\/2023\/06\/Die_Fraenkische_Schweiz-300x170.jpg 300w, https:\/\/www.ewigerbund.org\/bayern\/wp-content\/uploads\/sites\/12\/2023\/06\/Die_Fraenkische_Schweiz-768x435.jpg 768w, https:\/\/www.ewigerbund.org\/bayern\/wp-content\/uploads\/sites\/12\/2023\/06\/Die_Fraenkische_Schweiz.jpg 1200w\" sizes=\"auto, (max-width: 1024px) 100vw, 1024px\" \/><\/a><\/figure><\/div>\n\n\n<h2 class=\"has-medium-font-size wp-block-heading\"><strong>Die fr\u00e4nkische Schweiz.<\/strong><\/h2>\n\n\n\n<p>Die fr\u00e4nkische Schweiz breitet sich im nord\u00f6stlichen Franken zwischen den St\u00e4dten Baireuth und Erlangen aus.<\/p>\n\n\n\n<p><a href=\"https:\/\/www.ewigerbund.org\/bayern\/geographie\/die-fraenkische-schweiz\/\">\u00dcber die fr\u00e4nkische Schweiz \u2192<\/a><\/p>\n<\/div>\n\n\n\n<div class=\"wp-block-column is-layout-flow wp-block-column-is-layout-flow\"><div class=\"wp-block-image\">\n<figure class=\"aligncenter size-large\"><a href=\"https:\/\/www.ewigerbund.org\/bayern\/geographie\/die-zugspitze-und-der-eibsee\/\"><img loading=\"lazy\" decoding=\"async\" width=\"1024\" height=\"580\" src=\"https:\/\/www.ewigerbund.org\/bayern\/wp-content\/uploads\/sites\/12\/2023\/06\/Die_Zugspitze_und_der_Eibsee-1024x580.jpg\" alt=\"\" class=\"wp-image-2801\" srcset=\"https:\/\/www.ewigerbund.org\/bayern\/wp-content\/uploads\/sites\/12\/2023\/06\/Die_Zugspitze_und_der_Eibsee-1024x580.jpg 1024w, https:\/\/www.ewigerbund.org\/bayern\/wp-content\/uploads\/sites\/12\/2023\/06\/Die_Zugspitze_und_der_Eibsee-300x170.jpg 300w, https:\/\/www.ewigerbund.org\/bayern\/wp-content\/uploads\/sites\/12\/2023\/06\/Die_Zugspitze_und_der_Eibsee-768x435.jpg 768w, https:\/\/www.ewigerbund.org\/bayern\/wp-content\/uploads\/sites\/12\/2023\/06\/Die_Zugspitze_und_der_Eibsee.jpg 1200w\" sizes=\"auto, (max-width: 1024px) 100vw, 1024px\" \/><\/a><\/figure><\/div>\n\n\n<h2 class=\"has-medium-font-size wp-block-heading\"><strong>Die Zugspitze und der Eibsee.<\/strong><\/h2>\n\n\n\n<p>Den westlichen H\u00f6hepunkt der oberbayrischen Alpen bildet der Wetterstein.&nbsp;<\/p>\n\n\n\n<p><a href=\"https:\/\/www.ewigerbund.org\/bayern\/geographie\/die-zugspitze-und-der-eibsee\/\">Auf den Gipfel der Zugspitze \u2192<\/a><\/p>\n<\/div>\n\n\n\n<div class=\"wp-block-column is-layout-flow wp-block-column-is-layout-flow\">\n<figure class=\"wp-block-image size-full\"><a href=\"https:\/\/www.ewigerbund.org\/bayern\/geschichte\/der-wiener-kongress\/\"><img loading=\"lazy\" decoding=\"async\" width=\"1024\" height=\"580\" src=\"https:\/\/www.ewigerbund.org\/bayern\/wp-content\/uploads\/sites\/12\/2023\/06\/1814-Der-Wiener-Kongress-1024x580-1.jpg\" alt=\"1814-Der-Wiener-Kongress\" class=\"wp-image-2885\" srcset=\"https:\/\/www.ewigerbund.org\/bayern\/wp-content\/uploads\/sites\/12\/2023\/06\/1814-Der-Wiener-Kongress-1024x580-1.jpg 1024w, https:\/\/www.ewigerbund.org\/bayern\/wp-content\/uploads\/sites\/12\/2023\/06\/1814-Der-Wiener-Kongress-1024x580-1-300x170.jpg 300w, https:\/\/www.ewigerbund.org\/bayern\/wp-content\/uploads\/sites\/12\/2023\/06\/1814-Der-Wiener-Kongress-1024x580-1-768x435.jpg 768w\" sizes=\"auto, (max-width: 1024px) 100vw, 1024px\" \/><\/a><\/figure>\n\n\n\n<h2 class=\"has-medium-font-size wp-block-heading\"><strong>1814. Der Wiener Kongre\u00df.<\/strong><\/h2>\n\n\n\n<p>Bald nach Beendigung des gewaltigen Krieges 1814 versammelten sich die verb\u00fcndeten F\u00fcrsten in Wien, um den L\u00e4nderbesitz der einzelnen Staaten festzustellen. Nach langem Streite kam endlich eine Einigung zustande. Preu\u00dfen erhielt alle L\u00e4nder zur\u00fcck, die es vor dem Tilsiter Frieden besessen hatte,<\/p>\n\n\n\n<p><a href=\"https:\/\/www.ewigerbund.org\/bayern\/geschichte\/der-wiener-kongress\/\">Weiterlesen \u2192<\/a><\/p>\n<\/div>\n<\/div>\n\n<\/div><\/div>","protected":false},"excerpt":{"rendered":"<p>Prinz Ludwig, Luitpolds \u00e4ltester Sohn, \u00fcbernahm die Regierung als ein in Arbeit und vaterl\u00e4ndischer Hingebung erprobter F\u00fcrst. Am 7. Januar 1845 zu M\u00fcnchen geboren, geno\u00df der Prinz unter der Obhut seiner trefflichen Eltern eine sorgsame Erziehung, der er die liebensw\u00fcrdige Offenheit, die schlichte Geradheit seines Wesens vor allem verdankt. Es war das Bestreben seines Vaters &#8230; <a title=\"1912-1921. K\u00f6nig Ludwig III.\" class=\"read-more\" href=\"https:\/\/www.ewigerbund.org\/bayern\/geschichte\/ludwig-iii\/\" aria-label=\"Mehr zu 1912-1921. K\u00f6nig Ludwig III.\">Weiterlesen &#8230;<\/a><\/p>\n","protected":false},"author":1,"featured_media":3230,"parent":215,"menu_order":28,"comment_status":"closed","ping_status":"closed","template":"template-6-beide-seitenleiste.php","meta":{"footnotes":""},"categories":[7],"tags":[171,168,174,167,169],"class_list":["post-610","page","type-page","status-publish","has-post-thumbnail","hentry","category-geschichte","tag-bayern","tag-deutschland","tag-landwirtschaft","tag-ludwig-iii","tag-oesterreich"],"yoast_head":"<!-- This site is optimized with the Yoast SEO plugin v23.1 - https:\/\/yoast.com\/wordpress\/plugins\/seo\/ -->\n<title>1912-1921. K\u00f6nig Ludwig III. - K\u00f6nigreich Bayern<\/title>\n<meta name=\"description\" content=\"Prinz Ludwig, Luitpolds \u00e4ltester Sohn, \u00fcbernahm die Regierung als ein in Arbeit und vaterl\u00e4ndischer Hingebung erprobter F\u00fcrst.\" \/>\n<meta name=\"robots\" content=\"index, follow, max-snippet:-1, max-image-preview:large, max-video-preview:-1\" \/>\n<link rel=\"canonical\" href=\"https:\/\/www.ewigerbund.org\/bayern\/geschichte\/ludwig-iii\/\" \/>\n<meta property=\"og:locale\" content=\"de_DE\" \/>\n<meta property=\"og:type\" content=\"article\" \/>\n<meta property=\"og:title\" content=\"1912-1921. K\u00f6nig Ludwig III. - K\u00f6nigreich Bayern\" \/>\n<meta property=\"og:description\" content=\"Prinz Ludwig, Luitpolds \u00e4ltester Sohn, \u00fcbernahm die Regierung als ein in Arbeit und vaterl\u00e4ndischer Hingebung erprobter F\u00fcrst.\" \/>\n<meta property=\"og:url\" content=\"https:\/\/www.ewigerbund.org\/bayern\/geschichte\/ludwig-iii\/\" \/>\n<meta property=\"og:site_name\" content=\"K\u00f6nigreich Bayern\" \/>\n<meta property=\"article:modified_time\" content=\"2023-11-04T16:36:37+00:00\" \/>\n<meta property=\"og:image\" content=\"https:\/\/www.ewigerbund.org\/bayern\/wp-content\/uploads\/sites\/12\/2023\/07\/1912-1921-Ludwig-III-1024x580-1.jpg\" \/>\n\t<meta property=\"og:image:width\" content=\"1200\" \/>\n\t<meta property=\"og:image:height\" content=\"680\" \/>\n\t<meta property=\"og:image:type\" content=\"image\/jpeg\" \/>\n<meta name=\"twitter:card\" content=\"summary_large_image\" \/>\n<meta name=\"twitter:label1\" content=\"Gesch\u00e4tzte Lesezeit\" \/>\n\t<meta name=\"twitter:data1\" content=\"3\u00a0Minuten\" \/>\n<script type=\"application\/ld+json\" class=\"yoast-schema-graph\">{\"@context\":\"https:\/\/schema.org\",\"@graph\":[{\"@type\":\"WebPage\",\"@id\":\"https:\/\/www.ewigerbund.org\/bayern\/geschichte\/ludwig-iii\/\",\"url\":\"https:\/\/www.ewigerbund.org\/bayern\/geschichte\/ludwig-iii\/\",\"name\":\"1912-1921. K\u00f6nig Ludwig III. - K\u00f6nigreich Bayern\",\"isPartOf\":{\"@id\":\"https:\/\/www.ewigerbund.org\/bayern\/#website\"},\"primaryImageOfPage\":{\"@id\":\"https:\/\/www.ewigerbund.org\/bayern\/geschichte\/ludwig-iii\/#primaryimage\"},\"image\":{\"@id\":\"https:\/\/www.ewigerbund.org\/bayern\/geschichte\/ludwig-iii\/#primaryimage\"},\"thumbnailUrl\":\"https:\/\/www.ewigerbund.org\/bayern\/wp-content\/uploads\/sites\/12\/2023\/07\/1912-1921-Ludwig-III-1024x580-1.jpg\",\"datePublished\":\"2022-08-12T14:59:05+00:00\",\"dateModified\":\"2023-11-04T16:36:37+00:00\",\"description\":\"Prinz Ludwig, Luitpolds \u00e4ltester Sohn, \u00fcbernahm die Regierung als ein in Arbeit und vaterl\u00e4ndischer Hingebung erprobter F\u00fcrst.\",\"breadcrumb\":{\"@id\":\"https:\/\/www.ewigerbund.org\/bayern\/geschichte\/ludwig-iii\/#breadcrumb\"},\"inLanguage\":\"de\",\"potentialAction\":[{\"@type\":\"ReadAction\",\"target\":[\"https:\/\/www.ewigerbund.org\/bayern\/geschichte\/ludwig-iii\/\"]}]},{\"@type\":\"ImageObject\",\"inLanguage\":\"de\",\"@id\":\"https:\/\/www.ewigerbund.org\/bayern\/geschichte\/ludwig-iii\/#primaryimage\",\"url\":\"https:\/\/www.ewigerbund.org\/bayern\/wp-content\/uploads\/sites\/12\/2023\/07\/1912-1921-Ludwig-III-1024x580-1.jpg\",\"contentUrl\":\"https:\/\/www.ewigerbund.org\/bayern\/wp-content\/uploads\/sites\/12\/2023\/07\/1912-1921-Ludwig-III-1024x580-1.jpg\",\"width\":1200,\"height\":680,\"caption\":\"1912-1921. K\u00f6nig Ludwig III.\"},{\"@type\":\"BreadcrumbList\",\"@id\":\"https:\/\/www.ewigerbund.org\/bayern\/geschichte\/ludwig-iii\/#breadcrumb\",\"itemListElement\":[{\"@type\":\"ListItem\",\"position\":1,\"name\":\"Startseite\",\"item\":\"https:\/\/www.ewigerbund.org\/bayern\/\"},{\"@type\":\"ListItem\",\"position\":2,\"name\":\"Geschichte\",\"item\":\"https:\/\/www.ewigerbund.org\/bayern\/geschichte\/\"},{\"@type\":\"ListItem\",\"position\":3,\"name\":\"1912-1921. K\u00f6nig Ludwig III.\"}]},{\"@type\":\"WebSite\",\"@id\":\"https:\/\/www.ewigerbund.org\/bayern\/#website\",\"url\":\"https:\/\/www.ewigerbund.org\/bayern\/\",\"name\":\"K\u00f6nigreich Bayern\",\"description\":\"im ewigen Bund.\",\"publisher\":{\"@id\":\"https:\/\/www.ewigerbund.org\/bayern\/#organization\"},\"potentialAction\":[{\"@type\":\"SearchAction\",\"target\":{\"@type\":\"EntryPoint\",\"urlTemplate\":\"https:\/\/www.ewigerbund.org\/bayern\/?s={search_term_string}\"},\"query-input\":\"required name=search_term_string\"}],\"inLanguage\":\"de\"},{\"@type\":\"Organization\",\"@id\":\"https:\/\/www.ewigerbund.org\/bayern\/#organization\",\"name\":\"K\u00f6nigreich Bayern\",\"url\":\"https:\/\/www.ewigerbund.org\/bayern\/\",\"logo\":{\"@type\":\"ImageObject\",\"inLanguage\":\"de\",\"@id\":\"https:\/\/www.ewigerbund.org\/bayern\/#\/schema\/logo\/image\/\",\"url\":\"https:\/\/www.ewigerbund.org\/bayern\/wp-content\/uploads\/sites\/12\/2023\/02\/2023-02-24-Logo-EB-Bayern-Schutzzone_Schatten_BGweiss_V2_1200px.png\",\"contentUrl\":\"https:\/\/www.ewigerbund.org\/bayern\/wp-content\/uploads\/sites\/12\/2023\/02\/2023-02-24-Logo-EB-Bayern-Schutzzone_Schatten_BGweiss_V2_1200px.png\",\"width\":1200,\"height\":1200,\"caption\":\"K\u00f6nigreich Bayern\"},\"image\":{\"@id\":\"https:\/\/www.ewigerbund.org\/bayern\/#\/schema\/logo\/image\/\"}}]}<\/script>\n<!-- \/ Yoast SEO plugin. -->","yoast_head_json":{"title":"1912-1921. K\u00f6nig Ludwig III. - K\u00f6nigreich Bayern","description":"Prinz Ludwig, Luitpolds \u00e4ltester Sohn, \u00fcbernahm die Regierung als ein in Arbeit und vaterl\u00e4ndischer Hingebung erprobter F\u00fcrst.","robots":{"index":"index","follow":"follow","max-snippet":"max-snippet:-1","max-image-preview":"max-image-preview:large","max-video-preview":"max-video-preview:-1"},"canonical":"https:\/\/www.ewigerbund.org\/bayern\/geschichte\/ludwig-iii\/","og_locale":"de_DE","og_type":"article","og_title":"1912-1921. K\u00f6nig Ludwig III. - K\u00f6nigreich Bayern","og_description":"Prinz Ludwig, Luitpolds \u00e4ltester Sohn, \u00fcbernahm die Regierung als ein in Arbeit und vaterl\u00e4ndischer Hingebung erprobter F\u00fcrst.","og_url":"https:\/\/www.ewigerbund.org\/bayern\/geschichte\/ludwig-iii\/","og_site_name":"K\u00f6nigreich Bayern","article_modified_time":"2023-11-04T16:36:37+00:00","og_image":[{"width":1200,"height":680,"url":"https:\/\/www.ewigerbund.org\/bayern\/wp-content\/uploads\/sites\/12\/2023\/07\/1912-1921-Ludwig-III-1024x580-1.jpg","type":"image\/jpeg"}],"twitter_card":"summary_large_image","twitter_misc":{"Gesch\u00e4tzte Lesezeit":"3\u00a0Minuten"},"schema":{"@context":"https:\/\/schema.org","@graph":[{"@type":"WebPage","@id":"https:\/\/www.ewigerbund.org\/bayern\/geschichte\/ludwig-iii\/","url":"https:\/\/www.ewigerbund.org\/bayern\/geschichte\/ludwig-iii\/","name":"1912-1921. K\u00f6nig Ludwig III. - K\u00f6nigreich Bayern","isPartOf":{"@id":"https:\/\/www.ewigerbund.org\/bayern\/#website"},"primaryImageOfPage":{"@id":"https:\/\/www.ewigerbund.org\/bayern\/geschichte\/ludwig-iii\/#primaryimage"},"image":{"@id":"https:\/\/www.ewigerbund.org\/bayern\/geschichte\/ludwig-iii\/#primaryimage"},"thumbnailUrl":"https:\/\/www.ewigerbund.org\/bayern\/wp-content\/uploads\/sites\/12\/2023\/07\/1912-1921-Ludwig-III-1024x580-1.jpg","datePublished":"2022-08-12T14:59:05+00:00","dateModified":"2023-11-04T16:36:37+00:00","description":"Prinz Ludwig, Luitpolds \u00e4ltester Sohn, \u00fcbernahm die Regierung als ein in Arbeit und vaterl\u00e4ndischer Hingebung erprobter F\u00fcrst.","breadcrumb":{"@id":"https:\/\/www.ewigerbund.org\/bayern\/geschichte\/ludwig-iii\/#breadcrumb"},"inLanguage":"de","potentialAction":[{"@type":"ReadAction","target":["https:\/\/www.ewigerbund.org\/bayern\/geschichte\/ludwig-iii\/"]}]},{"@type":"ImageObject","inLanguage":"de","@id":"https:\/\/www.ewigerbund.org\/bayern\/geschichte\/ludwig-iii\/#primaryimage","url":"https:\/\/www.ewigerbund.org\/bayern\/wp-content\/uploads\/sites\/12\/2023\/07\/1912-1921-Ludwig-III-1024x580-1.jpg","contentUrl":"https:\/\/www.ewigerbund.org\/bayern\/wp-content\/uploads\/sites\/12\/2023\/07\/1912-1921-Ludwig-III-1024x580-1.jpg","width":1200,"height":680,"caption":"1912-1921. K\u00f6nig Ludwig III."},{"@type":"BreadcrumbList","@id":"https:\/\/www.ewigerbund.org\/bayern\/geschichte\/ludwig-iii\/#breadcrumb","itemListElement":[{"@type":"ListItem","position":1,"name":"Startseite","item":"https:\/\/www.ewigerbund.org\/bayern\/"},{"@type":"ListItem","position":2,"name":"Geschichte","item":"https:\/\/www.ewigerbund.org\/bayern\/geschichte\/"},{"@type":"ListItem","position":3,"name":"1912-1921. K\u00f6nig Ludwig III."}]},{"@type":"WebSite","@id":"https:\/\/www.ewigerbund.org\/bayern\/#website","url":"https:\/\/www.ewigerbund.org\/bayern\/","name":"K\u00f6nigreich Bayern","description":"im ewigen Bund.","publisher":{"@id":"https:\/\/www.ewigerbund.org\/bayern\/#organization"},"potentialAction":[{"@type":"SearchAction","target":{"@type":"EntryPoint","urlTemplate":"https:\/\/www.ewigerbund.org\/bayern\/?s={search_term_string}"},"query-input":"required name=search_term_string"}],"inLanguage":"de"},{"@type":"Organization","@id":"https:\/\/www.ewigerbund.org\/bayern\/#organization","name":"K\u00f6nigreich Bayern","url":"https:\/\/www.ewigerbund.org\/bayern\/","logo":{"@type":"ImageObject","inLanguage":"de","@id":"https:\/\/www.ewigerbund.org\/bayern\/#\/schema\/logo\/image\/","url":"https:\/\/www.ewigerbund.org\/bayern\/wp-content\/uploads\/sites\/12\/2023\/02\/2023-02-24-Logo-EB-Bayern-Schutzzone_Schatten_BGweiss_V2_1200px.png","contentUrl":"https:\/\/www.ewigerbund.org\/bayern\/wp-content\/uploads\/sites\/12\/2023\/02\/2023-02-24-Logo-EB-Bayern-Schutzzone_Schatten_BGweiss_V2_1200px.png","width":1200,"height":1200,"caption":"K\u00f6nigreich Bayern"},"image":{"@id":"https:\/\/www.ewigerbund.org\/bayern\/#\/schema\/logo\/image\/"}}]}},"_links":{"self":[{"href":"https:\/\/www.ewigerbund.org\/bayern\/wp-json\/wp\/v2\/pages\/610","targetHints":{"allow":["GET"]}}],"collection":[{"href":"https:\/\/www.ewigerbund.org\/bayern\/wp-json\/wp\/v2\/pages"}],"about":[{"href":"https:\/\/www.ewigerbund.org\/bayern\/wp-json\/wp\/v2\/types\/page"}],"author":[{"embeddable":true,"href":"https:\/\/www.ewigerbund.org\/bayern\/wp-json\/wp\/v2\/users\/1"}],"replies":[{"embeddable":true,"href":"https:\/\/www.ewigerbund.org\/bayern\/wp-json\/wp\/v2\/comments?post=610"}],"version-history":[{"count":11,"href":"https:\/\/www.ewigerbund.org\/bayern\/wp-json\/wp\/v2\/pages\/610\/revisions"}],"predecessor-version":[{"id":4301,"href":"https:\/\/www.ewigerbund.org\/bayern\/wp-json\/wp\/v2\/pages\/610\/revisions\/4301"}],"up":[{"embeddable":true,"href":"https:\/\/www.ewigerbund.org\/bayern\/wp-json\/wp\/v2\/pages\/215"}],"wp:featuredmedia":[{"embeddable":true,"href":"https:\/\/www.ewigerbund.org\/bayern\/wp-json\/wp\/v2\/media\/3230"}],"wp:attachment":[{"href":"https:\/\/www.ewigerbund.org\/bayern\/wp-json\/wp\/v2\/media?parent=610"}],"wp:term":[{"taxonomy":"category","embeddable":true,"href":"https:\/\/www.ewigerbund.org\/bayern\/wp-json\/wp\/v2\/categories?post=610"},{"taxonomy":"post_tag","embeddable":true,"href":"https:\/\/www.ewigerbund.org\/bayern\/wp-json\/wp\/v2\/tags?post=610"}],"curies":[{"name":"wp","href":"https:\/\/api.w.org\/{rel}","templated":true}]}}