{"id":606,"date":"2022-08-12T16:45:29","date_gmt":"2022-08-12T14:45:29","guid":{"rendered":"https:\/\/www.ewigerbund.org\/bayern\/?page_id=606"},"modified":"2023-07-20T01:44:19","modified_gmt":"2023-07-19T23:44:19","slug":"der-deutsch-franzoesische-krieg","status":"publish","type":"page","link":"https:\/\/www.ewigerbund.org\/bayern\/geschichte\/der-deutsch-franzoesische-krieg\/","title":{"rendered":"1870-1871. Der deutsch-franz\u00f6sische Krieg."},"content":{"rendered":"\n<p>Am 19. Juli 1870 erkl\u00e4rte der franz\u00f6sische Kaiser Napoleon III. unter freudiger Zustimmung seines Volkes, aber ohne Grund zu blutigem Kampfe, an Preu\u00dfen den Krieg. Die angebahnte Einigung Deutschlands sollte verhindert und das linke Rheinufer f\u00fcr Frankreich zur\u00fcckerobert werden. Denn da\u00df die Franzosen, welche im Krimkriege (1854\u201456) die Russen, im italienischen Kriege (1859) die \u00d6sterreicher besiegt hatten, auch die Preu\u00dfen \u00fcberwinden w\u00fcrden \u2014 wer h\u00e4tte daran zweifeln wollen?<\/p>\n\n\n\n<p>Besa\u00dfen sie nicht das kriegsge\u00fcbteste Heer in Europa?<\/p>\n\n\n\n<p>Rechneten sie nicht auf Bundesgenossen diesseits des Rheines?<\/p>\n\n\n\n<p>Die deutsche Uneinigkeit war ja sprichw\u00f6rtlich geworden, und Frankreich hatte sich dieselbe seit Jahrhunderten zu nutze gemacht. Aber jene Zeiten lagen hinter uns. Ein anderer Geist war in Deutschland erwacht. \u201eWir wollen sein ein einig Volk von Br\u00fcdern!\u201c So dachten Volk und F\u00fcrsten. Und einig stand ganz Deutschland in der Stunde der Gefahr. Bayerns jugendlicher <a href=\"https:\/\/www.ewigerbund.org\/bayern\/geschichte\/prinzregent-luitpold\/\">K\u00f6nig Ludwig II.<\/a> erkl\u00e4rte, da\u00df Bayern treu zur Seite Preu\u00dfens stehen werde. Ihm folgten einm\u00fcthig die \u00fcbrigen s\u00fcddeutschen F\u00fcrsten. Selbst \u00d6sterreich verga\u00df der Niederlagen von 1866 und des alten Grolles gegen Preu\u00dfen und blieb neutral.<\/p>\n\n\n\n<p>Dennoch war die Stimmung in Deutschland ernst, und mit Besorgni\u00df sah man dem schweren Kampfe entgegen.<\/p>\n\n\n\n<p>Aber schon am 4. August wurden Wei\u00dfenburg und der Geisberg, am 5. August die Spicherer H\u00f6hen von den vereinigten nord- und s\u00fcddeutschen Heeren erst\u00fcrmt, und am 6. August wurde der ber\u00fchmte franz\u00f6sische General Mac Mahon bei W\u00f6rth vollst\u00e4ndig geschlagen. Unaufhaltsam drangen jetzt die tapferen deutschen Armeen in das Innere Frankreichs. Sieg auf Sieg wurde errungen. Ein dreit\u00e4giger, furchtbarer Kampf an der Mosel (14.\u201418. Aug.) zwang eine franz\u00f6sische Armee unter Bazaine (sp. Bass\u00e4ng), in der starken Festung Metz Schutz zu suchen. Die letzte franz\u00f6sische Armee, die unter Mac Mahon zum Entsatz von Metz heran zog, gerieth nach heftigen K\u00e4mpfen bei Sedan in Gefangenschaft. Kaiser Napoleon selbst ergab sich am 2. September dem siegreichen preu\u00dfischen K\u00f6nige Wilhelm.<\/p>\n\n\n\n<p>Als die Nachricht \u00fcber die vollst\u00e4ndige Niederlage des franz\u00f6sischen Kaiserreiches nach Paris kam, wurde dort die Republik verk\u00fcndet. Aber die neuen Machthaber Frankreichs wollten von einer Gebietsabtretung an den Sieger nichts wissen; sie riefen das ganze kampff\u00e4hige Volk unter die Waffen. Doch alles war vergeblich! Eine Festung nach der andern fiel in deutsche H\u00e4nde: Stra\u00dfburg am 27. September, Metz am 27.Oktober. Paris mit seinen gro\u00dfartigen Festungswerken wurde eingeschlossen (cernirt), und das neugebildete franz\u00f6sische Heer, welches zum Entsatze der Hauptstadt heranr\u00fccken sollte, geschlagen (St. Quentin, Orleans, Le Mans, Belfort). Vergebens suchte das Pariser Vertheidigungsheer die Cernirungslinie zu durchbrechen. &#8222;Alle Ausf\u00e4lle scheiterten an der Wachsamkeit und Tapferkeit der deutschen Truppen.<\/p>\n\n\n\n<p>Als endlich im Januar 1871 die Beschie\u00dfung der Hauptstadt begann und jede Hoffnung auf Entsatz geschwunden war, sah sich die republikanische Regierung zum Nachgeben gezwungen. In Versailles, wo sich das deutsche Hauptquartier befand, kam es Ende Januar zum Waffenstillstande. Am 1. M\u00e4rz 1871 zogen die siegreichen deutschen Heere in Paris ein, und am 2. M\u00e4rz wurde zu Versailles der Friedensschlu\u00df unterzeichnet. Frankreich mu\u00dfte Elsa\u00df und Deutsch=Lothringen mit Metz an Deutschland abtreten und 5 Milliarden (5 000 000 000) Francs Kriegskosten zahlen.<\/p>\n\n\n\n<p>Der Versailler Friedensschlu\u00df rief in allen deutschen Staaten gro\u00dfen Jubel hervor, und mit hoher Freude blickte Deutschland auf seine tapferen Heere.<\/p>\n\n\n<div class=\"gb-button-wrapper gb-button-wrapper-d01a8fe5\">\n\n<a class=\"gb-button gb-button-4ca911d4 gb-button-text\" href=\"https:\/\/forum.bayern.ewigerbund.org\/viewtopic.php?t=263\" target=\"_blank\" rel=\"noopener noreferrer\">Dieser Beitrag hat dir gefallen? Hier kommentieren.<\/a>\n\n<\/div>\n\n\n<p><\/p>\n\n\n\n<p class=\"has-small-font-size\"><em>Quelle: Deutsches Lesebuch. F\u00fcr das Bed\u00fcrfni\u00df ungetheilter Volksschulen bearbeitet. Zweiter Theil: Realienbuch (Ausgabe f\u00fcr protestantische Schulen) Seite 305 ff., M\u00fcnchen 1879.<\/em><\/p>\n\n\n\n<p>Bildquelle: <\/p>\n\n\n\n<p class=\"has-small-font-size\">Bildquelle: <em>Westermanns Gro\u00dfer Atlas zur Weltgeschichte, 1969; Haacks geographischer Atlas.<\/em> <em>VEB Hermann Haack Geographisch-Kartographische Anstalt, Gotha\/Leipzig, 1. Auflage, 1979; dtv-Atlas zur Weltgeschichte Band 1: Von den Anf\u00e4ngen bis zur Franz\u00f6sischen Revolution; 23. Aufl. 1989<\/em>.<\/p>\n","protected":false},"excerpt":{"rendered":"<p>Am 19. Juli 1870 erkl\u00e4rte der franz\u00f6sische Kaiser Napoleon III. unter freudiger Zustimmung seines Volkes, aber ohne Grund zu blutigem Kampfe, an Preu\u00dfen den Krieg. Die angebahnte Einigung Deutschlands sollte verhindert und das linke Rheinufer f\u00fcr Frankreich zur\u00fcckerobert werden. Denn da\u00df die Franzosen, welche im Krimkriege (1854\u201456) die Russen, im italienischen Kriege (1859) die \u00d6sterreicher &#8230; <a title=\"1870-1871. Der deutsch-franz\u00f6sische Krieg.\" class=\"read-more\" href=\"https:\/\/www.ewigerbund.org\/bayern\/geschichte\/der-deutsch-franzoesische-krieg\/\" aria-label=\"Mehr zu 1870-1871. Der deutsch-franz\u00f6sische Krieg.\">Weiterlesen &#8230;<\/a><\/p>\n","protected":false},"author":1,"featured_media":2893,"parent":215,"menu_order":26,"comment_status":"closed","ping_status":"closed","template":"","meta":{"footnotes":""},"categories":[6,5,7],"tags":[163,156,164,81,165],"class_list":["post-606","page","type-page","status-publish","has-post-thumbnail","hentry","category-bayern","category-bundesstaat","category-geschichte","tag-einigung-deutschlands","tag-frankreich","tag-ludwig-ii","tag-napoleon","tag-versailler-friedensschluss"],"yoast_head":"<!-- This site is optimized with the Yoast SEO plugin v23.1 - https:\/\/yoast.com\/wordpress\/plugins\/seo\/ -->\n<title>1870-1871. Der deutsch-franz\u00f6sische Krieg. - K\u00f6nigreich Bayern<\/title>\n<meta name=\"robots\" content=\"index, follow, max-snippet:-1, max-image-preview:large, max-video-preview:-1\" \/>\n<link rel=\"canonical\" href=\"https:\/\/www.ewigerbund.org\/bayern\/geschichte\/der-deutsch-franzoesische-krieg\/\" \/>\n<meta property=\"og:locale\" content=\"de_DE\" \/>\n<meta property=\"og:type\" content=\"article\" \/>\n<meta property=\"og:title\" content=\"1870-1871. Der deutsch-franz\u00f6sische Krieg. - K\u00f6nigreich Bayern\" \/>\n<meta property=\"og:description\" content=\"Am 19. Juli 1870 erkl\u00e4rte der franz\u00f6sische Kaiser Napoleon III. unter freudiger Zustimmung seines Volkes, aber ohne Grund zu blutigem Kampfe, an Preu\u00dfen den Krieg. Die angebahnte Einigung Deutschlands sollte verhindert und das linke Rheinufer f\u00fcr Frankreich zur\u00fcckerobert werden. Denn da\u00df die Franzosen, welche im Krimkriege (1854\u201456) die Russen, im italienischen Kriege (1859) die \u00d6sterreicher ... Weiterlesen ...\" \/>\n<meta property=\"og:url\" content=\"https:\/\/www.ewigerbund.org\/bayern\/geschichte\/der-deutsch-franzoesische-krieg\/\" \/>\n<meta property=\"og:site_name\" content=\"K\u00f6nigreich Bayern\" \/>\n<meta property=\"article:modified_time\" content=\"2023-07-19T23:44:19+00:00\" \/>\n<meta property=\"og:image\" content=\"https:\/\/www.ewigerbund.org\/bayern\/wp-content\/uploads\/sites\/12\/2023\/06\/Der-Deutsch-Franzoesische-Krieg.-Bildunterschrift-Beachten.-Siehe-Uebersicht-der-Artikel.jpg\" \/>\n\t<meta property=\"og:image:width\" content=\"1024\" \/>\n\t<meta property=\"og:image:height\" content=\"580\" \/>\n\t<meta property=\"og:image:type\" content=\"image\/jpeg\" \/>\n<meta name=\"twitter:card\" content=\"summary_large_image\" \/>\n<meta name=\"twitter:label1\" content=\"Gesch\u00e4tzte Lesezeit\" \/>\n\t<meta name=\"twitter:data1\" content=\"4\u00a0Minuten\" \/>\n<script type=\"application\/ld+json\" class=\"yoast-schema-graph\">{\"@context\":\"https:\/\/schema.org\",\"@graph\":[{\"@type\":\"WebPage\",\"@id\":\"https:\/\/www.ewigerbund.org\/bayern\/geschichte\/der-deutsch-franzoesische-krieg\/\",\"url\":\"https:\/\/www.ewigerbund.org\/bayern\/geschichte\/der-deutsch-franzoesische-krieg\/\",\"name\":\"1870-1871. Der deutsch-franz\u00f6sische Krieg. - K\u00f6nigreich Bayern\",\"isPartOf\":{\"@id\":\"https:\/\/www.ewigerbund.org\/bayern\/#website\"},\"primaryImageOfPage\":{\"@id\":\"https:\/\/www.ewigerbund.org\/bayern\/geschichte\/der-deutsch-franzoesische-krieg\/#primaryimage\"},\"image\":{\"@id\":\"https:\/\/www.ewigerbund.org\/bayern\/geschichte\/der-deutsch-franzoesische-krieg\/#primaryimage\"},\"thumbnailUrl\":\"https:\/\/www.ewigerbund.org\/bayern\/wp-content\/uploads\/sites\/12\/2023\/06\/Der-Deutsch-Franzoesische-Krieg.-Bildunterschrift-Beachten.-Siehe-Uebersicht-der-Artikel.jpg\",\"datePublished\":\"2022-08-12T14:45:29+00:00\",\"dateModified\":\"2023-07-19T23:44:19+00:00\",\"breadcrumb\":{\"@id\":\"https:\/\/www.ewigerbund.org\/bayern\/geschichte\/der-deutsch-franzoesische-krieg\/#breadcrumb\"},\"inLanguage\":\"de\",\"potentialAction\":[{\"@type\":\"ReadAction\",\"target\":[\"https:\/\/www.ewigerbund.org\/bayern\/geschichte\/der-deutsch-franzoesische-krieg\/\"]}]},{\"@type\":\"ImageObject\",\"inLanguage\":\"de\",\"@id\":\"https:\/\/www.ewigerbund.org\/bayern\/geschichte\/der-deutsch-franzoesische-krieg\/#primaryimage\",\"url\":\"https:\/\/www.ewigerbund.org\/bayern\/wp-content\/uploads\/sites\/12\/2023\/06\/Der-Deutsch-Franzoesische-Krieg.-Bildunterschrift-Beachten.-Siehe-Uebersicht-der-Artikel.jpg\",\"contentUrl\":\"https:\/\/www.ewigerbund.org\/bayern\/wp-content\/uploads\/sites\/12\/2023\/06\/Der-Deutsch-Franzoesische-Krieg.-Bildunterschrift-Beachten.-Siehe-Uebersicht-der-Artikel.jpg\",\"width\":1024,\"height\":580,\"caption\":\"1870-1871. Der deutsch-franz\u00f6sische Krieg.\"},{\"@type\":\"BreadcrumbList\",\"@id\":\"https:\/\/www.ewigerbund.org\/bayern\/geschichte\/der-deutsch-franzoesische-krieg\/#breadcrumb\",\"itemListElement\":[{\"@type\":\"ListItem\",\"position\":1,\"name\":\"Startseite\",\"item\":\"https:\/\/www.ewigerbund.org\/bayern\/\"},{\"@type\":\"ListItem\",\"position\":2,\"name\":\"Geschichte\",\"item\":\"https:\/\/www.ewigerbund.org\/bayern\/geschichte\/\"},{\"@type\":\"ListItem\",\"position\":3,\"name\":\"1870-1871. Der deutsch-franz\u00f6sische Krieg.\"}]},{\"@type\":\"WebSite\",\"@id\":\"https:\/\/www.ewigerbund.org\/bayern\/#website\",\"url\":\"https:\/\/www.ewigerbund.org\/bayern\/\",\"name\":\"K\u00f6nigreich Bayern\",\"description\":\"im ewigen Bund.\",\"publisher\":{\"@id\":\"https:\/\/www.ewigerbund.org\/bayern\/#organization\"},\"potentialAction\":[{\"@type\":\"SearchAction\",\"target\":{\"@type\":\"EntryPoint\",\"urlTemplate\":\"https:\/\/www.ewigerbund.org\/bayern\/?s={search_term_string}\"},\"query-input\":\"required name=search_term_string\"}],\"inLanguage\":\"de\"},{\"@type\":\"Organization\",\"@id\":\"https:\/\/www.ewigerbund.org\/bayern\/#organization\",\"name\":\"K\u00f6nigreich Bayern\",\"url\":\"https:\/\/www.ewigerbund.org\/bayern\/\",\"logo\":{\"@type\":\"ImageObject\",\"inLanguage\":\"de\",\"@id\":\"https:\/\/www.ewigerbund.org\/bayern\/#\/schema\/logo\/image\/\",\"url\":\"https:\/\/www.ewigerbund.org\/bayern\/wp-content\/uploads\/sites\/12\/2023\/02\/2023-02-24-Logo-EB-Bayern-Schutzzone_Schatten_BGweiss_V2_1200px.png\",\"contentUrl\":\"https:\/\/www.ewigerbund.org\/bayern\/wp-content\/uploads\/sites\/12\/2023\/02\/2023-02-24-Logo-EB-Bayern-Schutzzone_Schatten_BGweiss_V2_1200px.png\",\"width\":1200,\"height\":1200,\"caption\":\"K\u00f6nigreich Bayern\"},\"image\":{\"@id\":\"https:\/\/www.ewigerbund.org\/bayern\/#\/schema\/logo\/image\/\"}}]}<\/script>\n<!-- \/ Yoast SEO plugin. -->","yoast_head_json":{"title":"1870-1871. Der deutsch-franz\u00f6sische Krieg. - K\u00f6nigreich Bayern","robots":{"index":"index","follow":"follow","max-snippet":"max-snippet:-1","max-image-preview":"max-image-preview:large","max-video-preview":"max-video-preview:-1"},"canonical":"https:\/\/www.ewigerbund.org\/bayern\/geschichte\/der-deutsch-franzoesische-krieg\/","og_locale":"de_DE","og_type":"article","og_title":"1870-1871. Der deutsch-franz\u00f6sische Krieg. - K\u00f6nigreich Bayern","og_description":"Am 19. Juli 1870 erkl\u00e4rte der franz\u00f6sische Kaiser Napoleon III. unter freudiger Zustimmung seines Volkes, aber ohne Grund zu blutigem Kampfe, an Preu\u00dfen den Krieg. Die angebahnte Einigung Deutschlands sollte verhindert und das linke Rheinufer f\u00fcr Frankreich zur\u00fcckerobert werden. Denn da\u00df die Franzosen, welche im Krimkriege (1854\u201456) die Russen, im italienischen Kriege (1859) die \u00d6sterreicher ... Weiterlesen ...","og_url":"https:\/\/www.ewigerbund.org\/bayern\/geschichte\/der-deutsch-franzoesische-krieg\/","og_site_name":"K\u00f6nigreich Bayern","article_modified_time":"2023-07-19T23:44:19+00:00","og_image":[{"width":1024,"height":580,"url":"https:\/\/www.ewigerbund.org\/bayern\/wp-content\/uploads\/sites\/12\/2023\/06\/Der-Deutsch-Franzoesische-Krieg.-Bildunterschrift-Beachten.-Siehe-Uebersicht-der-Artikel.jpg","type":"image\/jpeg"}],"twitter_card":"summary_large_image","twitter_misc":{"Gesch\u00e4tzte Lesezeit":"4\u00a0Minuten"},"schema":{"@context":"https:\/\/schema.org","@graph":[{"@type":"WebPage","@id":"https:\/\/www.ewigerbund.org\/bayern\/geschichte\/der-deutsch-franzoesische-krieg\/","url":"https:\/\/www.ewigerbund.org\/bayern\/geschichte\/der-deutsch-franzoesische-krieg\/","name":"1870-1871. Der deutsch-franz\u00f6sische Krieg. - K\u00f6nigreich Bayern","isPartOf":{"@id":"https:\/\/www.ewigerbund.org\/bayern\/#website"},"primaryImageOfPage":{"@id":"https:\/\/www.ewigerbund.org\/bayern\/geschichte\/der-deutsch-franzoesische-krieg\/#primaryimage"},"image":{"@id":"https:\/\/www.ewigerbund.org\/bayern\/geschichte\/der-deutsch-franzoesische-krieg\/#primaryimage"},"thumbnailUrl":"https:\/\/www.ewigerbund.org\/bayern\/wp-content\/uploads\/sites\/12\/2023\/06\/Der-Deutsch-Franzoesische-Krieg.-Bildunterschrift-Beachten.-Siehe-Uebersicht-der-Artikel.jpg","datePublished":"2022-08-12T14:45:29+00:00","dateModified":"2023-07-19T23:44:19+00:00","breadcrumb":{"@id":"https:\/\/www.ewigerbund.org\/bayern\/geschichte\/der-deutsch-franzoesische-krieg\/#breadcrumb"},"inLanguage":"de","potentialAction":[{"@type":"ReadAction","target":["https:\/\/www.ewigerbund.org\/bayern\/geschichte\/der-deutsch-franzoesische-krieg\/"]}]},{"@type":"ImageObject","inLanguage":"de","@id":"https:\/\/www.ewigerbund.org\/bayern\/geschichte\/der-deutsch-franzoesische-krieg\/#primaryimage","url":"https:\/\/www.ewigerbund.org\/bayern\/wp-content\/uploads\/sites\/12\/2023\/06\/Der-Deutsch-Franzoesische-Krieg.-Bildunterschrift-Beachten.-Siehe-Uebersicht-der-Artikel.jpg","contentUrl":"https:\/\/www.ewigerbund.org\/bayern\/wp-content\/uploads\/sites\/12\/2023\/06\/Der-Deutsch-Franzoesische-Krieg.-Bildunterschrift-Beachten.-Siehe-Uebersicht-der-Artikel.jpg","width":1024,"height":580,"caption":"1870-1871. Der deutsch-franz\u00f6sische Krieg."},{"@type":"BreadcrumbList","@id":"https:\/\/www.ewigerbund.org\/bayern\/geschichte\/der-deutsch-franzoesische-krieg\/#breadcrumb","itemListElement":[{"@type":"ListItem","position":1,"name":"Startseite","item":"https:\/\/www.ewigerbund.org\/bayern\/"},{"@type":"ListItem","position":2,"name":"Geschichte","item":"https:\/\/www.ewigerbund.org\/bayern\/geschichte\/"},{"@type":"ListItem","position":3,"name":"1870-1871. Der deutsch-franz\u00f6sische Krieg."}]},{"@type":"WebSite","@id":"https:\/\/www.ewigerbund.org\/bayern\/#website","url":"https:\/\/www.ewigerbund.org\/bayern\/","name":"K\u00f6nigreich Bayern","description":"im ewigen Bund.","publisher":{"@id":"https:\/\/www.ewigerbund.org\/bayern\/#organization"},"potentialAction":[{"@type":"SearchAction","target":{"@type":"EntryPoint","urlTemplate":"https:\/\/www.ewigerbund.org\/bayern\/?s={search_term_string}"},"query-input":"required name=search_term_string"}],"inLanguage":"de"},{"@type":"Organization","@id":"https:\/\/www.ewigerbund.org\/bayern\/#organization","name":"K\u00f6nigreich Bayern","url":"https:\/\/www.ewigerbund.org\/bayern\/","logo":{"@type":"ImageObject","inLanguage":"de","@id":"https:\/\/www.ewigerbund.org\/bayern\/#\/schema\/logo\/image\/","url":"https:\/\/www.ewigerbund.org\/bayern\/wp-content\/uploads\/sites\/12\/2023\/02\/2023-02-24-Logo-EB-Bayern-Schutzzone_Schatten_BGweiss_V2_1200px.png","contentUrl":"https:\/\/www.ewigerbund.org\/bayern\/wp-content\/uploads\/sites\/12\/2023\/02\/2023-02-24-Logo-EB-Bayern-Schutzzone_Schatten_BGweiss_V2_1200px.png","width":1200,"height":1200,"caption":"K\u00f6nigreich Bayern"},"image":{"@id":"https:\/\/www.ewigerbund.org\/bayern\/#\/schema\/logo\/image\/"}}]}},"_links":{"self":[{"href":"https:\/\/www.ewigerbund.org\/bayern\/wp-json\/wp\/v2\/pages\/606","targetHints":{"allow":["GET"]}}],"collection":[{"href":"https:\/\/www.ewigerbund.org\/bayern\/wp-json\/wp\/v2\/pages"}],"about":[{"href":"https:\/\/www.ewigerbund.org\/bayern\/wp-json\/wp\/v2\/types\/page"}],"author":[{"embeddable":true,"href":"https:\/\/www.ewigerbund.org\/bayern\/wp-json\/wp\/v2\/users\/1"}],"replies":[{"embeddable":true,"href":"https:\/\/www.ewigerbund.org\/bayern\/wp-json\/wp\/v2\/comments?post=606"}],"version-history":[{"count":6,"href":"https:\/\/www.ewigerbund.org\/bayern\/wp-json\/wp\/v2\/pages\/606\/revisions"}],"predecessor-version":[{"id":1612,"href":"https:\/\/www.ewigerbund.org\/bayern\/wp-json\/wp\/v2\/pages\/606\/revisions\/1612"}],"up":[{"embeddable":true,"href":"https:\/\/www.ewigerbund.org\/bayern\/wp-json\/wp\/v2\/pages\/215"}],"wp:featuredmedia":[{"embeddable":true,"href":"https:\/\/www.ewigerbund.org\/bayern\/wp-json\/wp\/v2\/media\/2893"}],"wp:attachment":[{"href":"https:\/\/www.ewigerbund.org\/bayern\/wp-json\/wp\/v2\/media?parent=606"}],"wp:term":[{"taxonomy":"category","embeddable":true,"href":"https:\/\/www.ewigerbund.org\/bayern\/wp-json\/wp\/v2\/categories?post=606"},{"taxonomy":"post_tag","embeddable":true,"href":"https:\/\/www.ewigerbund.org\/bayern\/wp-json\/wp\/v2\/tags?post=606"}],"curies":[{"name":"wp","href":"https:\/\/api.w.org\/{rel}","templated":true}]}}