{"id":1969,"date":"2023-04-13T22:21:19","date_gmt":"2023-04-13T20:21:19","guid":{"rendered":"https:\/\/www.ewigerbund.org\/bayern\/?page_id=1969"},"modified":"2024-02-07T22:20:42","modified_gmt":"2024-02-07T21:20:42","slug":"herz-eb","status":"publish","type":"page","link":"https:\/\/www.ewigerbund.org\/bayern\/startseite\/herz-eb\/","title":{"rendered":"HERZST\u00dcCK DES EWIGEN BUNDES."},"content":{"rendered":"\n<figure class=\"gb-block-image gb-block-image-59afe5e6\"><img loading=\"lazy\" decoding=\"async\" width=\"1920\" height=\"726\" class=\"gb-image gb-image-59afe5e6\" src=\"https:\/\/www.ewigerbund.org\/bayern\/wp-content\/uploads\/sites\/12\/2023\/06\/tegernsee_alpen_bayern_1920.jpg\" alt=\"\" title=\"Tegernsee-Alpen-Bayern.\" srcset=\"https:\/\/www.ewigerbund.org\/bayern\/wp-content\/uploads\/sites\/12\/2023\/06\/tegernsee_alpen_bayern_1920.jpg 1920w, https:\/\/www.ewigerbund.org\/bayern\/wp-content\/uploads\/sites\/12\/2023\/06\/tegernsee_alpen_bayern_1920-300x113.jpg 300w, https:\/\/www.ewigerbund.org\/bayern\/wp-content\/uploads\/sites\/12\/2023\/06\/tegernsee_alpen_bayern_1920-1024x387.jpg 1024w, https:\/\/www.ewigerbund.org\/bayern\/wp-content\/uploads\/sites\/12\/2023\/06\/tegernsee_alpen_bayern_1920-768x290.jpg 768w, https:\/\/www.ewigerbund.org\/bayern\/wp-content\/uploads\/sites\/12\/2023\/06\/tegernsee_alpen_bayern_1920-1536x581.jpg 1536w\" sizes=\"auto, (max-width: 1920px) 100vw, 1920px\" \/><\/figure>\n\n\n<div class=\"gb-container gb-container-e9c13b34\"><div class=\"gb-inside-container\">\n\n<div class=\"wp-block-columns is-layout-flex wp-container-core-columns-is-layout-1 wp-block-columns-is-layout-flex\">\n<div class=\"wp-block-column cat-box-border is-layout-flow wp-block-column-is-layout-flow\">\n<figure class=\"wp-block-image size-full\"><a href=\"https:\/\/www.ewigerbund.org\/bayern\/herz-eb\/unser-auftrag\/\"><img loading=\"lazy\" decoding=\"async\" width=\"750\" height=\"426\" src=\"https:\/\/www.ewigerbund.org\/bayern\/wp-content\/uploads\/sites\/12\/2023\/06\/Unser-Auftrag.jpg\" alt=\"\" class=\"wp-image-2775\" srcset=\"https:\/\/www.ewigerbund.org\/bayern\/wp-content\/uploads\/sites\/12\/2023\/06\/Unser-Auftrag.jpg 750w, https:\/\/www.ewigerbund.org\/bayern\/wp-content\/uploads\/sites\/12\/2023\/06\/Unser-Auftrag-300x170.jpg 300w\" sizes=\"auto, (max-width: 750px) 100vw, 750px\" \/><\/a><\/figure>\n\n\n\n<p class=\"gb-headline gb-headline-1e8afdb3 gb-headline-text\"><strong>Unser Auftrag.<\/strong><\/p>\n\n\n\n<p>Unser Auftrag ist die Verbreitung des monarchischen Gedankens, die St\u00e4rkung der Verfassungstreue und des Staatsbewusstseins sowie die Steigerung des Geschichtsbewusstseins der bayerischen Bev\u00f6lkerung!<\/p>\n\n\n\n<p class=\"has-text-color has-small-font-size\" style=\"color:#818b91\"><a href=\"https:\/\/www.ewigerbund.org\/bayern\/herz-eb\/unser-auftrag\/\">Zum Auftrag \u2192<\/a><\/p>\n<\/div>\n\n\n\n<div class=\"wp-block-column cat-box-border is-layout-flow wp-block-column-is-layout-flow\">\n<figure class=\"wp-block-image size-full\"><a href=\"https:\/\/www.ewigerbund.org\/bayern\/herz-eb\/warum-wir-das-tun\/\"><img loading=\"lazy\" decoding=\"async\" width=\"750\" height=\"426\" src=\"https:\/\/www.ewigerbund.org\/bayern\/wp-content\/uploads\/sites\/12\/2023\/06\/Warum-wir-das-tun.jpg\" alt=\"\" class=\"wp-image-2777\" srcset=\"https:\/\/www.ewigerbund.org\/bayern\/wp-content\/uploads\/sites\/12\/2023\/06\/Warum-wir-das-tun.jpg 750w, https:\/\/www.ewigerbund.org\/bayern\/wp-content\/uploads\/sites\/12\/2023\/06\/Warum-wir-das-tun-300x170.jpg 300w\" sizes=\"auto, (max-width: 750px) 100vw, 750px\" \/><\/a><\/figure>\n\n\n\n<p class=\"gb-headline gb-headline-d66346f0 gb-headline-text\"><strong>Die Ausgangslage.<\/strong><\/p>\n\n\n\n<p>Seit 105 Jahren werden Sprache und Kultur gesch\u00e4ndet, das Bildungswesen ins Gegenteil verkehrt und der Volksk\u00f6rper samt Geist vergiftet. Der Kern des einstigen Staates, die Familien, werden zerst\u00f6rt.<\/p>\n\n\n\n<p class=\"has-text-color has-small-font-size\" style=\"color:#818b91\"><a href=\"https:\/\/www.ewigerbund.org\/bayern\/herz-eb\/warum-wir-das-tun\/\">Unsere Gr\u00fcnde \u2192<\/a><\/p>\n<\/div>\n\n\n\n<div class=\"wp-block-column cat-box-border is-layout-flow wp-block-column-is-layout-flow\">\n<figure class=\"wp-block-image size-full\"><a href=\"https:\/\/www.ewigerbund.org\/bayern\/herz-eb\/was-zu-tun-ist\/\"><img loading=\"lazy\" decoding=\"async\" width=\"750\" height=\"426\" src=\"https:\/\/www.ewigerbund.org\/bayern\/wp-content\/uploads\/sites\/12\/2023\/06\/Was-zu-tun-ist.jpg\" alt=\"\" class=\"wp-image-2779\" srcset=\"https:\/\/www.ewigerbund.org\/bayern\/wp-content\/uploads\/sites\/12\/2023\/06\/Was-zu-tun-ist.jpg 750w, https:\/\/www.ewigerbund.org\/bayern\/wp-content\/uploads\/sites\/12\/2023\/06\/Was-zu-tun-ist-300x170.jpg 300w\" sizes=\"auto, (max-width: 750px) 100vw, 750px\" \/><\/a><\/figure>\n\n\n\n<p class=\"gb-headline gb-headline-144d810c gb-headline-text\"><strong>Was zu tun ist.<\/strong><\/p>\n\n\n\n<p>Das Erste, das wirklich ein jeder sofort tun kann, ist, sich auf seine Herkunft und Kultur zu besinnen. Viel zu lange schon adaptieren wir fremde Sitten, Kultur und Sprache und verleugnen dabei uns selbst und unsere Eigenart.<\/p>\n\n\n\n<p class=\"has-text-color has-small-font-size\" style=\"color:#818b91\"><a href=\"https:\/\/www.ewigerbund.org\/bayern\/herz-eb\/was-zu-tun-ist\/\">Erfolg hat drei Buchstaben: TUN \u2192<\/a><\/p>\n<\/div>\n<\/div>\n\n<\/div><\/div>\n\n<div class=\"gb-container gb-container-c46bf64d\"><div class=\"gb-inside-container\">\n\n<div class=\"wp-block-columns is-layout-flex wp-container-core-columns-is-layout-2 wp-block-columns-is-layout-flex\">\n<div class=\"wp-block-column cat-box-border is-layout-flow wp-block-column-is-layout-flow\">\n<figure class=\"wp-block-image size-full\"><a href=\"https:\/\/www.ewigerbund.org\/bayern\/herz-eb\/wer-wir-sind\/\"><img loading=\"lazy\" decoding=\"async\" width=\"750\" height=\"425\" src=\"https:\/\/www.ewigerbund.org\/bayern\/wp-content\/uploads\/sites\/12\/2023\/06\/Wer-wir-sind.jpg\" alt=\"\" class=\"wp-image-2781\" srcset=\"https:\/\/www.ewigerbund.org\/bayern\/wp-content\/uploads\/sites\/12\/2023\/06\/Wer-wir-sind.jpg 750w, https:\/\/www.ewigerbund.org\/bayern\/wp-content\/uploads\/sites\/12\/2023\/06\/Wer-wir-sind-300x170.jpg 300w\" sizes=\"auto, (max-width: 750px) 100vw, 750px\" \/><\/a><\/figure>\n\n\n\n<p class=\"gb-headline gb-headline-d4b34e16 gb-headline-text\"><strong>Wer wir sind.<\/strong><\/p>\n\n\n\n<p>Wir sind ein uneigenn\u00fctziges und selbstlernendes Arbeitsb\u00fcndnis bestehend aus in und f\u00fcr Bayern lebender Monarchisten. Unser Leben widmen wir der Befreiung unserer Heimat und dem allgemeinen Wohl.<\/p>\n\n\n\n<p class=\"has-text-color has-small-font-size\" style=\"color:#818b91\"><a href=\"https:\/\/www.ewigerbund.org\/bayern\/herz-eb\/wer-wir-sind\/\">Wer wir sind \u2192<\/a><\/p>\n<\/div>\n\n\n\n<div class=\"wp-block-column cat-box-border is-layout-flow wp-block-column-is-layout-flow\">\n<figure class=\"wp-block-image size-large\"><a href=\"https:\/\/www.ewigerbund.org\/bayern\/neueste-beitraege\/\"><img loading=\"lazy\" decoding=\"async\" width=\"1024\" height=\"576\" src=\"https:\/\/www.ewigerbund.org\/bayern\/wp-content\/uploads\/sites\/12\/2023\/06\/Aktuelles-1024x576.jpg\" alt=\"\" class=\"wp-image-2803\" srcset=\"https:\/\/www.ewigerbund.org\/bayern\/wp-content\/uploads\/sites\/12\/2023\/06\/Aktuelles-1024x576.jpg 1024w, https:\/\/www.ewigerbund.org\/bayern\/wp-content\/uploads\/sites\/12\/2023\/06\/Aktuelles-300x169.jpg 300w, https:\/\/www.ewigerbund.org\/bayern\/wp-content\/uploads\/sites\/12\/2023\/06\/Aktuelles-768x432.jpg 768w, https:\/\/www.ewigerbund.org\/bayern\/wp-content\/uploads\/sites\/12\/2023\/06\/Aktuelles.jpg 1200w\" sizes=\"auto, (max-width: 1024px) 100vw, 1024px\" \/><\/a><\/figure>\n\n\n\n<p class=\"gb-headline gb-headline-256d53b0 gb-headline-text\"><strong>Aktuelles.<\/strong><\/p>\n\n\n\n<p>Aktuelles \u00fcber Bayern, unser Tun und den ewigen Bund.<\/p>\n\n\n\n<p class=\"has-text-color has-small-font-size\" style=\"color:#818b91\"><a href=\"https:\/\/www.ewigerbund.org\/bayern\/neueste-beitraege\/\">Aktuelle Nachrichten \u2192<\/a><\/p>\n<\/div>\n\n\n\n<div class=\"wp-block-column is-vertically-aligned-top cat-box-border is-layout-flow wp-block-column-is-layout-flow\">\n<figure class=\"wp-block-gallery has-nested-images columns-default is-cropped wp-block-gallery-1 is-layout-flex wp-block-gallery-is-layout-flex\">\n<figure class=\"wp-block-image size-large\"><a href=\"https:\/\/www.ewigerbund.org\/bayern\/herz-eb\/material\/\"><img loading=\"lazy\" decoding=\"async\" width=\"1024\" height=\"582\" src=\"https:\/\/www.ewigerbund.org\/bayern\/wp-content\/uploads\/sites\/12\/2023\/06\/Material-1024x582.jpg\" alt=\"\" class=\"wp-image-2805\" srcset=\"https:\/\/www.ewigerbund.org\/bayern\/wp-content\/uploads\/sites\/12\/2023\/06\/Material-1024x582.jpg 1024w, https:\/\/www.ewigerbund.org\/bayern\/wp-content\/uploads\/sites\/12\/2023\/06\/Material-300x171.jpg 300w, https:\/\/www.ewigerbund.org\/bayern\/wp-content\/uploads\/sites\/12\/2023\/06\/Material-768x436.jpg 768w, https:\/\/www.ewigerbund.org\/bayern\/wp-content\/uploads\/sites\/12\/2023\/06\/Material.jpg 1200w\" sizes=\"auto, (max-width: 1024px) 100vw, 1024px\" \/><\/a><\/figure>\n<\/figure>\n\n\n\n<p class=\"gb-headline gb-headline-2bc72605 gb-headline-text\"><strong>Infomaterial und Flugbl\u00e4tter.<\/strong><\/p>\n\n\n\n<p>Um unseren Mitmenschen die rechtlichen Grundlagen \u00fcber den Vaterl\u00e4ndischen Hilfsdienst n\u00e4her zu bringen, haben wir zahlreiche Infomaterialien entwickelt, die Du kostenfrei herunterladen kannst.<\/p>\n\n\n\n<p class=\"has-text-color has-small-font-size\" style=\"color:#818b91\"><a href=\"https:\/\/www.ewigerbund.org\/bayern\/herz-eb\/material\/\">Infomaterial zum verteilen \u2192<\/a><\/p>\n<\/div>\n<\/div>\n\n<\/div><\/div>\n\n<div class=\"gb-container gb-container-a82b603b\"><div class=\"gb-inside-container\">\n\n<div class=\"wp-block-columns cat-box-border is-layout-flex wp-container-core-columns-is-layout-3 wp-block-columns-is-layout-flex\">\n<div class=\"wp-block-column is-vertically-aligned-center is-layout-flow wp-block-column-is-layout-flow\"><div class=\"wp-block-image\">\n<figure class=\"aligncenter size-large\"><img decoding=\"async\" src=\"https:\/\/www.ewigerbund.org\/verfassungsrecht\/wp-content\/uploads\/sites\/10\/2023\/02\/EB-Staatsang-DeutscherIst_v.jpg\" alt=\"\" \/><\/figure><\/div><\/div>\n\n\n\n<div class=\"wp-block-column is-vertically-aligned-center is-layout-flow wp-block-column-is-layout-flow\">\n<p class=\"gb-headline gb-headline-a3a703e2 gb-headline-text\"><strong>Volkserfassung.<\/strong><\/p>\n\n\n\n<p>Um V\u00f6lkerrecht geltend zu machen, bedarf es eines Volkes. Doch wo befindet sich dieses Volk oder besser gesagt:<\/p>\n\n\n\n<p><strong>Wo sind die Deutschen?<\/strong><\/p>\n\n\n\n<p>Was ist eigentlich der DEUTSCH und was ist das deutsche Volk?<\/p>\n\n\n\n<p class=\"has-text-color has-small-font-size\" style=\"color:#818b91\"><a href=\"https:\/\/www.ewigerbund.org\/eb\/volkserfassung\/\">Zur Volkserfassung \u2192<\/a><\/p>\n<\/div>\n<\/div>\n\n<\/div><\/div>","protected":false},"excerpt":{"rendered":"<p>Unser Auftrag. Unser Auftrag ist die Verbreitung des monarchischen Gedankens, die St\u00e4rkung der Verfassungstreue und des Staatsbewusstseins sowie die Steigerung des Geschichtsbewusstseins der bayerischen Bev\u00f6lkerung! Zum Auftrag \u2192 Die Ausgangslage. Seit 105 Jahren werden Sprache und Kultur gesch\u00e4ndet, das Bildungswesen ins Gegenteil verkehrt und der Volksk\u00f6rper samt Geist vergiftet. Der Kern des einstigen Staates, die &#8230; <a title=\"HERZST\u00dcCK DES EWIGEN BUNDES.\" class=\"read-more\" href=\"https:\/\/www.ewigerbund.org\/bayern\/startseite\/herz-eb\/\" aria-label=\"Mehr zu HERZST\u00dcCK DES EWIGEN BUNDES.\">Weiterlesen &#8230;<\/a><\/p>\n","protected":false},"author":1,"featured_media":0,"parent":65,"menu_order":1,"comment_status":"closed","ping_status":"closed","template":"template-9-1-generateblock-clean.php","meta":{"footnotes":""},"categories":[1,6,5],"tags":[],"class_list":["post-1969","page","type-page","status-publish","hentry","category-allgemein","category-bayern","category-bundesstaat"],"yoast_head":"<!-- This site is optimized with the Yoast SEO plugin v23.1 - https:\/\/yoast.com\/wordpress\/plugins\/seo\/ -->\n<title>HERZST\u00dcCK DES EWIGEN BUNDES. - K\u00f6nigreich Bayern<\/title>\n<meta name=\"description\" content=\"Die Zukunft unserer Kinder h\u00e4ngt am Gl\u00fccke des Vaterlandes. Das K\u00f6nigreich Bayern schafft den Rahmen f\u00fcr das Unterpfand dieses Gl\u00fcckes.\" \/>\n<meta name=\"robots\" content=\"index, follow, max-snippet:-1, max-image-preview:large, max-video-preview:-1\" \/>\n<link rel=\"canonical\" href=\"https:\/\/www.ewigerbund.org\/bayern\/startseite\/herz-eb\/\" \/>\n<meta property=\"og:locale\" content=\"de_DE\" \/>\n<meta property=\"og:type\" content=\"article\" \/>\n<meta property=\"og:title\" content=\"HERZST\u00dcCK DES EWIGEN BUNDES. - K\u00f6nigreich Bayern\" \/>\n<meta property=\"og:description\" content=\"Die Zukunft unserer Kinder h\u00e4ngt am Gl\u00fccke des Vaterlandes. Das K\u00f6nigreich Bayern schafft den Rahmen f\u00fcr das Unterpfand dieses Gl\u00fcckes.\" \/>\n<meta property=\"og:url\" content=\"https:\/\/www.ewigerbund.org\/bayern\/startseite\/herz-eb\/\" \/>\n<meta property=\"og:site_name\" content=\"K\u00f6nigreich Bayern\" \/>\n<meta property=\"article:modified_time\" content=\"2024-02-07T21:20:42+00:00\" \/>\n<meta property=\"og:image\" content=\"https:\/\/www.ewigerbund.org\/bayern\/wp-content\/uploads\/sites\/12\/2023\/06\/tegernsee_alpen_bayern_1920.jpg\" \/>\n<meta name=\"twitter:card\" content=\"summary_large_image\" \/>\n<meta name=\"twitter:label1\" content=\"Gesch\u00e4tzte Lesezeit\" \/>\n\t<meta name=\"twitter:data1\" content=\"3\u00a0Minuten\" \/>\n<script type=\"application\/ld+json\" class=\"yoast-schema-graph\">{\"@context\":\"https:\/\/schema.org\",\"@graph\":[{\"@type\":\"WebPage\",\"@id\":\"https:\/\/www.ewigerbund.org\/bayern\/startseite\/herz-eb\/\",\"url\":\"https:\/\/www.ewigerbund.org\/bayern\/startseite\/herz-eb\/\",\"name\":\"HERZST\u00dcCK DES EWIGEN BUNDES. - K\u00f6nigreich Bayern\",\"isPartOf\":{\"@id\":\"https:\/\/www.ewigerbund.org\/bayern\/#website\"},\"primaryImageOfPage\":{\"@id\":\"https:\/\/www.ewigerbund.org\/bayern\/startseite\/herz-eb\/#primaryimage\"},\"image\":{\"@id\":\"https:\/\/www.ewigerbund.org\/bayern\/startseite\/herz-eb\/#primaryimage\"},\"thumbnailUrl\":\"https:\/\/www.ewigerbund.org\/bayern\/wp-content\/uploads\/sites\/12\/2023\/06\/tegernsee_alpen_bayern_1920.jpg\",\"datePublished\":\"2023-04-13T20:21:19+00:00\",\"dateModified\":\"2024-02-07T21:20:42+00:00\",\"description\":\"Die Zukunft unserer Kinder h\u00e4ngt am Gl\u00fccke des Vaterlandes. Das K\u00f6nigreich Bayern schafft den Rahmen f\u00fcr das Unterpfand dieses Gl\u00fcckes.\",\"breadcrumb\":{\"@id\":\"https:\/\/www.ewigerbund.org\/bayern\/startseite\/herz-eb\/#breadcrumb\"},\"inLanguage\":\"de\",\"potentialAction\":[{\"@type\":\"ReadAction\",\"target\":[\"https:\/\/www.ewigerbund.org\/bayern\/startseite\/herz-eb\/\"]}]},{\"@type\":\"ImageObject\",\"inLanguage\":\"de\",\"@id\":\"https:\/\/www.ewigerbund.org\/bayern\/startseite\/herz-eb\/#primaryimage\",\"url\":\"https:\/\/www.ewigerbund.org\/bayern\/wp-content\/uploads\/sites\/12\/2023\/06\/tegernsee_alpen_bayern_1920.jpg\",\"contentUrl\":\"https:\/\/www.ewigerbund.org\/bayern\/wp-content\/uploads\/sites\/12\/2023\/06\/tegernsee_alpen_bayern_1920.jpg\",\"width\":1920,\"height\":726,\"caption\":\"tegernsee_alpen_bayern_1920\"},{\"@type\":\"BreadcrumbList\",\"@id\":\"https:\/\/www.ewigerbund.org\/bayern\/startseite\/herz-eb\/#breadcrumb\",\"itemListElement\":[{\"@type\":\"ListItem\",\"position\":1,\"name\":\"Startseite\",\"item\":\"https:\/\/www.ewigerbund.org\/bayern\/\"},{\"@type\":\"ListItem\",\"position\":2,\"name\":\"Startseite.\",\"item\":\"https:\/\/www.ewigerbund.org\/bayern\/\"},{\"@type\":\"ListItem\",\"position\":3,\"name\":\"HERZST\u00dcCK DES EWIGEN BUNDES.\"}]},{\"@type\":\"WebSite\",\"@id\":\"https:\/\/www.ewigerbund.org\/bayern\/#website\",\"url\":\"https:\/\/www.ewigerbund.org\/bayern\/\",\"name\":\"K\u00f6nigreich Bayern\",\"description\":\"im ewigen Bund.\",\"publisher\":{\"@id\":\"https:\/\/www.ewigerbund.org\/bayern\/#organization\"},\"potentialAction\":[{\"@type\":\"SearchAction\",\"target\":{\"@type\":\"EntryPoint\",\"urlTemplate\":\"https:\/\/www.ewigerbund.org\/bayern\/?s={search_term_string}\"},\"query-input\":\"required name=search_term_string\"}],\"inLanguage\":\"de\"},{\"@type\":\"Organization\",\"@id\":\"https:\/\/www.ewigerbund.org\/bayern\/#organization\",\"name\":\"K\u00f6nigreich Bayern\",\"url\":\"https:\/\/www.ewigerbund.org\/bayern\/\",\"logo\":{\"@type\":\"ImageObject\",\"inLanguage\":\"de\",\"@id\":\"https:\/\/www.ewigerbund.org\/bayern\/#\/schema\/logo\/image\/\",\"url\":\"https:\/\/www.ewigerbund.org\/bayern\/wp-content\/uploads\/sites\/12\/2023\/02\/2023-02-24-Logo-EB-Bayern-Schutzzone_Schatten_BGweiss_V2_1200px.png\",\"contentUrl\":\"https:\/\/www.ewigerbund.org\/bayern\/wp-content\/uploads\/sites\/12\/2023\/02\/2023-02-24-Logo-EB-Bayern-Schutzzone_Schatten_BGweiss_V2_1200px.png\",\"width\":1200,\"height\":1200,\"caption\":\"K\u00f6nigreich Bayern\"},\"image\":{\"@id\":\"https:\/\/www.ewigerbund.org\/bayern\/#\/schema\/logo\/image\/\"}}]}<\/script>\n<!-- \/ Yoast SEO plugin. -->","yoast_head_json":{"title":"HERZST\u00dcCK DES EWIGEN BUNDES. - K\u00f6nigreich Bayern","description":"Die Zukunft unserer Kinder h\u00e4ngt am Gl\u00fccke des Vaterlandes. Das K\u00f6nigreich Bayern schafft den Rahmen f\u00fcr das Unterpfand dieses Gl\u00fcckes.","robots":{"index":"index","follow":"follow","max-snippet":"max-snippet:-1","max-image-preview":"max-image-preview:large","max-video-preview":"max-video-preview:-1"},"canonical":"https:\/\/www.ewigerbund.org\/bayern\/startseite\/herz-eb\/","og_locale":"de_DE","og_type":"article","og_title":"HERZST\u00dcCK DES EWIGEN BUNDES. - K\u00f6nigreich Bayern","og_description":"Die Zukunft unserer Kinder h\u00e4ngt am Gl\u00fccke des Vaterlandes. Das K\u00f6nigreich Bayern schafft den Rahmen f\u00fcr das Unterpfand dieses Gl\u00fcckes.","og_url":"https:\/\/www.ewigerbund.org\/bayern\/startseite\/herz-eb\/","og_site_name":"K\u00f6nigreich Bayern","article_modified_time":"2024-02-07T21:20:42+00:00","og_image":[{"url":"https:\/\/www.ewigerbund.org\/bayern\/wp-content\/uploads\/sites\/12\/2023\/06\/tegernsee_alpen_bayern_1920.jpg"}],"twitter_card":"summary_large_image","twitter_misc":{"Gesch\u00e4tzte Lesezeit":"3\u00a0Minuten"},"schema":{"@context":"https:\/\/schema.org","@graph":[{"@type":"WebPage","@id":"https:\/\/www.ewigerbund.org\/bayern\/startseite\/herz-eb\/","url":"https:\/\/www.ewigerbund.org\/bayern\/startseite\/herz-eb\/","name":"HERZST\u00dcCK DES EWIGEN BUNDES. - K\u00f6nigreich Bayern","isPartOf":{"@id":"https:\/\/www.ewigerbund.org\/bayern\/#website"},"primaryImageOfPage":{"@id":"https:\/\/www.ewigerbund.org\/bayern\/startseite\/herz-eb\/#primaryimage"},"image":{"@id":"https:\/\/www.ewigerbund.org\/bayern\/startseite\/herz-eb\/#primaryimage"},"thumbnailUrl":"https:\/\/www.ewigerbund.org\/bayern\/wp-content\/uploads\/sites\/12\/2023\/06\/tegernsee_alpen_bayern_1920.jpg","datePublished":"2023-04-13T20:21:19+00:00","dateModified":"2024-02-07T21:20:42+00:00","description":"Die Zukunft unserer Kinder h\u00e4ngt am Gl\u00fccke des Vaterlandes. Das K\u00f6nigreich Bayern schafft den Rahmen f\u00fcr das Unterpfand dieses Gl\u00fcckes.","breadcrumb":{"@id":"https:\/\/www.ewigerbund.org\/bayern\/startseite\/herz-eb\/#breadcrumb"},"inLanguage":"de","potentialAction":[{"@type":"ReadAction","target":["https:\/\/www.ewigerbund.org\/bayern\/startseite\/herz-eb\/"]}]},{"@type":"ImageObject","inLanguage":"de","@id":"https:\/\/www.ewigerbund.org\/bayern\/startseite\/herz-eb\/#primaryimage","url":"https:\/\/www.ewigerbund.org\/bayern\/wp-content\/uploads\/sites\/12\/2023\/06\/tegernsee_alpen_bayern_1920.jpg","contentUrl":"https:\/\/www.ewigerbund.org\/bayern\/wp-content\/uploads\/sites\/12\/2023\/06\/tegernsee_alpen_bayern_1920.jpg","width":1920,"height":726,"caption":"tegernsee_alpen_bayern_1920"},{"@type":"BreadcrumbList","@id":"https:\/\/www.ewigerbund.org\/bayern\/startseite\/herz-eb\/#breadcrumb","itemListElement":[{"@type":"ListItem","position":1,"name":"Startseite","item":"https:\/\/www.ewigerbund.org\/bayern\/"},{"@type":"ListItem","position":2,"name":"Startseite.","item":"https:\/\/www.ewigerbund.org\/bayern\/"},{"@type":"ListItem","position":3,"name":"HERZST\u00dcCK DES EWIGEN BUNDES."}]},{"@type":"WebSite","@id":"https:\/\/www.ewigerbund.org\/bayern\/#website","url":"https:\/\/www.ewigerbund.org\/bayern\/","name":"K\u00f6nigreich Bayern","description":"im ewigen Bund.","publisher":{"@id":"https:\/\/www.ewigerbund.org\/bayern\/#organization"},"potentialAction":[{"@type":"SearchAction","target":{"@type":"EntryPoint","urlTemplate":"https:\/\/www.ewigerbund.org\/bayern\/?s={search_term_string}"},"query-input":"required name=search_term_string"}],"inLanguage":"de"},{"@type":"Organization","@id":"https:\/\/www.ewigerbund.org\/bayern\/#organization","name":"K\u00f6nigreich Bayern","url":"https:\/\/www.ewigerbund.org\/bayern\/","logo":{"@type":"ImageObject","inLanguage":"de","@id":"https:\/\/www.ewigerbund.org\/bayern\/#\/schema\/logo\/image\/","url":"https:\/\/www.ewigerbund.org\/bayern\/wp-content\/uploads\/sites\/12\/2023\/02\/2023-02-24-Logo-EB-Bayern-Schutzzone_Schatten_BGweiss_V2_1200px.png","contentUrl":"https:\/\/www.ewigerbund.org\/bayern\/wp-content\/uploads\/sites\/12\/2023\/02\/2023-02-24-Logo-EB-Bayern-Schutzzone_Schatten_BGweiss_V2_1200px.png","width":1200,"height":1200,"caption":"K\u00f6nigreich Bayern"},"image":{"@id":"https:\/\/www.ewigerbund.org\/bayern\/#\/schema\/logo\/image\/"}}]}},"_links":{"self":[{"href":"https:\/\/www.ewigerbund.org\/bayern\/wp-json\/wp\/v2\/pages\/1969","targetHints":{"allow":["GET"]}}],"collection":[{"href":"https:\/\/www.ewigerbund.org\/bayern\/wp-json\/wp\/v2\/pages"}],"about":[{"href":"https:\/\/www.ewigerbund.org\/bayern\/wp-json\/wp\/v2\/types\/page"}],"author":[{"embeddable":true,"href":"https:\/\/www.ewigerbund.org\/bayern\/wp-json\/wp\/v2\/users\/1"}],"replies":[{"embeddable":true,"href":"https:\/\/www.ewigerbund.org\/bayern\/wp-json\/wp\/v2\/comments?post=1969"}],"version-history":[{"count":49,"href":"https:\/\/www.ewigerbund.org\/bayern\/wp-json\/wp\/v2\/pages\/1969\/revisions"}],"predecessor-version":[{"id":5170,"href":"https:\/\/www.ewigerbund.org\/bayern\/wp-json\/wp\/v2\/pages\/1969\/revisions\/5170"}],"up":[{"embeddable":true,"href":"https:\/\/www.ewigerbund.org\/bayern\/wp-json\/wp\/v2\/pages\/65"}],"wp:attachment":[{"href":"https:\/\/www.ewigerbund.org\/bayern\/wp-json\/wp\/v2\/media?parent=1969"}],"wp:term":[{"taxonomy":"category","embeddable":true,"href":"https:\/\/www.ewigerbund.org\/bayern\/wp-json\/wp\/v2\/categories?post=1969"},{"taxonomy":"post_tag","embeddable":true,"href":"https:\/\/www.ewigerbund.org\/bayern\/wp-json\/wp\/v2\/tags?post=1969"}],"curies":[{"name":"wp","href":"https:\/\/api.w.org\/{rel}","templated":true}]}}