{"id":1326,"date":"2022-11-10T18:49:30","date_gmt":"2022-11-10T17:49:30","guid":{"rendered":"https:\/\/www.ewigerbund.org\/bayern\/?page_id=1326"},"modified":"2023-11-07T22:48:56","modified_gmt":"2023-11-07T21:48:56","slug":"das-donautal","status":"publish","type":"page","link":"https:\/\/www.ewigerbund.org\/bayern\/geographie\/das-donautal\/","title":{"rendered":"Das Donautal."},"content":{"rendered":"\n<p>Der Hauptflu\u00df der s\u00fcdbayerischen Hochfl\u00e4che, in dem sich alle \u00fcbrigen Gew\u00e4sser vereinigen, ist die Donau. Diese entspringt im Schwarzwalde, flie\u00dft erst durch badisches Gebiet, dann durch Hohenzollern und W\u00fcrttemberg und tritt bei Neu-Ulm in Bayern ein. Bis Regensburg begleitet den Flu\u00df in nord\u00f6stlicher Richtung der Jura, dann wendet sich die Donau, vom Bayerischen Walde gezwungen, nach S\u00fcdosten und verl\u00e4\u00dft Bayern unterhalb Passau. Sie m\u00fcndet ins schwarze Meer.<\/p>\n\n\n\n<h2 class=\"gb-headline gb-headline-eeea3017 gb-headline-text\">Die drei Flu\u00dfbecken der Donau in Bayern.<\/h2>\n\n\n\n<p><strong>1. <\/strong>Auf dem Wege nach Regensburg durchzieht die Donau zun\u00e4chst im Kreise Schwaben das Donau-Ried, ein Wiesenmoor. Weite Auen breiten sich haupts\u00e4chlich auf dem rechten Flu\u00dfufer aus, weshalb die zahlreichen st\u00e4dtischen Siedlungen, ausgenommen das aufstrebende Neu-Ulm, 11.000 Einw., und G\u00fcnzburg, auf der linken Stromseite liegen, so Lauingen, Dillingen (6.000 Einw.), H\u00f6chst\u00e4dt, Donauw\u00f6rth. Bei Neuburg (9.000 Einw.), der letzten schw\u00e4bischen Stadt an der Donau, durchbricht der Flu\u00df zum ersten mal den Jura in einem engen Tale. Auf den felsigen Ausl\u00e4ufern des Gebirges erhebt sich hier ein stattliches Schlo\u00df, einst Residenz einer Linie des bayerischen F\u00fcrstenhauses.<\/p>\n\n\n<div class=\"gb-container gb-container-71f18938\">\n\n<p><strong>2. <\/strong>Dann betritt der Flu\u00df das Donaumoor, einen urspr\u00fcnglichen Sumpfboden, der aber jetzt gr\u00f6\u00dftenteils dem Ackerbau gewonnen ist. An dessen unterem Ende liegt die starke Festung Ingolstadt, die Beherrscherin der Donaustra\u00dfe in Bayern. Die Stadt z\u00e4hlt 24.000 Einw. und ist nach M\u00fcnchen der gr\u00f6\u00dfte Ort Oberbayerns. In einem \u00e4u\u00dferst malerischen Tale bricht sich die Donau dann zum zweiten mal Bahn durch den Jura bei dem niederbayerischen St\u00e4dtchen Kelheim. Zu beiden Seiten des Flusses steigen hier m\u00e4chtige Felsen auf. In der N\u00e4he von Kelheim gr\u00fc\u00dft von der H\u00f6he des Michelberges die von <a href=\"https:\/\/www.ewigerbund.org\/bayern\/geschichte\/koenig-ludwig-i\/\">K\u00f6nig Ludwig I.<\/a> erbaute Befreiungshalle, ein Ehrentempel f\u00fcr jene F\u00fcrsten und Feldherren, welche Deutschland von der Zwingherrschaft Napoleons I. befreiten. Bei Regensburg erreicht die Donau ihren n\u00f6rdlichsten Punkt. Eine Stunde unterhalb Regensburg leuchtet von den Vorbergen des Bayerischen Waldes der Marmortempel der Walhalla mit mehr als 100 B\u00fcsten ber\u00fchmter Deutscher.<sup>1<\/sup>) Auch diese wurde von dem kunstsinnigen <a href=\"https:\/\/www.ewigerbund.org\/bayern\/geschichte\/koenig-ludwig-i\/\">K\u00f6nig Ludwig I.<\/a> erbaut.<\/p>\n\n<\/div>\n\n\n<p><strong>3.<\/strong> Zwischen Regensburg und Vilshofen durchzieht die Donau das dritte Flu\u00dfbecken, die niederbayerische Kornkammer. Der Hauptort auf dieser Strecke ist Straubing mit 21.000 Einw. Dann folgen noch die niederbayerischen St\u00e4dte Deggendorf, 7.000 Einw., von wo eine an Kunstbauten reiche Bahnlinie \u00fcber Eisenstein nach B\u00f6hmen f\u00fchrt, Osterhofen und Vilshofen, wichtig durch Getreidebau, endlich die alte Grenz- und Bischofsstadt Passau <sup><strong>2<\/strong><\/sup>) in reizend sch\u00f6ner Lage an der Vereinigung der drei Fl\u00fcsse Donau, Inn und Ilz. Sie ist die zweitgr\u00f6\u00dfte Stadt Niederbayerns, 19.000 Einw., und ein bedeutender Handelsplatz. Der Schiffahrt dient die Donau von Regensburg ab. <strong>Das Donautal ist mit dem Maintal am st\u00e4dtereichsten in Bayern.<\/strong><\/p>\n\n\n\n<p><sup>1<\/sup>) Durmayer-Langl, Walhalla, Wien. H\u00f6lzel.<\/p>\n\n\n\n<p><sup>2<\/sup>) Hierzu Engleder, Geographische Anschauungsbilder. Passau.<\/p>\n\n\n\n<p class=\"has-small-font-size\"><em>Dr. Michael Geistbeck &#8211; Dr. Alois Geistbeck. Leitfaden der Erdkunde f\u00fcr Mittelschulen. Neunzehnte, neubearbeitete Auflage. Erster Teil: Geographische Grundbegriffe. \u00dcbersicht der L\u00e4nderkunde. Das K\u00f6nigreich Bayern.( 43). Druck und Verlag v. R. Oldenburg in M\u00fcnchen und Berlin.1908. Abteilung f\u00fcr Schulb\u00fccher. Ausgabe f\u00fcr Gymnasien (ohne Heimatkunde).<\/em><\/p>\n\n\n\n<div style=\"height:50px\" aria-hidden=\"true\" class=\"wp-block-spacer\"><\/div>\n\n\n\n<hr class=\"wp-block-separator has-alpha-channel-opacity\" \/>\n\n\n\n<div style=\"height:50px\" aria-hidden=\"true\" class=\"wp-block-spacer\"><\/div>\n\n\n\n<h2 class=\"gb-headline gb-headline-4fc7da07 gb-headline-text\">AUCH INTERESSANT<\/h2>\n\n\n\n<div style=\"height:30px\" aria-hidden=\"true\" class=\"wp-block-spacer\"><\/div>\n\n\n<div class=\"gb-container gb-container-5a0e303c\">\n\n<div class=\"wp-block-columns is-layout-flex wp-container-core-columns-is-layout-1 wp-block-columns-is-layout-flex\">\n<div class=\"wp-block-column is-layout-flow wp-block-column-is-layout-flow\">\n<figure class=\"wp-block-image size-large\"><a href=\"https:\/\/www.ewigerbund.org\/bayern\/startseite\/herz-eb\/aktuelles\/freistaat-oder-koenigreich\/\"><img loading=\"lazy\" decoding=\"async\" width=\"1024\" height=\"576\" src=\"https:\/\/www.ewigerbund.org\/bayern\/wp-content\/uploads\/sites\/12\/2023\/11\/Antibolschewist-1024x576.jpg\" alt=\"\" class=\"wp-image-4382\" srcset=\"https:\/\/www.ewigerbund.org\/bayern\/wp-content\/uploads\/sites\/12\/2023\/11\/Antibolschewist-1024x576.jpg 1024w, https:\/\/www.ewigerbund.org\/bayern\/wp-content\/uploads\/sites\/12\/2023\/11\/Antibolschewist-300x169.jpg 300w, https:\/\/www.ewigerbund.org\/bayern\/wp-content\/uploads\/sites\/12\/2023\/11\/Antibolschewist-768x432.jpg 768w, https:\/\/www.ewigerbund.org\/bayern\/wp-content\/uploads\/sites\/12\/2023\/11\/Antibolschewist.jpg 1200w\" sizes=\"auto, (max-width: 1024px) 100vw, 1024px\" \/><\/a><\/figure>\n\n\n\n<h2 class=\"wp-block-heading\" style=\"font-size:20px\"><strong>Freistaat oder K\u00f6nigreich?<\/strong><\/h2>\n\n\n\n<p id=\"bkmrk-herzogtum%2C-f%C3%BCrstenst\" style=\"font-size:15px\">Herzogtum, F\u00fcrstenstaat, K\u00f6nigreich. Seit dem Jahr&nbsp;1180&nbsp;wurden die bayerischen Lande durch das Haus Wittelsbach regiert. Noch immer ist das Herrschergeschlecht im Land pr\u00e4sent. Die Familie Wittelsbach wirkt bis heute&#8230;&nbsp;<\/p>\n\n\n<div class=\"gb-container gb-container-33e6760f\">\n\n<p style=\"font-size:16px\"><a href=\"https:\/\/www.ewigerbund.org\/bayern\/startseite\/herz-eb\/aktuelles\/freistaat-oder-koenigreich\/\">Weiterlesen \u2192<\/a><\/p>\n\n<\/div><\/div>\n\n\n\n<div class=\"wp-block-column is-layout-flow wp-block-column-is-layout-flow\">\n<figure class=\"wp-block-image size-full\"><a href=\"https:\/\/www.ewigerbund.org\/bayern\/geschichte\/otto-der-erlauchte-bayern-und-die-pfalz\/\"><img loading=\"lazy\" decoding=\"async\" width=\"1024\" height=\"580\" src=\"https:\/\/www.ewigerbund.org\/bayern\/wp-content\/uploads\/sites\/12\/2023\/06\/1231-1253-Otto-II-der-Erlauchte-Bayern-und-die-Pfalz-1024x580-1.jpg\" alt=\"1231-1253-Otto-II-der-Erlauchte\" class=\"wp-image-2858\" srcset=\"https:\/\/www.ewigerbund.org\/bayern\/wp-content\/uploads\/sites\/12\/2023\/06\/1231-1253-Otto-II-der-Erlauchte-Bayern-und-die-Pfalz-1024x580-1.jpg 1024w, https:\/\/www.ewigerbund.org\/bayern\/wp-content\/uploads\/sites\/12\/2023\/06\/1231-1253-Otto-II-der-Erlauchte-Bayern-und-die-Pfalz-1024x580-1-300x170.jpg 300w, https:\/\/www.ewigerbund.org\/bayern\/wp-content\/uploads\/sites\/12\/2023\/06\/1231-1253-Otto-II-der-Erlauchte-Bayern-und-die-Pfalz-1024x580-1-768x435.jpg 768w\" sizes=\"auto, (max-width: 1024px) 100vw, 1024px\" \/><\/a><\/figure>\n\n\n\n<h2 class=\"wp-block-heading has-medium-font-size\"><strong>1231-1253. Otto der Erlauchte. Bayern und die Pfalz.<\/strong><\/h2>\n\n\n\n<p>Auf Ludwig den Kelheimer folgte in der Regierung Bayerns sein Sohn Otto IV., der sich durch seine kluge und standhafte Gesinnung den Beinamen \u201eder Erlauchte\u201c erwarb. Was diesen F\u00fcrsten in der Geschichte besonders denkw\u00fcrdig macht, ist die durch ihn geschehene Bereinigung der Pfalz mit Bayern.<\/p>\n\n\n<div class=\"gb-container gb-container-2529bca3\">\n\n<p><a href=\"https:\/\/www.ewigerbund.org\/bayern\/geschichte\/otto-der-erlauchte-bayern-und-die-pfalz\/\">Weiterlesen \u2192<\/a><\/p>\n\n<\/div><\/div>\n\n\n\n<div class=\"wp-block-column is-layout-flow wp-block-column-is-layout-flow\"><div class=\"wp-block-image\">\n<figure class=\"aligncenter size-large\"><a href=\"https:\/\/www.ewigerbund.org\/bayern\/geographie\/das-alte-und-das-heutige-muenchen\/\"><img loading=\"lazy\" decoding=\"async\" width=\"1024\" height=\"580\" src=\"https:\/\/www.ewigerbund.org\/bayern\/wp-content\/uploads\/sites\/12\/2023\/06\/Das_alte_und_das_heutige_Muenchen-1024x580.jpg\" alt=\"\" class=\"wp-image-2790\" srcset=\"https:\/\/www.ewigerbund.org\/bayern\/wp-content\/uploads\/sites\/12\/2023\/06\/Das_alte_und_das_heutige_Muenchen-1024x580.jpg 1024w, https:\/\/www.ewigerbund.org\/bayern\/wp-content\/uploads\/sites\/12\/2023\/06\/Das_alte_und_das_heutige_Muenchen-300x170.jpg 300w, https:\/\/www.ewigerbund.org\/bayern\/wp-content\/uploads\/sites\/12\/2023\/06\/Das_alte_und_das_heutige_Muenchen-768x435.jpg 768w, https:\/\/www.ewigerbund.org\/bayern\/wp-content\/uploads\/sites\/12\/2023\/06\/Das_alte_und_das_heutige_Muenchen.jpg 1200w\" sizes=\"auto, (max-width: 1024px) 100vw, 1024px\" \/><\/a><\/figure><\/div>\n\n\n<h2 class=\"has-medium-font-size wp-block-heading\">Das alte und das heutige M\u00fcnchen.<\/h2>\n\n\n\n<p>M\u00fcnchen (260.000 Einw.) ist ein Oase in der W\u00fcste, auf einer weiten Hochebene gelegen.<\/p>\n\n\n\n<p><a href=\"https:\/\/www.ewigerbund.org\/bayern\/geographie\/das-alte-und-das-heutige-muenchen\/\">Auf nach M\u00fcnchen \u2192<\/a><\/p>\n<\/div>\n<\/div>\n\n<\/div>\n\n<div class=\"gb-container gb-container-210f47b1\">\n\n<div class=\"wp-block-columns is-layout-flex wp-container-core-columns-is-layout-2 wp-block-columns-is-layout-flex\">\n<div class=\"wp-block-column is-layout-flow wp-block-column-is-layout-flow\">\n<figure class=\"wp-block-image size-large\"><a href=\"https:\/\/www.ewigerbund.org\/bayern\/bauwerke\/wittelsbacher-palast-1843-1850\/\"><img loading=\"lazy\" decoding=\"async\" width=\"1024\" height=\"540\" src=\"https:\/\/www.ewigerbund.org\/bayern\/wp-content\/uploads\/sites\/12\/2023\/08\/Wittelsbacher_Palast_1-1024x540.jpg\" alt=\"\" class=\"wp-image-3670\" srcset=\"https:\/\/www.ewigerbund.org\/bayern\/wp-content\/uploads\/sites\/12\/2023\/08\/Wittelsbacher_Palast_1-1024x540.jpg 1024w, https:\/\/www.ewigerbund.org\/bayern\/wp-content\/uploads\/sites\/12\/2023\/08\/Wittelsbacher_Palast_1-300x158.jpg 300w, https:\/\/www.ewigerbund.org\/bayern\/wp-content\/uploads\/sites\/12\/2023\/08\/Wittelsbacher_Palast_1-768x405.jpg 768w, https:\/\/www.ewigerbund.org\/bayern\/wp-content\/uploads\/sites\/12\/2023\/08\/Wittelsbacher_Palast_1.jpg 1280w\" sizes=\"auto, (max-width: 1024px) 100vw, 1024px\" \/><\/a><\/figure>\n\n\n\n<h2 class=\"wp-block-heading has-medium-font-size\"><strong>Wittelsbacher Palast. (1843-1850)<\/strong><\/h2>\n\n\n\n<p style=\"font-size:16px\">Der Bau des Wittelsbacher Palastes, an der Briennerstra\u00dfe und am Eck der T\u00fcrkenstra\u00dfe gelegen, wurde nach den Pl\u00e4nen und Direktiven des Baumeisters Friedrich von G\u00e4rtner im Jahre 1843 begonnen. Das im mittelalterlich \u2013 englischen Baustil mit hohen Spitzbogenfenstern im I. und II. Stock konzipierte Geb\u00e4ude ist&#8230;<\/p>\n\n\n\n<p><a href=\"https:\/\/www.ewigerbund.org\/bayern\/wittelsbacher-palast-1843-1850\/\"><\/a><a href=\"https:\/\/www.ewigerbund.org\/bayern\/bauwerke\/wittelsbacher-palast-1843-1850\/\">Ab in den Palast \u2192<\/a><\/p>\n<\/div>\n\n\n\n<div class=\"wp-block-column is-layout-flow wp-block-column-is-layout-flow\">\n<figure class=\"wp-block-image size-full\"><a href=\"https:\/\/www.ewigerbund.org\/bayern\/geschichte\/prinzregent-luitpold\/\"><img loading=\"lazy\" decoding=\"async\" width=\"1024\" height=\"580\" src=\"https:\/\/www.ewigerbund.org\/bayern\/wp-content\/uploads\/sites\/12\/2023\/06\/Luitpold-Prinzregent-Bayern-fuer-Otto-I.jpg\" alt=\"Luitpold-Prinzregent-Bayern-fuer-Otto-I\" class=\"wp-image-2894\" srcset=\"https:\/\/www.ewigerbund.org\/bayern\/wp-content\/uploads\/sites\/12\/2023\/06\/Luitpold-Prinzregent-Bayern-fuer-Otto-I.jpg 1024w, https:\/\/www.ewigerbund.org\/bayern\/wp-content\/uploads\/sites\/12\/2023\/06\/Luitpold-Prinzregent-Bayern-fuer-Otto-I-300x170.jpg 300w, https:\/\/www.ewigerbund.org\/bayern\/wp-content\/uploads\/sites\/12\/2023\/06\/Luitpold-Prinzregent-Bayern-fuer-Otto-I-768x435.jpg 768w\" sizes=\"auto, (max-width: 1024px) 100vw, 1024px\" \/><\/a><\/figure>\n\n\n\n<h2 class=\"has-medium-font-size wp-block-heading\"><strong>1886-1912. Prinzregent Luitpold.<\/strong><\/h2>\n\n\n\n<p>Die Erkrankung Ludwigs II., welcher im Jahre 1886 der unerwartete Tod des K\u00f6nigs folgte, legte dem Prinzen Luitpold, dem Oheim des K\u00f6nigs und seines gleichfalls schwer erkrankten Bruders Otto, die schwere Pflicht auf, die durch die Verfassung vorgeschriebene Regentschaft zu \u00fcbernehmen. Prinz Luitpold, im Jahre 1821 als dritter Sohn Ludwigs I. geboren,<\/p>\n\n\n\n<p><a href=\"https:\/\/www.ewigerbund.org\/bayern\/geschichte\/prinzregent-luitpold\/\">Weiterlesen \u2192<\/a><\/p>\n<\/div>\n\n\n\n<div class=\"wp-block-column is-layout-flow wp-block-column-is-layout-flow\">\n<figure class=\"wp-block-image size-full\"><a href=\"https:\/\/www.ewigerbund.org\/bayern\/geschichte\/napoleons-feldzug-nach-russland\/\"><img loading=\"lazy\" decoding=\"async\" width=\"1024\" height=\"580\" src=\"https:\/\/www.ewigerbund.org\/bayern\/wp-content\/uploads\/sites\/12\/2023\/06\/NapoleonRusslandFeldzug-1200px-1024x580-1.jpg\" alt=\"NapoleonRusslandFeldzug\" class=\"wp-image-2884\" srcset=\"https:\/\/www.ewigerbund.org\/bayern\/wp-content\/uploads\/sites\/12\/2023\/06\/NapoleonRusslandFeldzug-1200px-1024x580-1.jpg 1024w, https:\/\/www.ewigerbund.org\/bayern\/wp-content\/uploads\/sites\/12\/2023\/06\/NapoleonRusslandFeldzug-1200px-1024x580-1-300x170.jpg 300w, https:\/\/www.ewigerbund.org\/bayern\/wp-content\/uploads\/sites\/12\/2023\/06\/NapoleonRusslandFeldzug-1200px-1024x580-1-768x435.jpg 768w\" sizes=\"auto, (max-width: 1024px) 100vw, 1024px\" \/><\/a><\/figure>\n\n\n\n<h2 class=\"has-medium-font-size wp-block-heading\"><strong>1812. Napoleons Feldzug nach Ru\u00dfland.<\/strong><\/h2>\n\n\n\n<p>Nachdem Napoleon im Jahre 1809 auch die \u00d6sterreicher besiegt hatte, stand er auf dem Gipfel seiner Macht. Er war Herr \u00fcber 90 Millionen Menschen. Ganz Europa mit Ausnahme von England und Ru\u00dfland war bezwungen. Weil er England nicht angreifen konnte, wollte er durch die Festlandsperre den englischen Handel vernichten.<\/p>\n\n\n\n<p><a href=\"https:\/\/www.ewigerbund.org\/bayern\/geschichte\/napoleons-feldzug-nach-russland\/\">Weiterlesen \u2192<\/a><\/p>\n<\/div>\n<\/div>\n\n<\/div>","protected":false},"excerpt":{"rendered":"<p>Der Hauptflu\u00df der s\u00fcdbayerischen Hochfl\u00e4che, in dem sich alle \u00fcbrigen Gew\u00e4sser vereinigen, ist die Donau. Diese entspringt im Schwarzwalde, flie\u00dft erst durch badisches Gebiet, dann durch Hohenzollern und W\u00fcrttemberg und tritt bei Neu-Ulm in Bayern ein. Bis Regensburg begleitet den Flu\u00df in nord\u00f6stlicher Richtung der Jura, dann wendet sich die Donau, vom Bayerischen Walde gezwungen, &#8230; <a title=\"Das Donautal.\" class=\"read-more\" href=\"https:\/\/www.ewigerbund.org\/bayern\/geographie\/das-donautal\/\" aria-label=\"Mehr zu Das Donautal.\">Weiterlesen &#8230;<\/a><\/p>\n","protected":false},"author":1,"featured_media":2792,"parent":262,"menu_order":0,"comment_status":"closed","ping_status":"closed","template":"template-6-beide-seitenleiste.php","meta":{"footnotes":""},"categories":[8],"tags":[49,171,148,392,435,428,194,145,431,397,57,430,58],"class_list":["post-1326","page","type-page","status-publish","has-post-thumbnail","hentry","category-geographie","tag-bayerischer-wald","tag-bayern","tag-befreiungshalle","tag-donau","tag-donaumoor","tag-donautal","tag-kelheim","tag-ludwig-i","tag-neu-ulm","tag-passau","tag-regensburg","tag-schwarzwald","tag-walhalla"],"yoast_head":"<!-- This site is optimized with the Yoast SEO plugin v23.1 - https:\/\/yoast.com\/wordpress\/plugins\/seo\/ -->\n<title>Das Donautal. - K\u00f6nigreich Bayern<\/title>\n<meta name=\"description\" content=\"Der Hauptflu\u00df der s\u00fcdbayerischen Hochfl\u00e4che, in dem sich alle \u00fcbrigen Gew\u00e4sser vereinigen, ist die Donau. Diese entspringt im Schwarzwalde...\" \/>\n<meta name=\"robots\" content=\"index, follow, max-snippet:-1, max-image-preview:large, max-video-preview:-1\" \/>\n<link rel=\"canonical\" href=\"https:\/\/www.ewigerbund.org\/bayern\/geographie\/das-donautal\/\" \/>\n<meta property=\"og:locale\" content=\"de_DE\" \/>\n<meta property=\"og:type\" content=\"article\" \/>\n<meta property=\"og:title\" content=\"Das Donautal. - K\u00f6nigreich Bayern\" \/>\n<meta property=\"og:description\" content=\"Der Hauptflu\u00df der s\u00fcdbayerischen Hochfl\u00e4che, in dem sich alle \u00fcbrigen Gew\u00e4sser vereinigen, ist die Donau. Diese entspringt im Schwarzwalde...\" \/>\n<meta property=\"og:url\" content=\"https:\/\/www.ewigerbund.org\/bayern\/geographie\/das-donautal\/\" \/>\n<meta property=\"og:site_name\" content=\"K\u00f6nigreich Bayern\" \/>\n<meta property=\"article:modified_time\" content=\"2023-11-07T21:48:56+00:00\" \/>\n<meta property=\"og:image\" content=\"https:\/\/www.ewigerbund.org\/bayern\/wp-content\/uploads\/sites\/12\/2023\/06\/Das-Donautal.jpg\" \/>\n\t<meta property=\"og:image:width\" content=\"1200\" \/>\n\t<meta property=\"og:image:height\" content=\"680\" \/>\n\t<meta property=\"og:image:type\" content=\"image\/jpeg\" \/>\n<meta name=\"twitter:card\" content=\"summary_large_image\" \/>\n<meta name=\"twitter:label1\" content=\"Gesch\u00e4tzte Lesezeit\" \/>\n\t<meta name=\"twitter:data1\" content=\"3\u00a0Minuten\" \/>\n<script type=\"application\/ld+json\" class=\"yoast-schema-graph\">{\"@context\":\"https:\/\/schema.org\",\"@graph\":[{\"@type\":\"WebPage\",\"@id\":\"https:\/\/www.ewigerbund.org\/bayern\/geographie\/das-donautal\/\",\"url\":\"https:\/\/www.ewigerbund.org\/bayern\/geographie\/das-donautal\/\",\"name\":\"Das Donautal. - K\u00f6nigreich Bayern\",\"isPartOf\":{\"@id\":\"https:\/\/www.ewigerbund.org\/bayern\/#website\"},\"primaryImageOfPage\":{\"@id\":\"https:\/\/www.ewigerbund.org\/bayern\/geographie\/das-donautal\/#primaryimage\"},\"image\":{\"@id\":\"https:\/\/www.ewigerbund.org\/bayern\/geographie\/das-donautal\/#primaryimage\"},\"thumbnailUrl\":\"https:\/\/www.ewigerbund.org\/bayern\/wp-content\/uploads\/sites\/12\/2023\/06\/Das-Donautal.jpg\",\"datePublished\":\"2022-11-10T17:49:30+00:00\",\"dateModified\":\"2023-11-07T21:48:56+00:00\",\"description\":\"Der Hauptflu\u00df der s\u00fcdbayerischen Hochfl\u00e4che, in dem sich alle \u00fcbrigen Gew\u00e4sser vereinigen, ist die Donau. Diese entspringt im Schwarzwalde...\",\"breadcrumb\":{\"@id\":\"https:\/\/www.ewigerbund.org\/bayern\/geographie\/das-donautal\/#breadcrumb\"},\"inLanguage\":\"de\",\"potentialAction\":[{\"@type\":\"ReadAction\",\"target\":[\"https:\/\/www.ewigerbund.org\/bayern\/geographie\/das-donautal\/\"]}]},{\"@type\":\"ImageObject\",\"inLanguage\":\"de\",\"@id\":\"https:\/\/www.ewigerbund.org\/bayern\/geographie\/das-donautal\/#primaryimage\",\"url\":\"https:\/\/www.ewigerbund.org\/bayern\/wp-content\/uploads\/sites\/12\/2023\/06\/Das-Donautal.jpg\",\"contentUrl\":\"https:\/\/www.ewigerbund.org\/bayern\/wp-content\/uploads\/sites\/12\/2023\/06\/Das-Donautal.jpg\",\"width\":1200,\"height\":680,\"caption\":\"Der_Boehmerwald\"},{\"@type\":\"BreadcrumbList\",\"@id\":\"https:\/\/www.ewigerbund.org\/bayern\/geographie\/das-donautal\/#breadcrumb\",\"itemListElement\":[{\"@type\":\"ListItem\",\"position\":1,\"name\":\"Startseite\",\"item\":\"https:\/\/www.ewigerbund.org\/bayern\/\"},{\"@type\":\"ListItem\",\"position\":2,\"name\":\"Geographie.\",\"item\":\"https:\/\/www.ewigerbund.org\/bayern\/geographie\/\"},{\"@type\":\"ListItem\",\"position\":3,\"name\":\"Das Donautal.\"}]},{\"@type\":\"WebSite\",\"@id\":\"https:\/\/www.ewigerbund.org\/bayern\/#website\",\"url\":\"https:\/\/www.ewigerbund.org\/bayern\/\",\"name\":\"K\u00f6nigreich Bayern\",\"description\":\"im ewigen Bund.\",\"publisher\":{\"@id\":\"https:\/\/www.ewigerbund.org\/bayern\/#organization\"},\"potentialAction\":[{\"@type\":\"SearchAction\",\"target\":{\"@type\":\"EntryPoint\",\"urlTemplate\":\"https:\/\/www.ewigerbund.org\/bayern\/?s={search_term_string}\"},\"query-input\":\"required name=search_term_string\"}],\"inLanguage\":\"de\"},{\"@type\":\"Organization\",\"@id\":\"https:\/\/www.ewigerbund.org\/bayern\/#organization\",\"name\":\"K\u00f6nigreich Bayern\",\"url\":\"https:\/\/www.ewigerbund.org\/bayern\/\",\"logo\":{\"@type\":\"ImageObject\",\"inLanguage\":\"de\",\"@id\":\"https:\/\/www.ewigerbund.org\/bayern\/#\/schema\/logo\/image\/\",\"url\":\"https:\/\/www.ewigerbund.org\/bayern\/wp-content\/uploads\/sites\/12\/2023\/02\/2023-02-24-Logo-EB-Bayern-Schutzzone_Schatten_BGweiss_V2_1200px.png\",\"contentUrl\":\"https:\/\/www.ewigerbund.org\/bayern\/wp-content\/uploads\/sites\/12\/2023\/02\/2023-02-24-Logo-EB-Bayern-Schutzzone_Schatten_BGweiss_V2_1200px.png\",\"width\":1200,\"height\":1200,\"caption\":\"K\u00f6nigreich Bayern\"},\"image\":{\"@id\":\"https:\/\/www.ewigerbund.org\/bayern\/#\/schema\/logo\/image\/\"}}]}<\/script>\n<!-- \/ Yoast SEO plugin. -->","yoast_head_json":{"title":"Das Donautal. - K\u00f6nigreich Bayern","description":"Der Hauptflu\u00df der s\u00fcdbayerischen Hochfl\u00e4che, in dem sich alle \u00fcbrigen Gew\u00e4sser vereinigen, ist die Donau. Diese entspringt im Schwarzwalde...","robots":{"index":"index","follow":"follow","max-snippet":"max-snippet:-1","max-image-preview":"max-image-preview:large","max-video-preview":"max-video-preview:-1"},"canonical":"https:\/\/www.ewigerbund.org\/bayern\/geographie\/das-donautal\/","og_locale":"de_DE","og_type":"article","og_title":"Das Donautal. - K\u00f6nigreich Bayern","og_description":"Der Hauptflu\u00df der s\u00fcdbayerischen Hochfl\u00e4che, in dem sich alle \u00fcbrigen Gew\u00e4sser vereinigen, ist die Donau. Diese entspringt im Schwarzwalde...","og_url":"https:\/\/www.ewigerbund.org\/bayern\/geographie\/das-donautal\/","og_site_name":"K\u00f6nigreich Bayern","article_modified_time":"2023-11-07T21:48:56+00:00","og_image":[{"width":1200,"height":680,"url":"https:\/\/www.ewigerbund.org\/bayern\/wp-content\/uploads\/sites\/12\/2023\/06\/Das-Donautal.jpg","type":"image\/jpeg"}],"twitter_card":"summary_large_image","twitter_misc":{"Gesch\u00e4tzte Lesezeit":"3\u00a0Minuten"},"schema":{"@context":"https:\/\/schema.org","@graph":[{"@type":"WebPage","@id":"https:\/\/www.ewigerbund.org\/bayern\/geographie\/das-donautal\/","url":"https:\/\/www.ewigerbund.org\/bayern\/geographie\/das-donautal\/","name":"Das Donautal. - K\u00f6nigreich Bayern","isPartOf":{"@id":"https:\/\/www.ewigerbund.org\/bayern\/#website"},"primaryImageOfPage":{"@id":"https:\/\/www.ewigerbund.org\/bayern\/geographie\/das-donautal\/#primaryimage"},"image":{"@id":"https:\/\/www.ewigerbund.org\/bayern\/geographie\/das-donautal\/#primaryimage"},"thumbnailUrl":"https:\/\/www.ewigerbund.org\/bayern\/wp-content\/uploads\/sites\/12\/2023\/06\/Das-Donautal.jpg","datePublished":"2022-11-10T17:49:30+00:00","dateModified":"2023-11-07T21:48:56+00:00","description":"Der Hauptflu\u00df der s\u00fcdbayerischen Hochfl\u00e4che, in dem sich alle \u00fcbrigen Gew\u00e4sser vereinigen, ist die Donau. Diese entspringt im Schwarzwalde...","breadcrumb":{"@id":"https:\/\/www.ewigerbund.org\/bayern\/geographie\/das-donautal\/#breadcrumb"},"inLanguage":"de","potentialAction":[{"@type":"ReadAction","target":["https:\/\/www.ewigerbund.org\/bayern\/geographie\/das-donautal\/"]}]},{"@type":"ImageObject","inLanguage":"de","@id":"https:\/\/www.ewigerbund.org\/bayern\/geographie\/das-donautal\/#primaryimage","url":"https:\/\/www.ewigerbund.org\/bayern\/wp-content\/uploads\/sites\/12\/2023\/06\/Das-Donautal.jpg","contentUrl":"https:\/\/www.ewigerbund.org\/bayern\/wp-content\/uploads\/sites\/12\/2023\/06\/Das-Donautal.jpg","width":1200,"height":680,"caption":"Der_Boehmerwald"},{"@type":"BreadcrumbList","@id":"https:\/\/www.ewigerbund.org\/bayern\/geographie\/das-donautal\/#breadcrumb","itemListElement":[{"@type":"ListItem","position":1,"name":"Startseite","item":"https:\/\/www.ewigerbund.org\/bayern\/"},{"@type":"ListItem","position":2,"name":"Geographie.","item":"https:\/\/www.ewigerbund.org\/bayern\/geographie\/"},{"@type":"ListItem","position":3,"name":"Das Donautal."}]},{"@type":"WebSite","@id":"https:\/\/www.ewigerbund.org\/bayern\/#website","url":"https:\/\/www.ewigerbund.org\/bayern\/","name":"K\u00f6nigreich Bayern","description":"im ewigen Bund.","publisher":{"@id":"https:\/\/www.ewigerbund.org\/bayern\/#organization"},"potentialAction":[{"@type":"SearchAction","target":{"@type":"EntryPoint","urlTemplate":"https:\/\/www.ewigerbund.org\/bayern\/?s={search_term_string}"},"query-input":"required name=search_term_string"}],"inLanguage":"de"},{"@type":"Organization","@id":"https:\/\/www.ewigerbund.org\/bayern\/#organization","name":"K\u00f6nigreich Bayern","url":"https:\/\/www.ewigerbund.org\/bayern\/","logo":{"@type":"ImageObject","inLanguage":"de","@id":"https:\/\/www.ewigerbund.org\/bayern\/#\/schema\/logo\/image\/","url":"https:\/\/www.ewigerbund.org\/bayern\/wp-content\/uploads\/sites\/12\/2023\/02\/2023-02-24-Logo-EB-Bayern-Schutzzone_Schatten_BGweiss_V2_1200px.png","contentUrl":"https:\/\/www.ewigerbund.org\/bayern\/wp-content\/uploads\/sites\/12\/2023\/02\/2023-02-24-Logo-EB-Bayern-Schutzzone_Schatten_BGweiss_V2_1200px.png","width":1200,"height":1200,"caption":"K\u00f6nigreich Bayern"},"image":{"@id":"https:\/\/www.ewigerbund.org\/bayern\/#\/schema\/logo\/image\/"}}]}},"_links":{"self":[{"href":"https:\/\/www.ewigerbund.org\/bayern\/wp-json\/wp\/v2\/pages\/1326","targetHints":{"allow":["GET"]}}],"collection":[{"href":"https:\/\/www.ewigerbund.org\/bayern\/wp-json\/wp\/v2\/pages"}],"about":[{"href":"https:\/\/www.ewigerbund.org\/bayern\/wp-json\/wp\/v2\/types\/page"}],"author":[{"embeddable":true,"href":"https:\/\/www.ewigerbund.org\/bayern\/wp-json\/wp\/v2\/users\/1"}],"replies":[{"embeddable":true,"href":"https:\/\/www.ewigerbund.org\/bayern\/wp-json\/wp\/v2\/comments?post=1326"}],"version-history":[{"count":5,"href":"https:\/\/www.ewigerbund.org\/bayern\/wp-json\/wp\/v2\/pages\/1326\/revisions"}],"predecessor-version":[{"id":4423,"href":"https:\/\/www.ewigerbund.org\/bayern\/wp-json\/wp\/v2\/pages\/1326\/revisions\/4423"}],"up":[{"embeddable":true,"href":"https:\/\/www.ewigerbund.org\/bayern\/wp-json\/wp\/v2\/pages\/262"}],"wp:featuredmedia":[{"embeddable":true,"href":"https:\/\/www.ewigerbund.org\/bayern\/wp-json\/wp\/v2\/media\/2792"}],"wp:attachment":[{"href":"https:\/\/www.ewigerbund.org\/bayern\/wp-json\/wp\/v2\/media?parent=1326"}],"wp:term":[{"taxonomy":"category","embeddable":true,"href":"https:\/\/www.ewigerbund.org\/bayern\/wp-json\/wp\/v2\/categories?post=1326"},{"taxonomy":"post_tag","embeddable":true,"href":"https:\/\/www.ewigerbund.org\/bayern\/wp-json\/wp\/v2\/tags?post=1326"}],"curies":[{"name":"wp","href":"https:\/\/api.w.org\/{rel}","templated":true}]}}