{"id":1020,"date":"2022-09-02T18:12:19","date_gmt":"2022-09-02T16:12:19","guid":{"rendered":"https:\/\/www.ewigerbund.org\/bayern\/?page_id=1020"},"modified":"2023-07-20T01:28:14","modified_gmt":"2023-07-19T23:28:14","slug":"max-iii-der-gute-von-bayern","status":"publish","type":"page","link":"https:\/\/www.ewigerbund.org\/bayern\/geschichte\/max-iii-der-gute-von-bayern\/","title":{"rendered":"1745-1777. Max III. Der Gute von Bayern."},"content":{"rendered":"\n<p>Die Regierung Max III. Joseph brachte \u00fcber Bayern eine Zeit gl\u00fccklicher und friedlicher Entwicklung. W\u00e4hrend der Regierungszeit dieses edlen Friedensf\u00fcrsten kam kein Feind ins Land, so da\u00df er seine ganze Kraft dem Wohle seines Volkes widmen konnte.<\/p>\n\n\n\n<p>Die wirtschaftlichen Kr\u00e4fte des Landes zu heben, erkannte er als seine erste und wichtigste Aufgabe. Er suchte deshalb der Landwirtschaft, die unter seinen Vorfahren durch unaufh\u00f6rliche K\u00e4mpfe und Unruhen schwer gelitten hatte, wieder aufzuhelfen, indem er den Anbau des Hopfens und anderer Handelsgew\u00e4chse beg\u00fcnstigte und den Kartoffelbau in Bayern einf\u00fchrte. Die Industrie f\u00f6rderte er durch Anlage von Spinnereien und durch Gr\u00fcndung von Fabriken. (Die Erbauung der Nymphenburger Porzellanfabrik ist sein Werk.)<\/p>\n\n\n\n<p>Durch solche Ma\u00dfnahmen erschlo\u00df er aber auch den Staatskassen neue Einnahmequellen und es gelang ihm die Schuldenlast zu tilgen, die er von seinem Vater Karl Albrecht \u00fcbernommen hatte.<\/p>\n\n\n\n<p>Der Verwilderung der Sitten, die als Folge wilder Kriegszeiten noch immer deutlich f\u00fchlbar war, suchte er mit Hilfe des Rechtsgelehrten Kreittmayr durch strenge Gesetze zu steuern. Aber noch segensreicher wollte er in der gleichen Richtung durch Unterricht und Erziehung wirken. Deshalb wandte er einer gesteigerten Volksbildung sein vollstes Augenmerk zu und lie\u00df das Unterrichtswesen durch seine R\u00e4te Braun und Ickstatt einer vollst\u00e4ndigen Neuordnung unterziehen. Ferner stiftete er die Akademie der Wissenschaften, der er vornehmlich die Pflege der vaterl\u00e4ndischen Geschichte zuwies. Denn er hatte die \u00dcberzeugung, da\u00df ohne Vaterlandsgeschichte keine wahre Vaterlandsliebe m\u00f6glich sei. Als Papst Clemens XIV. 1773 den Jesuitenorden aufhob und dessen Verm\u00f6gen dem Staate zufiel, gewann er reiche Mittel f\u00fcr den Unterhalt der h\u00f6heren Schulen.<\/p>\n\n\n\n<p>W\u00e4hrend einer Hungersnot, die das Land im Jahre 1770\u201471 heimsuchte, lie\u00df er gro\u00dfe Mengen Getreide aus Italien kommen und es unter den Notleidenden verteilen, wie er denn \u00fcberhaupt gleich einem Vater f\u00fcr das Wohl seines Volkes sorgte, das ihn mit Dankbarkeit den \u201eVielgeliebten&#8220; nannte und ihn tief betrauerte, als er im Jahre 1777, erst 50 Jahre alt, unerwartet rasch verschied.<\/p>\n\n\n\n<p>Mit ihm erlosch die Ludwigsche Linie des Hauses Wittelsbach und die Pf\u00e4lzische Linie trat mit Karl Theodor von Pfalz-Sulzbach das bayerische Erbe an.<\/p>\n\n\n<div class=\"gb-button-wrapper gb-button-wrapper-31cde170\">\n\n<a class=\"gb-button gb-button-7489fcc4 gb-button-text\" href=\"https:\/\/forum.bayern.ewigerbund.org\/viewtopic.php?t=320\" target=\"_blank\" rel=\"noopener noreferrer\">Dieser Beitrag hat dir gefallen? Hier kommentieren.<\/a>\n\n<\/div>\n\n\n<p><\/p>\n\n\n\n<p class=\"has-small-font-size\"><em>Quelle: Bayerisches Realienbuch. Bearbeitet von Dr. Hans Reinlein, Oberlehrer in M\u00fcnchen Realienbuch Nr. 63, 171. bis 180 Gesamt-Auflage. Bielefeld und Leipzig 1915, Seite 100-101.<\/em><\/p>\n","protected":false},"excerpt":{"rendered":"<p>Die Regierung Max III. Joseph brachte \u00fcber Bayern eine Zeit gl\u00fccklicher und friedlicher Entwicklung. W\u00e4hrend der Regierungszeit dieses edlen Friedensf\u00fcrsten kam kein Feind ins Land, so da\u00df er seine ganze Kraft dem Wohle seines Volkes widmen konnte. Die wirtschaftlichen Kr\u00e4fte des Landes zu heben, erkannte er als seine erste und wichtigste Aufgabe. Er suchte deshalb &#8230; <a title=\"1745-1777. Max III. Der Gute von Bayern.\" class=\"read-more\" href=\"https:\/\/www.ewigerbund.org\/bayern\/geschichte\/max-iii-der-gute-von-bayern\/\" aria-label=\"Mehr zu 1745-1777. Max III. Der Gute von Bayern.\">Weiterlesen &#8230;<\/a><\/p>\n","protected":false},"author":16,"featured_media":2881,"parent":215,"menu_order":14,"comment_status":"closed","ping_status":"closed","template":"","meta":{"footnotes":""},"categories":[6,5,7],"tags":[226,224,43,225,191],"class_list":["post-1020","page","type-page","status-publish","has-post-thumbnail","hentry","category-bayern","category-bundesstaat","category-geschichte","tag-karl-theodor","tag-kartoffel","tag-koenigreich-bayern","tag-nymphenburger-porzellanfabrik","tag-wittelsbach"],"yoast_head":"<!-- This site is optimized with the Yoast SEO plugin v23.1 - https:\/\/yoast.com\/wordpress\/plugins\/seo\/ -->\n<title>1745-1777. Max III. Der Gute von Bayern. - K\u00f6nigreich Bayern<\/title>\n<meta name=\"description\" content=\"W\u00e4hrend der Regierungszeit dieses edlen Friedensf\u00fcrsten kam kein Feind ins Land, so dass er seine ganze Kraft dem Wohle seines Volkes widmen konnte.\" \/>\n<meta name=\"robots\" content=\"index, follow, max-snippet:-1, max-image-preview:large, max-video-preview:-1\" \/>\n<link rel=\"canonical\" href=\"https:\/\/www.ewigerbund.org\/bayern\/geschichte\/max-iii-der-gute-von-bayern\/\" \/>\n<meta property=\"og:locale\" content=\"de_DE\" \/>\n<meta property=\"og:type\" content=\"article\" \/>\n<meta property=\"og:title\" content=\"1745-1777. Max III. Der Gute von Bayern. - K\u00f6nigreich Bayern\" \/>\n<meta property=\"og:description\" content=\"W\u00e4hrend der Regierungszeit dieses edlen Friedensf\u00fcrsten kam kein Feind ins Land, so dass er seine ganze Kraft dem Wohle seines Volkes widmen konnte.\" \/>\n<meta property=\"og:url\" content=\"https:\/\/www.ewigerbund.org\/bayern\/geschichte\/max-iii-der-gute-von-bayern\/\" \/>\n<meta property=\"og:site_name\" content=\"K\u00f6nigreich Bayern\" \/>\n<meta property=\"article:modified_time\" content=\"2023-07-19T23:28:14+00:00\" \/>\n<meta property=\"og:image\" content=\"https:\/\/www.ewigerbund.org\/bayern\/wp-content\/uploads\/sites\/12\/2023\/06\/1745-1777_Kurfuerst_Maximilian_III_Der_gute_von_Bayern-1024x580-1.jpg\" \/>\n\t<meta property=\"og:image:width\" content=\"1024\" \/>\n\t<meta property=\"og:image:height\" content=\"580\" \/>\n\t<meta property=\"og:image:type\" content=\"image\/jpeg\" \/>\n<meta name=\"twitter:card\" content=\"summary_large_image\" \/>\n<meta name=\"twitter:label1\" content=\"Gesch\u00e4tzte Lesezeit\" \/>\n\t<meta name=\"twitter:data1\" content=\"3\u00a0Minuten\" \/>\n<script type=\"application\/ld+json\" class=\"yoast-schema-graph\">{\"@context\":\"https:\/\/schema.org\",\"@graph\":[{\"@type\":\"WebPage\",\"@id\":\"https:\/\/www.ewigerbund.org\/bayern\/geschichte\/max-iii-der-gute-von-bayern\/\",\"url\":\"https:\/\/www.ewigerbund.org\/bayern\/geschichte\/max-iii-der-gute-von-bayern\/\",\"name\":\"1745-1777. Max III. Der Gute von Bayern. - K\u00f6nigreich Bayern\",\"isPartOf\":{\"@id\":\"https:\/\/www.ewigerbund.org\/bayern\/#website\"},\"primaryImageOfPage\":{\"@id\":\"https:\/\/www.ewigerbund.org\/bayern\/geschichte\/max-iii-der-gute-von-bayern\/#primaryimage\"},\"image\":{\"@id\":\"https:\/\/www.ewigerbund.org\/bayern\/geschichte\/max-iii-der-gute-von-bayern\/#primaryimage\"},\"thumbnailUrl\":\"https:\/\/www.ewigerbund.org\/bayern\/wp-content\/uploads\/sites\/12\/2023\/06\/1745-1777_Kurfuerst_Maximilian_III_Der_gute_von_Bayern-1024x580-1.jpg\",\"datePublished\":\"2022-09-02T16:12:19+00:00\",\"dateModified\":\"2023-07-19T23:28:14+00:00\",\"description\":\"W\u00e4hrend der Regierungszeit dieses edlen Friedensf\u00fcrsten kam kein Feind ins Land, so dass er seine ganze Kraft dem Wohle seines Volkes widmen konnte.\",\"breadcrumb\":{\"@id\":\"https:\/\/www.ewigerbund.org\/bayern\/geschichte\/max-iii-der-gute-von-bayern\/#breadcrumb\"},\"inLanguage\":\"de\",\"potentialAction\":[{\"@type\":\"ReadAction\",\"target\":[\"https:\/\/www.ewigerbund.org\/bayern\/geschichte\/max-iii-der-gute-von-bayern\/\"]}]},{\"@type\":\"ImageObject\",\"inLanguage\":\"de\",\"@id\":\"https:\/\/www.ewigerbund.org\/bayern\/geschichte\/max-iii-der-gute-von-bayern\/#primaryimage\",\"url\":\"https:\/\/www.ewigerbund.org\/bayern\/wp-content\/uploads\/sites\/12\/2023\/06\/1745-1777_Kurfuerst_Maximilian_III_Der_gute_von_Bayern-1024x580-1.jpg\",\"contentUrl\":\"https:\/\/www.ewigerbund.org\/bayern\/wp-content\/uploads\/sites\/12\/2023\/06\/1745-1777_Kurfuerst_Maximilian_III_Der_gute_von_Bayern-1024x580-1.jpg\",\"width\":1024,\"height\":580,\"caption\":\"1745-1777_Kurfuerst_Maximilian_III_Der_gute_von_Bayern-1024x580\"},{\"@type\":\"BreadcrumbList\",\"@id\":\"https:\/\/www.ewigerbund.org\/bayern\/geschichte\/max-iii-der-gute-von-bayern\/#breadcrumb\",\"itemListElement\":[{\"@type\":\"ListItem\",\"position\":1,\"name\":\"Startseite\",\"item\":\"https:\/\/www.ewigerbund.org\/bayern\/\"},{\"@type\":\"ListItem\",\"position\":2,\"name\":\"Geschichte\",\"item\":\"https:\/\/www.ewigerbund.org\/bayern\/geschichte\/\"},{\"@type\":\"ListItem\",\"position\":3,\"name\":\"1745-1777. Max III. Der Gute von Bayern.\"}]},{\"@type\":\"WebSite\",\"@id\":\"https:\/\/www.ewigerbund.org\/bayern\/#website\",\"url\":\"https:\/\/www.ewigerbund.org\/bayern\/\",\"name\":\"K\u00f6nigreich Bayern\",\"description\":\"im ewigen Bund.\",\"publisher\":{\"@id\":\"https:\/\/www.ewigerbund.org\/bayern\/#organization\"},\"potentialAction\":[{\"@type\":\"SearchAction\",\"target\":{\"@type\":\"EntryPoint\",\"urlTemplate\":\"https:\/\/www.ewigerbund.org\/bayern\/?s={search_term_string}\"},\"query-input\":\"required name=search_term_string\"}],\"inLanguage\":\"de\"},{\"@type\":\"Organization\",\"@id\":\"https:\/\/www.ewigerbund.org\/bayern\/#organization\",\"name\":\"K\u00f6nigreich Bayern\",\"url\":\"https:\/\/www.ewigerbund.org\/bayern\/\",\"logo\":{\"@type\":\"ImageObject\",\"inLanguage\":\"de\",\"@id\":\"https:\/\/www.ewigerbund.org\/bayern\/#\/schema\/logo\/image\/\",\"url\":\"https:\/\/www.ewigerbund.org\/bayern\/wp-content\/uploads\/sites\/12\/2023\/02\/2023-02-24-Logo-EB-Bayern-Schutzzone_Schatten_BGweiss_V2_1200px.png\",\"contentUrl\":\"https:\/\/www.ewigerbund.org\/bayern\/wp-content\/uploads\/sites\/12\/2023\/02\/2023-02-24-Logo-EB-Bayern-Schutzzone_Schatten_BGweiss_V2_1200px.png\",\"width\":1200,\"height\":1200,\"caption\":\"K\u00f6nigreich Bayern\"},\"image\":{\"@id\":\"https:\/\/www.ewigerbund.org\/bayern\/#\/schema\/logo\/image\/\"}}]}<\/script>\n<!-- \/ Yoast SEO plugin. -->","yoast_head_json":{"title":"1745-1777. Max III. Der Gute von Bayern. - K\u00f6nigreich Bayern","description":"W\u00e4hrend der Regierungszeit dieses edlen Friedensf\u00fcrsten kam kein Feind ins Land, so dass er seine ganze Kraft dem Wohle seines Volkes widmen konnte.","robots":{"index":"index","follow":"follow","max-snippet":"max-snippet:-1","max-image-preview":"max-image-preview:large","max-video-preview":"max-video-preview:-1"},"canonical":"https:\/\/www.ewigerbund.org\/bayern\/geschichte\/max-iii-der-gute-von-bayern\/","og_locale":"de_DE","og_type":"article","og_title":"1745-1777. Max III. Der Gute von Bayern. - K\u00f6nigreich Bayern","og_description":"W\u00e4hrend der Regierungszeit dieses edlen Friedensf\u00fcrsten kam kein Feind ins Land, so dass er seine ganze Kraft dem Wohle seines Volkes widmen konnte.","og_url":"https:\/\/www.ewigerbund.org\/bayern\/geschichte\/max-iii-der-gute-von-bayern\/","og_site_name":"K\u00f6nigreich Bayern","article_modified_time":"2023-07-19T23:28:14+00:00","og_image":[{"width":1024,"height":580,"url":"https:\/\/www.ewigerbund.org\/bayern\/wp-content\/uploads\/sites\/12\/2023\/06\/1745-1777_Kurfuerst_Maximilian_III_Der_gute_von_Bayern-1024x580-1.jpg","type":"image\/jpeg"}],"twitter_card":"summary_large_image","twitter_misc":{"Gesch\u00e4tzte Lesezeit":"3\u00a0Minuten"},"schema":{"@context":"https:\/\/schema.org","@graph":[{"@type":"WebPage","@id":"https:\/\/www.ewigerbund.org\/bayern\/geschichte\/max-iii-der-gute-von-bayern\/","url":"https:\/\/www.ewigerbund.org\/bayern\/geschichte\/max-iii-der-gute-von-bayern\/","name":"1745-1777. Max III. Der Gute von Bayern. - K\u00f6nigreich Bayern","isPartOf":{"@id":"https:\/\/www.ewigerbund.org\/bayern\/#website"},"primaryImageOfPage":{"@id":"https:\/\/www.ewigerbund.org\/bayern\/geschichte\/max-iii-der-gute-von-bayern\/#primaryimage"},"image":{"@id":"https:\/\/www.ewigerbund.org\/bayern\/geschichte\/max-iii-der-gute-von-bayern\/#primaryimage"},"thumbnailUrl":"https:\/\/www.ewigerbund.org\/bayern\/wp-content\/uploads\/sites\/12\/2023\/06\/1745-1777_Kurfuerst_Maximilian_III_Der_gute_von_Bayern-1024x580-1.jpg","datePublished":"2022-09-02T16:12:19+00:00","dateModified":"2023-07-19T23:28:14+00:00","description":"W\u00e4hrend der Regierungszeit dieses edlen Friedensf\u00fcrsten kam kein Feind ins Land, so dass er seine ganze Kraft dem Wohle seines Volkes widmen konnte.","breadcrumb":{"@id":"https:\/\/www.ewigerbund.org\/bayern\/geschichte\/max-iii-der-gute-von-bayern\/#breadcrumb"},"inLanguage":"de","potentialAction":[{"@type":"ReadAction","target":["https:\/\/www.ewigerbund.org\/bayern\/geschichte\/max-iii-der-gute-von-bayern\/"]}]},{"@type":"ImageObject","inLanguage":"de","@id":"https:\/\/www.ewigerbund.org\/bayern\/geschichte\/max-iii-der-gute-von-bayern\/#primaryimage","url":"https:\/\/www.ewigerbund.org\/bayern\/wp-content\/uploads\/sites\/12\/2023\/06\/1745-1777_Kurfuerst_Maximilian_III_Der_gute_von_Bayern-1024x580-1.jpg","contentUrl":"https:\/\/www.ewigerbund.org\/bayern\/wp-content\/uploads\/sites\/12\/2023\/06\/1745-1777_Kurfuerst_Maximilian_III_Der_gute_von_Bayern-1024x580-1.jpg","width":1024,"height":580,"caption":"1745-1777_Kurfuerst_Maximilian_III_Der_gute_von_Bayern-1024x580"},{"@type":"BreadcrumbList","@id":"https:\/\/www.ewigerbund.org\/bayern\/geschichte\/max-iii-der-gute-von-bayern\/#breadcrumb","itemListElement":[{"@type":"ListItem","position":1,"name":"Startseite","item":"https:\/\/www.ewigerbund.org\/bayern\/"},{"@type":"ListItem","position":2,"name":"Geschichte","item":"https:\/\/www.ewigerbund.org\/bayern\/geschichte\/"},{"@type":"ListItem","position":3,"name":"1745-1777. Max III. Der Gute von Bayern."}]},{"@type":"WebSite","@id":"https:\/\/www.ewigerbund.org\/bayern\/#website","url":"https:\/\/www.ewigerbund.org\/bayern\/","name":"K\u00f6nigreich Bayern","description":"im ewigen Bund.","publisher":{"@id":"https:\/\/www.ewigerbund.org\/bayern\/#organization"},"potentialAction":[{"@type":"SearchAction","target":{"@type":"EntryPoint","urlTemplate":"https:\/\/www.ewigerbund.org\/bayern\/?s={search_term_string}"},"query-input":"required name=search_term_string"}],"inLanguage":"de"},{"@type":"Organization","@id":"https:\/\/www.ewigerbund.org\/bayern\/#organization","name":"K\u00f6nigreich Bayern","url":"https:\/\/www.ewigerbund.org\/bayern\/","logo":{"@type":"ImageObject","inLanguage":"de","@id":"https:\/\/www.ewigerbund.org\/bayern\/#\/schema\/logo\/image\/","url":"https:\/\/www.ewigerbund.org\/bayern\/wp-content\/uploads\/sites\/12\/2023\/02\/2023-02-24-Logo-EB-Bayern-Schutzzone_Schatten_BGweiss_V2_1200px.png","contentUrl":"https:\/\/www.ewigerbund.org\/bayern\/wp-content\/uploads\/sites\/12\/2023\/02\/2023-02-24-Logo-EB-Bayern-Schutzzone_Schatten_BGweiss_V2_1200px.png","width":1200,"height":1200,"caption":"K\u00f6nigreich Bayern"},"image":{"@id":"https:\/\/www.ewigerbund.org\/bayern\/#\/schema\/logo\/image\/"}}]}},"_links":{"self":[{"href":"https:\/\/www.ewigerbund.org\/bayern\/wp-json\/wp\/v2\/pages\/1020","targetHints":{"allow":["GET"]}}],"collection":[{"href":"https:\/\/www.ewigerbund.org\/bayern\/wp-json\/wp\/v2\/pages"}],"about":[{"href":"https:\/\/www.ewigerbund.org\/bayern\/wp-json\/wp\/v2\/types\/page"}],"author":[{"embeddable":true,"href":"https:\/\/www.ewigerbund.org\/bayern\/wp-json\/wp\/v2\/users\/16"}],"replies":[{"embeddable":true,"href":"https:\/\/www.ewigerbund.org\/bayern\/wp-json\/wp\/v2\/comments?post=1020"}],"version-history":[{"count":5,"href":"https:\/\/www.ewigerbund.org\/bayern\/wp-json\/wp\/v2\/pages\/1020\/revisions"}],"predecessor-version":[{"id":1712,"href":"https:\/\/www.ewigerbund.org\/bayern\/wp-json\/wp\/v2\/pages\/1020\/revisions\/1712"}],"up":[{"embeddable":true,"href":"https:\/\/www.ewigerbund.org\/bayern\/wp-json\/wp\/v2\/pages\/215"}],"wp:featuredmedia":[{"embeddable":true,"href":"https:\/\/www.ewigerbund.org\/bayern\/wp-json\/wp\/v2\/media\/2881"}],"wp:attachment":[{"href":"https:\/\/www.ewigerbund.org\/bayern\/wp-json\/wp\/v2\/media?parent=1020"}],"wp:term":[{"taxonomy":"category","embeddable":true,"href":"https:\/\/www.ewigerbund.org\/bayern\/wp-json\/wp\/v2\/categories?post=1020"},{"taxonomy":"post_tag","embeddable":true,"href":"https:\/\/www.ewigerbund.org\/bayern\/wp-json\/wp\/v2\/tags?post=1020"}],"curies":[{"name":"wp","href":"https:\/\/api.w.org\/{rel}","templated":true}]}}