{"version":"1.0","provider_name":"Aktuelles","provider_url":"https:\/\/www.ewigerbund.org\/aktuelles","author_name":"jana","author_url":"https:\/\/www.ewigerbund.org\/aktuelles\/author\/jana\/","title":"Fanale 18. Januar 2025. - Aktuelles","type":"rich","width":600,"height":338,"html":"<blockquote class=\"wp-embedded-content\" data-secret=\"bXIrxVfuv5\"><a href=\"https:\/\/www.ewigerbund.org\/aktuelles\/fanale-18-januar-2025\/\">Fanale 18. Januar 2025.<\/a><\/blockquote><iframe sandbox=\"allow-scripts\" security=\"restricted\" src=\"https:\/\/www.ewigerbund.org\/aktuelles\/fanale-18-januar-2025\/embed\/#?secret=bXIrxVfuv5\" width=\"600\" height=\"338\" title=\"&#8222;Fanale 18. Januar 2025.&#8220; &#8211; Aktuelles\" data-secret=\"bXIrxVfuv5\" frameborder=\"0\" marginwidth=\"0\" marginheight=\"0\" scrolling=\"no\" class=\"wp-embedded-content\"><\/iframe><script type=\"text\/javascript\">\n\/* <![CDATA[ *\/\n\/*! This file is auto-generated *\/\n!function(d,l){\"use strict\";l.querySelector&&d.addEventListener&&\"undefined\"!=typeof URL&&(d.wp=d.wp||{},d.wp.receiveEmbedMessage||(d.wp.receiveEmbedMessage=function(e){var t=e.data;if((t||t.secret||t.message||t.value)&&!\/[^a-zA-Z0-9]\/.test(t.secret)){for(var s,r,n,a=l.querySelectorAll('iframe[data-secret=\"'+t.secret+'\"]'),o=l.querySelectorAll('blockquote[data-secret=\"'+t.secret+'\"]'),c=new RegExp(\"^https?:$\",\"i\"),i=0;i<o.length;i++)o[i].style.display=\"none\";for(i=0;i<a.length;i++)s=a[i],e.source===s.contentWindow&&(s.removeAttribute(\"style\"),\"height\"===t.message?(1e3<(r=parseInt(t.value,10))?r=1e3:~~r<200&&(r=200),s.height=r):\"link\"===t.message&&(r=new URL(s.getAttribute(\"src\")),n=new URL(t.value),c.test(n.protocol))&&n.host===r.host&&l.activeElement===s&&(d.top.location.href=t.value))}},d.addEventListener(\"message\",d.wp.receiveEmbedMessage,!1),l.addEventListener(\"DOMContentLoaded\",function(){for(var e,t,s=l.querySelectorAll(\"iframe.wp-embedded-content\"),r=0;r<s.length;r++)(t=(e=s[r]).getAttribute(\"data-secret\"))||(t=Math.random().toString(36).substring(2,12),e.src+=\"#?secret=\"+t,e.setAttribute(\"data-secret\",t)),e.contentWindow.postMessage({message:\"ready\",secret:t},\"*\")},!1)))}(window,document);\n\/* ]]> *\/\n<\/script>\n","thumbnail_url":"https:\/\/www.ewigerbund.org\/aktuelles\/wp-content\/uploads\/sites\/37\/2025\/02\/EB-EwigerBund-Fanale-01-2025.jpg","thumbnail_width":1748,"thumbnail_height":994,"description":"Fanale &#8211; 154. Jahre Reichgr\u00fcndung. Der 18. Januar jeden Jahres ist immer ein ganz besonderer Tag f\u00fcr die Deutschen. Am 18. Januar 1871 wurden im Spiegelsaal von Versailles das Deutsche Reich und der K\u00f6nig von Preu\u00dfen als Deutscher Kaiser ausgerufen. Zum ersten Mal in der deutschen Geschichte formten sich die vielen deutschen V\u00f6lker durch das ... Weiterlesen ..."}

Fanale &#8211; 154. Jahre Reichgründung. Der 18. Januar jeden Jahres ist immer ein ganz besonderer Tag für die Deutschen. Am 18. Januar 1871 wurden im Spiegelsaal von Versailles das Deutsche Reich und der König von Preußen als Deutscher Kaiser ausgerufen. Zum ersten Mal in der deutschen Geschichte formten sich die vielen deutschen Völker durch das ... Weiterlesen ...
